From: xen.org <ian.jackson@eu.citrix.com>
To: xen-devel@lists.xensource.com
Cc: ian.jackson@eu.citrix.com
Subject: [xen-unstable test] 21871: tolerable FAIL - PUSHED
Date: Tue, 12 Nov 2013 11:09:13 +0000 [thread overview]
Message-ID: <osstest-21871-mainreport@xen.org> (raw)
flight 21871 xen-unstable real [real]
http://www.chiark.greenend.org.uk/~xensrcts/logs/21871/
Failures :-/ but no regressions.
Tests which did not succeed, but are not blocking:
test-amd64-amd64-xl-pcipt-intel 9 guest-start fail never pass
test-armhf-armhf-xl 5 xen-boot fail never pass
test-amd64-i386-xend-winxpsp3 16 leak-check/check fail never pass
test-amd64-amd64-xl-qemuu-win7-amd64 13 guest-stop fail never pass
test-amd64-amd64-xl-qemuu-winxpsp3 13 guest-stop fail never pass
test-amd64-i386-xl-qemut-winxpsp3-vcpus1 13 guest-stop fail never pass
test-amd64-i386-xl-winxpsp3-vcpus1 13 guest-stop fail never pass
test-amd64-i386-xend-qemut-winxpsp3 16 leak-check/check fail never pass
test-amd64-amd64-xl-qemut-win7-amd64 13 guest-stop fail never pass
test-amd64-amd64-xl-qemut-winxpsp3 13 guest-stop fail never pass
test-amd64-amd64-xl-winxpsp3 13 guest-stop fail never pass
test-amd64-amd64-xl-win7-amd64 13 guest-stop fail never pass
test-amd64-i386-xl-win7-amd64 13 guest-stop fail never pass
test-amd64-i386-xl-qemut-win7-amd64 13 guest-stop fail never pass
version targeted for testing:
xen c17eb342efa91420756eab7913bd8dd11d0dbbc7
baseline version:
xen 178fd279dc138243b514b4ecd48509e4bf5d1ede
------------------------------------------------------------
People who touched revisions under test:
Alexandra Sava <alexandrasava18@gmail.com>
David Scott <dave.scott@eu.citrix.com>
Ian Campbell <ian.campbell@citrix.com>
Ian Jackson <ian.jackson@eu.citrix.com>
Jon Fraser <jfraser@broadcom.com>
Julien Grall <julien.grall@linaro.org>
Kelley Nielsen <kelleynnn@gmail.com>
Matthew Daley <mattjd@gmail.com>
Rob Hoes <rob.hoes@citrix.com>
Stefano Stabellini <stefano.stabellini@eu.citrix.com>
Wei Liu <wei.liu2@citrix.com>
Zheng Li <zheng.li@eu.citrix.com>
------------------------------------------------------------
jobs:
build-amd64 pass
build-armhf pass
build-i386 pass
build-amd64-oldkern pass
build-i386-oldkern pass
build-amd64-pvops pass
build-armhf-pvops pass
build-i386-pvops pass
test-amd64-amd64-xl pass
test-armhf-armhf-xl fail
test-amd64-i386-xl pass
test-amd64-i386-rhel6hvm-amd pass
test-amd64-i386-qemut-rhel6hvm-amd pass
test-amd64-i386-qemuu-rhel6hvm-amd pass
test-amd64-amd64-xl-qemut-win7-amd64 fail
test-amd64-i386-xl-qemut-win7-amd64 fail
test-amd64-amd64-xl-qemuu-win7-amd64 fail
test-amd64-amd64-xl-win7-amd64 fail
test-amd64-i386-xl-win7-amd64 fail
test-amd64-i386-xl-credit2 pass
test-amd64-amd64-xl-pcipt-intel fail
test-amd64-i386-rhel6hvm-intel pass
test-amd64-i386-qemut-rhel6hvm-intel pass
test-amd64-i386-qemuu-rhel6hvm-intel pass
test-amd64-i386-xl-multivcpu pass
test-amd64-amd64-pair pass
test-amd64-i386-pair pass
test-amd64-amd64-xl-sedf-pin pass
test-amd64-amd64-pv pass
test-amd64-i386-pv pass
test-amd64-amd64-xl-sedf pass
test-amd64-i386-xl-qemut-winxpsp3-vcpus1 fail
test-amd64-i386-xl-winxpsp3-vcpus1 fail
test-amd64-i386-xend-qemut-winxpsp3 fail
test-amd64-amd64-xl-qemut-winxpsp3 fail
test-amd64-amd64-xl-qemuu-winxpsp3 fail
test-amd64-i386-xend-winxpsp3 fail
test-amd64-amd64-xl-winxpsp3 fail
------------------------------------------------------------
sg-report-flight on woking.cam.xci-test.com
logs: /home/xc_osstest/logs
images: /home/xc_osstest/images
Logs, config files, etc. are available at
http://www.chiark.greenend.org.uk/~xensrcts/logs
Test harness code can be found at
http://xenbits.xensource.com/gitweb?p=osstest.git;a=summary
Pushing revision :
+ branch=xen-unstable
+ revision=c17eb342efa91420756eab7913bd8dd11d0dbbc7
+ . cri-lock-repos
++ . cri-common
+++ . cri-getconfig
+++ umask 002
+++ getconfig Repos
+++ perl -e '
use Osstest;
readglobalconfig();
print $c{"Repos"} or die $!;
'
++ repos=/export/home/osstest/repos
++ repos_lock=/export/home/osstest/repos/lock
++ '[' x '!=' x/export/home/osstest/repos/lock ']'
++ OSSTEST_REPOS_LOCK_LOCKED=/export/home/osstest/repos/lock
++ exec with-lock-ex -w /export/home/osstest/repos/lock ./ap-push xen-unstable c17eb342efa91420756eab7913bd8dd11d0dbbc7
+ branch=xen-unstable
+ revision=c17eb342efa91420756eab7913bd8dd11d0dbbc7
+ . cri-lock-repos
++ . cri-common
+++ . cri-getconfig
+++ umask 002
+++ getconfig Repos
+++ perl -e '
use Osstest;
readglobalconfig();
print $c{"Repos"} or die $!;
'
++ repos=/export/home/osstest/repos
++ repos_lock=/export/home/osstest/repos/lock
++ '[' x/export/home/osstest/repos/lock '!=' x/export/home/osstest/repos/lock ']'
+ . cri-common
++ . cri-getconfig
++ umask 002
+ select_xenbranch
+ case "$branch" in
+ tree=xen
+ xenbranch=xen-unstable
+ '[' xxen = xlinux ']'
+ linuxbranch=
+ : tested/2.6.39.x
+ . ap-common
++ : osstest@xenbits.xensource.com
++ : git://xenbits.xen.org/xen.git
++ : osstest@xenbits.xensource.com:/home/xen/git/xen.git
++ : git://xenbits.xen.org/staging/qemu-xen-unstable.git
++ : git://git.kernel.org
++ : git://git.kernel.org/pub/scm/linux/kernel/git
++ : git
++ : git://xenbits.xen.org/osstest/linux-firmware.git
++ : osstest@xenbits.xensource.com:/home/osstest/ext/linux-firmware.git
++ : git://git.kernel.org/pub/scm/linux/kernel/git/firmware/linux-firmware.git
++ : osstest@xenbits.xensource.com:/home/xen/git/linux-pvops.git
++ : git://xenbits.xen.org/linux-pvops.git
++ : tested/linux-3.4
++ : tested/linux-arm-xen
++ '[' xgit://xenbits.xen.org/linux-pvops.git = x ']'
++ '[' x = x ']'
++ : git://xenbits.xen.org/linux-pvops.git
++ : tested/linux-arm-xen
++ : git://git.kernel.org/pub/scm/linux/kernel/git/konrad/xen.git
++ : tested/2.6.39.x
++ : daily-cron.xen-unstable
++ : daily-cron.xen-unstable
++ : http://hg.uk.xensource.com/carbon/trunk/linux-2.6.27
++ : git://xenbits.xen.org/staging/qemu-upstream-unstable.git
++ : daily-cron.xen-unstable
+ TREE_LINUX=osstest@xenbits.xensource.com:/home/xen/git/linux-pvops.git
+ TREE_QEMU_UPSTREAM=osstest@xenbits.xensource.com:/home/xen/git/qemu-upstream-unstable.git
+ TREE_XEN=osstest@xenbits.xensource.com:/home/xen/git/xen.git
+ info_linux_tree xen-unstable
+ case $1 in
+ return 1
+ case "$branch" in
+ cd /export/home/osstest/repos/xen
+ git push osstest@xenbits.xensource.com:/home/xen/git/xen.git c17eb342efa91420756eab7913bd8dd11d0dbbc7:master
Counting objects: 320, done.
Compressing objects: 1% (1/59)
Compressing objects: 3% (2/59)
Compressing objects: 5% (3/59)
Compressing objects: 6% (4/59)
Compressing objects: 8% (5/59)
Compressing objects: 10% (6/59)
Compressing objects: 11% (7/59)
Compressing objects: 13% (8/59)
Compressing objects: 15% (9/59)
Compressing objects: 16% (10/59)
Compressing objects: 18% (11/59)
Compressing objects: 20% (12/59)
Compressing objects: 22% (13/59)
Compressing objects: 23% (14/59)
Compressing objects: 25% (15/59)
Compressing objects: 27% (16/59)
Compressing objects: 28% (17/59)
Compressing objects: 30% (18/59)
Compressing objects: 32% (19/59)
Compressing objects: 33% (20/59)
Compressing objects: 35% (21/59)
Compressing objects: 37% (22/59)
Compressing objects: 38% (23/59)
Compressing objects: 40% (24/59)
Compressing objects: 42% (25/59)
Compressing objects: 44% (26/59)
Compressing objects: 45% (27/59)
Compressing objects: 47% (28/59)
Compressing objects: 49% (29/59)
Compressing objects: 50% (30/59)
Compressing objects: 52% (31/59)
Compressing objects: 54% (32/59)
Compressing objects: 55% (33/59)
Compressing objects: 57% (34/59)
Compressing objects: 59% (35/59)
Compressing objects: 61% (36/59)
Compressing objects: 62% (37/59)
Compressing objects: 64% (38/59)
Compressing objects: 66% (39/59)
Compressing objects: 67% (40/59)
Compressing objects: 69% (41/59)
Compressing objects: 71% (42/59)
Compressing objects: 72% (43/59)
Compressing objects: 74% (44/59)
Compressing objects: 76% (45/59)
Compressing objects: 77% (46/59)
Compressing objects: 79% (47/59)
Compressing objects: 81% (48/59)
Compressing objects: 83% (49/59)
Compressing objects: 84% (50/59)
Compressing objects: 86% (51/59)
Compressing objects: 88% (52/59)
Compressing objects: 89% (53/59)
Compressing objects: 91% (54/59)
Compressing objects: 93% (55/59)
Compressing objects: 94% (56/59)
Compressing objects: 96% (57/59)
Compressing objects: 98% (58/59)
Compressing objects: 100% (59/59)
Compressing objects: 100% (59/59), done.
Writing objects: 0% (1/270)
Writing objects: 1% (4/270)
Writing objects: 2% (6/270)
Writing objects: 3% (9/270)
Writing objects: 4% (11/270)
Writing objects: 5% (15/270)
Writing objects: 6% (17/270)
Writing objects: 7% (19/270)
Writing objects: 8% (22/270)
Writing objects: 9% (25/270)
Writing objects: 10% (27/270)
Writing objects: 11% (30/270)
Writing objects: 12% (33/270)
Writing objects: 13% (36/270)
Writing objects: 14% (38/270)
Writing objects: 15% (41/270)
Writing objects: 16% (44/270)
Writing objects: 17% (46/270)
Writing objects: 18% (49/270)
Writing objects: 19% (52/270)
Writing objects: 20% (54/270)
Writing objects: 21% (57/270)
Writing objects: 22% (60/270)
Writing objects: 23% (64/270)
Writing objects: 24% (65/270)
Writing objects: 25% (68/270)
Writing objects: 26% (71/270)
Writing objects: 27% (73/270)
Writing objects: 28% (76/270)
Writing objects: 29% (79/270)
Writing objects: 30% (81/270)
Writing objects: 31% (84/270)
Writing objects: 32% (87/270)
Writing objects: 33% (90/270)
Writing objects: 34% (92/270)
Writing objects: 35% (95/270)
Writing objects: 36% (98/270)
Writing objects: 37% (100/270)
Writing objects: 38% (103/270)
Writing objects: 39% (106/270)
Writing objects: 40% (108/270)
Writing objects: 41% (111/270)
Writing objects: 42% (114/270)
Writing objects: 43% (117/270)
Writing objects: 44% (119/270)
Writing objects: 45% (122/270)
Writing objects: 46% (125/270)
Writing objects: 47% (127/270)
Writing objects: 48% (130/270)
Writing objects: 49% (133/270)
Writing objects: 50% (135/270)
Writing objects: 51% (138/270)
Writing objects: 52% (141/270)
Writing objects: 53% (144/270)
Writing objects: 54% (146/270)
Writing objects: 55% (149/270)
Writing objects: 56% (152/270)
Writing objects: 57% (154/270)
Writing objects: 58% (157/270)
Writing objects: 59% (160/270)
Writing objects: 60% (162/270)
Writing objects: 61% (165/270)
Writing objects: 62% (168/270)
Writing objects: 63% (171/270)
Writing objects: 64% (173/270)
Writing objects: 65% (176/270)
Writing objects: 66% (179/270)
Writing objects: 67% (181/270)
Writing objects: 68% (184/270)
Writing objects: 69% (187/270)
Writing objects: 70% (189/270)
Writing objects: 71% (192/270)
Writing objects: 72% (195/270)
Writing objects: 73% (198/270)
Writing objects: 74% (200/270)
Writing objects: 75% (203/270)
Writing objects: 76% (206/270)
Writing objects: 77% (208/270)
Writing objects: 78% (211/270)
Writing objects: 79% (214/270)
Writing objects: 80% (216/270)
Writing objects: 81% (219/270)
Writing objects: 82% (222/270)
Writing objects: 83% (225/270)
Writing objects: 84% (227/270)
Writing objects: 85% (230/270)
Writing objects: 86% (233/270)
Writing objects: 87% (235/270)
Writing objects: 88% (238/270)
Writing objects: 89% (241/270)
Writing objects: 90% (243/270)
Writing objects: 91% (246/270)
Writing objects: 92% (249/270)
Writing objects: 93% (252/270)
Writing objects: 94% (254/270)
Writing objects: 95% (257/270)
Writing objects: 96% (260/270)
Writing objects: 97% (262/270)
Writing objects: 98% (265/270)
Writing objects: 99% (268/270)
Writing objects: 100% (270/270)
Writing objects: 100% (270/270), 53.35 KiB, done.
Total 270 (delta 219), reused 262 (delta 211)
To osstest@xenbits.xensource.com:/home/xen/git/xen.git
178fd27..c17eb34 c17eb342efa91420756eab7913bd8dd11d0dbbc7 -> master
reply other threads:[~2013-11-12 11:09 UTC|newest]
Thread overview: [no followups] expand[flat|nested] mbox.gz Atom feed
Reply instructions:
You may reply publicly to this message via plain-text email
using any one of the following methods:
* Save the following mbox file, import it into your mail client,
and reply-to-all from there: mbox
Avoid top-posting and favor interleaved quoting:
https://en.wikipedia.org/wiki/Posting_style#Interleaved_style
* Reply using the --to, --cc, and --in-reply-to
switches of git-send-email(1):
git send-email \
--in-reply-to=osstest-21871-mainreport@xen.org \
--to=ian.jackson@eu.citrix.com \
--cc=xen-devel@lists.xensource.com \
/path/to/YOUR_REPLY
https://kernel.org/pub/software/scm/git/docs/git-send-email.html
* If your mail client supports setting the In-Reply-To header
via mailto: links, try the mailto: link
Be sure your reply has a Subject: header at the top and a blank line
before the message body.
This is a public inbox, see mirroring instructions
for how to clone and mirror all data and code used for this inbox;
as well as URLs for NNTP newsgroup(s).