From mboxrd@z Thu Jan 1 00:00:00 1970 From: xen.org Subject: [xen-unstable test] 21882: regressions - FAIL Date: Tue, 12 Nov 2013 20:29:21 +0000 Message-ID: Mime-Version: 1.0 Content-Type: text/plain; charset="us-ascii" Content-Transfer-Encoding: 7bit Return-path: List-Unsubscribe: , List-Post: List-Help: List-Subscribe: , Sender: xen-devel-bounces@lists.xen.org Errors-To: xen-devel-bounces@lists.xen.org To: xen-devel@lists.xensource.com Cc: ian.jackson@eu.citrix.com List-Id: xen-devel@lists.xenproject.org flight 21882 xen-unstable real [real] http://www.chiark.greenend.org.uk/~xensrcts/logs/21882/ Regressions :-( Tests which did not succeed and are blocking, including tests which could not be run: test-amd64-i386-xl-credit2 5 xen-boot fail REGR. vs. 21871 test-amd64-i386-xl 5 xen-boot fail REGR. vs. 21871 test-amd64-i386-qemut-rhel6hvm-amd 5 xen-boot fail REGR. vs. 21871 test-amd64-amd64-pv 5 xen-boot fail REGR. vs. 21871 test-amd64-i386-rhel6hvm-intel 5 xen-boot fail REGR. vs. 21871 test-amd64-i386-xl-multivcpu 5 xen-boot fail REGR. vs. 21871 test-amd64-i386-qemuu-rhel6hvm-amd 5 xen-boot fail REGR. vs. 21871 test-amd64-i386-qemut-rhel6hvm-intel 5 xen-boot fail REGR. vs. 21871 test-amd64-amd64-xl 5 xen-boot fail REGR. vs. 21871 test-amd64-i386-rhel6hvm-amd 5 xen-boot fail REGR. vs. 21871 test-amd64-i386-pair 8 xen-boot/dst_host fail REGR. vs. 21871 test-amd64-i386-pair 7 xen-boot/src_host fail REGR. vs. 21871 test-amd64-i386-xend-winxpsp3 5 xen-boot fail REGR. vs. 21871 test-amd64-amd64-pair 8 xen-boot/dst_host fail REGR. vs. 21871 test-amd64-amd64-pair 7 xen-boot/src_host fail REGR. vs. 21871 test-amd64-amd64-xl-qemuu-win7-amd64 5 xen-boot fail REGR. vs. 21871 test-amd64-amd64-xl-qemuu-winxpsp3 5 xen-boot fail REGR. vs. 21871 test-amd64-i386-pv 5 xen-boot fail REGR. vs. 21871 test-amd64-i386-qemuu-rhel6hvm-intel 5 xen-boot fail REGR. vs. 21871 test-amd64-i386-xl-qemut-winxpsp3-vcpus1 5 xen-boot fail REGR. vs. 21871 test-amd64-i386-xl-winxpsp3-vcpus1 5 xen-boot fail REGR. vs. 21871 test-amd64-i386-xend-qemut-winxpsp3 5 xen-boot fail REGR. vs. 21871 test-amd64-amd64-xl-qemut-win7-amd64 5 xen-boot fail REGR. vs. 21871 test-amd64-amd64-xl-qemut-winxpsp3 5 xen-boot fail REGR. vs. 21871 test-amd64-amd64-xl-winxpsp3 5 xen-boot fail REGR. vs. 21871 test-amd64-amd64-xl-win7-amd64 5 xen-boot fail REGR. vs. 21871 test-amd64-i386-xl-win7-amd64 5 xen-boot fail REGR. vs. 21871 test-amd64-i386-xl-qemut-win7-amd64 5 xen-boot fail REGR. vs. 21871 Regressions which are regarded as allowable (not blocking): test-amd64-amd64-xl-pcipt-intel 5 xen-boot fail REGR. vs. 21871 test-amd64-amd64-xl-sedf-pin 5 xen-boot fail REGR. vs. 21871 test-amd64-amd64-xl-sedf 5 xen-boot fail REGR. vs. 21871 Tests which did not succeed, but are not blocking: test-armhf-armhf-xl 5 xen-boot fail never pass version targeted for testing: xen 58929248461ecadce13e92eb5a5d9ef718a7c88e baseline version: xen c17eb342efa91420756eab7913bd8dd11d0dbbc7 ------------------------------------------------------------ People who touched revisions under test: Andrew Cooper Daniel Kiper Dario Faggioli David Vrabel Don Slutz Ian Campbell Jan Beulich Keir Fraser Suravee Suthikulpanit ------------------------------------------------------------ jobs: build-amd64 pass build-armhf pass build-i386 pass build-amd64-oldkern pass build-i386-oldkern pass build-amd64-pvops pass build-armhf-pvops pass build-i386-pvops pass test-amd64-amd64-xl fail test-armhf-armhf-xl fail test-amd64-i386-xl fail test-amd64-i386-rhel6hvm-amd fail test-amd64-i386-qemut-rhel6hvm-amd fail test-amd64-i386-qemuu-rhel6hvm-amd fail test-amd64-amd64-xl-qemut-win7-amd64 fail test-amd64-i386-xl-qemut-win7-amd64 fail test-amd64-amd64-xl-qemuu-win7-amd64 fail test-amd64-amd64-xl-win7-amd64 fail test-amd64-i386-xl-win7-amd64 fail test-amd64-i386-xl-credit2 fail test-amd64-amd64-xl-pcipt-intel fail test-amd64-i386-rhel6hvm-intel fail test-amd64-i386-qemut-rhel6hvm-intel fail test-amd64-i386-qemuu-rhel6hvm-intel fail test-amd64-i386-xl-multivcpu fail test-amd64-amd64-pair fail test-amd64-i386-pair fail test-amd64-amd64-xl-sedf-pin fail test-amd64-amd64-pv fail test-amd64-i386-pv fail test-amd64-amd64-xl-sedf fail test-amd64-i386-xl-qemut-winxpsp3-vcpus1 fail test-amd64-i386-xl-winxpsp3-vcpus1 fail test-amd64-i386-xend-qemut-winxpsp3 fail test-amd64-amd64-xl-qemut-winxpsp3 fail test-amd64-amd64-xl-qemuu-winxpsp3 fail test-amd64-i386-xend-winxpsp3 fail test-amd64-amd64-xl-winxpsp3 fail ------------------------------------------------------------ sg-report-flight on woking.cam.xci-test.com logs: /home/xc_osstest/logs images: /home/xc_osstest/images Logs, config files, etc. are available at http://www.chiark.greenend.org.uk/~xensrcts/logs Test harness code can be found at http://xenbits.xensource.com/gitweb?p=osstest.git;a=summary Not pushing. (No revision log; it would be 325 lines long.)