From mboxrd@z Thu Jan 1 00:00:00 1970 From: xen.org Subject: [linux-3.4 test] 21908: regressions - FAIL Date: Thu, 14 Nov 2013 00:29:17 +0000 Message-ID: Mime-Version: 1.0 Content-Type: multipart/mixed; boundary="===============0311581426057389403==" Return-path: List-Unsubscribe: , List-Post: List-Help: List-Subscribe: , Sender: xen-devel-bounces@lists.xen.org Errors-To: xen-devel-bounces@lists.xen.org To: xen-devel@lists.xensource.com Cc: ian.jackson@eu.citrix.com List-Id: xen-devel@lists.xenproject.org --===============0311581426057389403== Content-Type: text/plain flight 21908 linux-3.4 real [real] http://www.chiark.greenend.org.uk/~xensrcts/logs/21908/ Regressions :-( Tests which did not succeed and are blocking, including tests which could not be run: test-amd64-amd64-xl-winxpsp3 7 windows-install fail REGR. vs. 21416 Tests which did not succeed, but are not blocking: test-amd64-amd64-xl-pcipt-intel 9 guest-start fail never pass test-amd64-i386-xl-qemut-winxpsp3-vcpus1 13 guest-stop fail never pass test-amd64-i386-xl-win7-amd64 13 guest-stop fail never pass test-amd64-amd64-xl-win7-amd64 13 guest-stop fail never pass test-amd64-amd64-xl-qemut-win7-amd64 13 guest-stop fail never pass test-amd64-amd64-xl-qemuu-win7-amd64 13 guest-stop fail never pass test-amd64-i386-xl-qemut-win7-amd64 13 guest-stop fail never pass test-amd64-i386-xl-winxpsp3-vcpus1 13 guest-stop fail never pass test-amd64-i386-xend-qemut-winxpsp3 16 leak-check/check fail never pass test-amd64-i386-xend-winxpsp3 16 leak-check/check fail never pass test-amd64-amd64-xl-qemuu-winxpsp3 13 guest-stop fail never pass test-amd64-amd64-xl-qemut-winxpsp3 13 guest-stop fail never pass version targeted for testing: linux 14aa272fcd1cdbe7173073250c767bc7a37278ce baseline version: linux 575e5ec35de8f39fa6cc14f80b87ead3b7487780 ------------------------------------------------------------ People who touched revisions under test: Alex Deucher Alexey E. Kramarenko Andrew Morton Baruch Siach Catalin Marinas Chris Wilson Chris Zankel Dan Carpenter Dave Airlie Dave Kleikamp Emmanuel Grumbach fangxiaozhi Felix Fietkau Greg Kroah-Hartman Gwendal Grignou Helge Deller Johannes Berg John David Anglin John W. Linville Khalid Aziz Larry Finger Linus Torvalds Lukasz Dorau Marc Kleine-Budde Mark Brown Mark Cave-Ayland Max Filippov Michael L. Semon Ming Lei NeilBrown Oliver Neukum Pawel Baldysiak Russell King Simon Baatz Takashi Iwai Tejun Heo Thomas Gleixner Uwe Kleine-König ------------------------------------------------------------ jobs: build-amd64 pass build-i386 pass build-amd64-pvops pass build-i386-pvops pass test-amd64-amd64-xl pass test-amd64-i386-xl pass test-amd64-i386-rhel6hvm-amd pass test-amd64-i386-qemut-rhel6hvm-amd pass test-amd64-i386-qemuu-rhel6hvm-amd pass test-amd64-amd64-xl-qemut-win7-amd64 fail test-amd64-i386-xl-qemut-win7-amd64 fail test-amd64-amd64-xl-qemuu-win7-amd64 fail test-amd64-amd64-xl-win7-amd64 fail test-amd64-i386-xl-win7-amd64 fail test-amd64-i386-xl-credit2 pass test-amd64-amd64-xl-pcipt-intel fail test-amd64-i386-rhel6hvm-intel pass test-amd64-i386-qemut-rhel6hvm-intel pass test-amd64-i386-qemuu-rhel6hvm-intel pass test-amd64-i386-xl-multivcpu pass test-amd64-amd64-pair pass test-amd64-i386-pair pass test-amd64-amd64-xl-sedf-pin pass test-amd64-amd64-pv pass test-amd64-i386-pv pass test-amd64-amd64-xl-sedf pass test-amd64-i386-xl-qemut-winxpsp3-vcpus1 fail test-amd64-i386-xl-winxpsp3-vcpus1 fail test-amd64-i386-xend-qemut-winxpsp3 fail test-amd64-amd64-xl-qemut-winxpsp3 fail test-amd64-amd64-xl-qemuu-winxpsp3 fail test-amd64-i386-xend-winxpsp3 fail test-amd64-amd64-xl-winxpsp3 fail ------------------------------------------------------------ sg-report-flight on woking.cam.xci-test.com logs: /home/xc_osstest/logs images: /home/xc_osstest/images Logs, config files, etc. are available at http://www.chiark.greenend.org.uk/~xensrcts/logs Test harness code can be found at http://xenbits.xensource.com/gitweb?p=osstest.git;a=summary Not pushing. (No revision log; it would be 670 lines long.) --===============0311581426057389403== Content-Type: text/plain; charset="us-ascii" MIME-Version: 1.0 Content-Transfer-Encoding: 7bit Content-Disposition: inline _______________________________________________ Xen-devel mailing list Xen-devel@lists.xen.org http://lists.xen.org/xen-devel --===============0311581426057389403==--