* [linux-3.4 test] 21915: tolerable FAIL - PUSHED
@ 2013-11-14 13:37 xen.org
0 siblings, 0 replies; only message in thread
From: xen.org @ 2013-11-14 13:37 UTC (permalink / raw)
To: xen-devel; +Cc: ian.jackson
[-- Attachment #1: Type: text/plain, Size: 13744 bytes --]
flight 21915 linux-3.4 real [real]
http://www.chiark.greenend.org.uk/~xensrcts/logs/21915/
Failures :-/ but no regressions.
Regressions which are regarded as allowable (not blocking):
test-amd64-amd64-xl-qemut-winxpsp3 7 windows-install fail like 21416
Tests which did not succeed, but are not blocking:
test-amd64-amd64-xl-pcipt-intel 9 guest-start fail never pass
test-amd64-i386-xl-qemut-winxpsp3-vcpus1 13 guest-stop fail never pass
test-amd64-i386-xl-win7-amd64 13 guest-stop fail never pass
test-amd64-amd64-xl-win7-amd64 13 guest-stop fail never pass
test-amd64-amd64-xl-qemut-win7-amd64 13 guest-stop fail never pass
test-amd64-amd64-xl-qemuu-win7-amd64 13 guest-stop fail never pass
test-amd64-i386-xl-qemut-win7-amd64 13 guest-stop fail never pass
test-amd64-i386-xl-winxpsp3-vcpus1 13 guest-stop fail never pass
test-amd64-i386-xend-qemut-winxpsp3 16 leak-check/check fail never pass
test-amd64-i386-xend-winxpsp3 16 leak-check/check fail never pass
test-amd64-amd64-xl-winxpsp3 13 guest-stop fail never pass
test-amd64-amd64-xl-qemuu-winxpsp3 13 guest-stop fail never pass
version targeted for testing:
linux 14aa272fcd1cdbe7173073250c767bc7a37278ce
baseline version:
linux 575e5ec35de8f39fa6cc14f80b87ead3b7487780
------------------------------------------------------------
People who touched revisions under test:
Alex Deucher <alexander.deucher@amd.com>
Alexey E. Kramarenko <alexeyk13@yandex.ru>
Andrew Morton <akpm@linux-foundation.org>
Baruch Siach <baruch@tkos.co.il>
Catalin Marinas <catalin.marinas@arm.com>
Chris Wilson <chris@chris-wilson.co.uk>
Chris Zankel <chris@zankel.net>
Dan Carpenter <dan.carpenter@oracle.com>
Dave Airlie <airlied@redhat.com>
Dave Kleikamp <dave.kleikamp@oracle.com>
Emmanuel Grumbach <emmanuel.grumbach@intel.com>
fangxiaozhi <huananhu@huawei.com>
Felix Fietkau <nbd@openwrt.org>
Greg Kroah-Hartman <gregkh@linuxfoundation.org>
Gwendal Grignou <gwendal@google.com>
Helge Deller <deller@gmx.de>
Johannes Berg <johannes.berg@intel.com>
John David Anglin <dave.anglin@bell.net>
John W. Linville <linville@tuxdriver.com>
Khalid Aziz <khalid.aziz@oracle.com>
Larry Finger <Larry.Finger@lwfinger.net>
Linus Torvalds <torvalds@linux-foundation.org>
Lukasz Dorau <lukasz.dorau@intel.com>
Marc Kleine-Budde <mkl@pengutronix.de>
Mark Brown <broonie@linaro.org>
Mark Cave-Ayland <mark.cave-ayland@ilande.co.uk>
Max Filippov <jcmvbkbc@gmail.com>
Michael L. Semon <mlsemon35@gmail.com>
Ming Lei <ming.lei@canonical.com>
NeilBrown <neilb@suse.de>
Oliver Neukum <oneukum@suse.de>
Pawel Baldysiak <pawel.baldysiak@intel.com>
Russell King <rmk+kernel@arm.linux.org.uk>
Simon Baatz <gmbnomis@gmail.com>
Takashi Iwai <tiwai@suse.de>
Tejun Heo <tj@kernel.org>
Thomas Gleixner <tglx@linutronix.de>
Uwe Kleine-König <u.kleine-koenig@pengutronix.de>
------------------------------------------------------------
jobs:
build-amd64 pass
build-i386 pass
build-amd64-pvops pass
build-i386-pvops pass
test-amd64-amd64-xl pass
test-amd64-i386-xl pass
test-amd64-i386-rhel6hvm-amd pass
test-amd64-i386-qemut-rhel6hvm-amd pass
test-amd64-i386-qemuu-rhel6hvm-amd pass
test-amd64-amd64-xl-qemut-win7-amd64 fail
test-amd64-i386-xl-qemut-win7-amd64 fail
test-amd64-amd64-xl-qemuu-win7-amd64 fail
test-amd64-amd64-xl-win7-amd64 fail
test-amd64-i386-xl-win7-amd64 fail
test-amd64-i386-xl-credit2 pass
test-amd64-amd64-xl-pcipt-intel fail
test-amd64-i386-rhel6hvm-intel pass
test-amd64-i386-qemut-rhel6hvm-intel pass
test-amd64-i386-qemuu-rhel6hvm-intel pass
test-amd64-i386-xl-multivcpu pass
test-amd64-amd64-pair pass
test-amd64-i386-pair pass
test-amd64-amd64-xl-sedf-pin pass
test-amd64-amd64-pv pass
test-amd64-i386-pv pass
test-amd64-amd64-xl-sedf pass
test-amd64-i386-xl-qemut-winxpsp3-vcpus1 fail
test-amd64-i386-xl-winxpsp3-vcpus1 fail
test-amd64-i386-xend-qemut-winxpsp3 fail
test-amd64-amd64-xl-qemut-winxpsp3 fail
test-amd64-amd64-xl-qemuu-winxpsp3 fail
test-amd64-i386-xend-winxpsp3 fail
test-amd64-amd64-xl-winxpsp3 fail
------------------------------------------------------------
sg-report-flight on woking.cam.xci-test.com
logs: /home/xc_osstest/logs
images: /home/xc_osstest/images
Logs, config files, etc. are available at
http://www.chiark.greenend.org.uk/~xensrcts/logs
Test harness code can be found at
http://xenbits.xensource.com/gitweb?p=osstest.git;a=summary
Pushing revision :
+ branch=linux-3.4
+ revision=14aa272fcd1cdbe7173073250c767bc7a37278ce
+ . cri-lock-repos
++ . cri-common
+++ . cri-getconfig
+++ umask 002
+++ getconfig Repos
+++ perl -e '
use Osstest;
readglobalconfig();
print $c{"Repos"} or die $!;
'
++ repos=/export/home/osstest/repos
++ repos_lock=/export/home/osstest/repos/lock
++ '[' x '!=' x/export/home/osstest/repos/lock ']'
++ OSSTEST_REPOS_LOCK_LOCKED=/export/home/osstest/repos/lock
++ exec with-lock-ex -w /export/home/osstest/repos/lock ./ap-push linux-3.4 14aa272fcd1cdbe7173073250c767bc7a37278ce
+ branch=linux-3.4
+ revision=14aa272fcd1cdbe7173073250c767bc7a37278ce
+ . cri-lock-repos
++ . cri-common
+++ . cri-getconfig
+++ umask 002
+++ getconfig Repos
+++ perl -e '
use Osstest;
readglobalconfig();
print $c{"Repos"} or die $!;
'
++ repos=/export/home/osstest/repos
++ repos_lock=/export/home/osstest/repos/lock
++ '[' x/export/home/osstest/repos/lock '!=' x/export/home/osstest/repos/lock ']'
+ . cri-common
++ . cri-getconfig
++ umask 002
+ select_xenbranch
+ case "$branch" in
+ tree=linux
+ xenbranch=xen-unstable
+ '[' xlinux = xlinux ']'
+ linuxbranch=linux-3.4
+ : tested/2.6.39.x
+ . ap-common
++ : osstest@xenbits.xensource.com
++ : git://xenbits.xen.org/xen.git
++ : osstest@xenbits.xensource.com:/home/xen/git/xen.git
++ : git://xenbits.xen.org/staging/qemu-xen-unstable.git
++ : git://git.kernel.org
++ : git://git.kernel.org/pub/scm/linux/kernel/git
++ : git
++ : git://xenbits.xen.org/osstest/linux-firmware.git
++ : osstest@xenbits.xensource.com:/home/osstest/ext/linux-firmware.git
++ : git://git.kernel.org/pub/scm/linux/kernel/git/firmware/linux-firmware.git
++ : osstest@xenbits.xensource.com:/home/xen/git/linux-pvops.git
++ : git://xenbits.xen.org/linux-pvops.git
++ : tested/linux-3.4
++ : tested/linux-arm-xen
++ '[' xgit://git.kernel.org/pub/scm/linux/kernel/git/stable/linux-stable.git = x ']'
++ '[' xgit://xenbits.xen.org/linux-pvops.git = x ']'
++ : git://git.kernel.org/pub/scm/linux/kernel/git/konrad/xen.git
++ : tested/2.6.39.x
++ : daily-cron.linux-3.4
++ : daily-cron.linux-3.4
++ : http://hg.uk.xensource.com/carbon/trunk/linux-2.6.27
++ : git://xenbits.xen.org/staging/qemu-upstream-unstable.git
++ : daily-cron.linux-3.4
+ TREE_LINUX=osstest@xenbits.xensource.com:/home/xen/git/linux-pvops.git
+ TREE_QEMU_UPSTREAM=osstest@xenbits.xensource.com:/home/xen/git/qemu-upstream-unstable.git
+ TREE_XEN=osstest@xenbits.xensource.com:/home/xen/git/xen.git
+ info_linux_tree linux-3.4
+ case $1 in
+ : git://git.kernel.org/pub/scm/linux/kernel/git/stable/linux-stable.git
+ : linux-3.4.y
+ : linux-3.4.y
+ : git
+ : git
+ : git://xenbits.xen.org/linux-pvops.git
+ : osstest@xenbits.xensource.com:/home/xen/git/linux-pvops.git
+ : tested/linux-3.4
+ : tested/linux-3.4
+ return 0
+ cd /export/home/osstest/repos/linux
+ git push osstest@xenbits.xensource.com:/home/xen/git/linux-pvops.git 14aa272fcd1cdbe7173073250c767bc7a37278ce:tested/linux-3.4
Counting objects: 1
Counting objects: 139
Counting objects: 223, done.
Compressing objects: 3% (1/27)
Compressing objects: 7% (2/27)
Compressing objects: 11% (3/27)
Compressing objects: 14% (4/27)
Compressing objects: 18% (5/27)
Compressing objects: 22% (6/27)
Compressing objects: 25% (7/27)
Compressing objects: 29% (8/27)
Compressing objects: 33% (9/27)
Compressing objects: 37% (10/27)
Compressing objects: 40% (11/27)
Compressing objects: 44% (12/27)
Compressing objects: 48% (13/27)
Compressing objects: 51% (14/27)
Compressing objects: 55% (15/27)
Compressing objects: 59% (16/27)
Compressing objects: 62% (17/27)
Compressing objects: 66% (18/27)
Compressing objects: 70% (19/27)
Compressing objects: 74% (20/27)
Compressing objects: 77% (21/27)
Compressing objects: 81% (22/27)
Compressing objects: 85% (23/27)
Compressing objects: 88% (24/27)
Compressing objects: 92% (25/27)
Compressing objects: 96% (26/27)
Compressing objects: 100% (27/27)
Compressing objects: 100% (27/27), done.
Writing objects: 0% (1/153)
Writing objects: 1% (2/153)
Writing objects: 2% (4/153)
Writing objects: 3% (5/153)
Writing objects: 4% (7/153)
Writing objects: 5% (8/153)
Writing objects: 6% (10/153)
Writing objects: 7% (11/153)
Writing objects: 8% (13/153)
Writing objects: 9% (14/153)
Writing objects: 10% (16/153)
Writing objects: 11% (17/153)
Writing objects: 12% (19/153)
Writing objects: 13% (20/153)
Writing objects: 14% (22/153)
Writing objects: 15% (23/153)
Writing objects: 16% (25/153)
Writing objects: 17% (27/153)
Writing objects: 18% (28/153)
Writing objects: 19% (30/153)
Writing objects: 20% (31/153)
Writing objects: 21% (33/153)
Writing objects: 22% (34/153)
Writing objects: 23% (36/153)
Writing objects: 24% (37/153)
Writing objects: 25% (39/153)
Writing objects: 26% (40/153)
Writing objects: 27% (42/153)
Writing objects: 28% (43/153)
Writing objects: 29% (45/153)
Writing objects: 30% (46/153)
Writing objects: 31% (48/153)
Writing objects: 32% (49/153)
Writing objects: 33% (51/153)
Writing objects: 34% (53/153)
Writing objects: 35% (54/153)
Writing objects: 36% (56/153)
Writing objects: 37% (57/153)
Writing objects: 38% (59/153)
Writing objects: 39% (60/153)
Writing objects: 40% (62/153)
Writing objects: 41% (63/153)
Writing objects: 42% (65/153)
Writing objects: 43% (66/153)
Writing objects: 44% (68/153)
Writing objects: 45% (69/153)
Writing objects: 46% (71/153)
Writing objects: 47% (72/153)
Writing objects: 48% (74/153)
Writing objects: 49% (75/153)
Writing objects: 50% (77/153)
Writing objects: 51% (79/153)
Writing objects: 52% (80/153)
Writing objects: 53% (82/153)
Writing objects: 54% (83/153)
Writing objects: 55% (85/153)
Writing objects: 56% (86/153)
Writing objects: 57% (88/153)
Writing objects: 58% (89/153)
Writing objects: 59% (91/153)
Writing objects: 60% (92/153)
Writing objects: 61% (94/153)
Writing objects: 62% (95/153)
Writing objects: 63% (97/153)
Writing objects: 64% (98/153)
Writing objects: 65% (100/153)
Writing objects: 66% (101/153)
Writing objects: 67% (103/153)
Writing objects: 68% (105/153)
Writing objects: 69% (106/153)
Writing objects: 70% (108/153)
Writing objects: 71% (109/153)
Writing objects: 72% (111/153)
Writing objects: 73% (112/153)
Writing objects: 74% (114/153)
Writing objects: 75% (115/153)
Writing objects: 76% (117/153)
Writing objects: 77% (118/153)
Writing objects: 78% (120/153)
Writing objects: 79% (121/153)
Writing objects: 80% (123/153)
Writing objects: 81% (124/153)
Writing objects: 82% (126/153)
Writing objects: 83% (127/153)
Writing objects: 84% (129/153)
Writing objects: 85% (131/153)
Writing objects: 86% (132/153)
Writing objects: 87% (134/153)
Writing objects: 88% (135/153)
Writing objects: 89% (137/153)
Writing objects: 90% (138/153)
Writing objects: 91% (140/153)
Writing objects: 92% (141/153)
Writing objects: 93% (143/153)
Writing objects: 94% (144/153)
Writing objects: 95% (146/153)
Writing objects: 96% (147/153)
Writing objects: 97% (149/153)
Writing objects: 98% (150/153)
Writing objects: 99% (152/153)
Writing objects: 100% (153/153)
Writing objects: 100% (153/153), 26.99 KiB, done.
Total 153 (delta 126), reused 153 (delta 126)
To osstest@xenbits.xensource.com:/home/xen/git/linux-pvops.git
575e5ec..14aa272 14aa272fcd1cdbe7173073250c767bc7a37278ce -> tested/linux-3.4
+ exit 0
[-- Attachment #2: Type: text/plain, Size: 126 bytes --]
_______________________________________________
Xen-devel mailing list
Xen-devel@lists.xen.org
http://lists.xen.org/xen-devel
^ permalink raw reply [flat|nested] only message in thread
only message in thread, other threads:[~2013-11-14 13:37 UTC | newest]
Thread overview: (only message) (download: mbox.gz follow: Atom feed
-- links below jump to the message on this page --
2013-11-14 13:37 [linux-3.4 test] 21915: tolerable FAIL - PUSHED xen.org
This is a public inbox, see mirroring instructions
for how to clone and mirror all data and code used for this inbox;
as well as URLs for NNTP newsgroup(s).