From mboxrd@z Thu Jan 1 00:00:00 1970 From: xen.org Subject: [qemu-upstream-unstable test] 21944: regressions - FAIL Date: Fri, 15 Nov 2013 12:39:51 +0000 Message-ID: Mime-Version: 1.0 Content-Type: multipart/mixed; boundary="===============3883451339401103745==" Return-path: List-Unsubscribe: , List-Post: List-Help: List-Subscribe: , Sender: xen-devel-bounces@lists.xen.org Errors-To: xen-devel-bounces@lists.xen.org To: xen-devel@lists.xensource.com Cc: ian.jackson@eu.citrix.com List-Id: xen-devel@lists.xenproject.org --===============3883451339401103745== Content-Type: text/plain flight 21944 qemu-upstream-unstable real [real] http://www.chiark.greenend.org.uk/~xensrcts/logs/21944/ Regressions :-( Tests which did not succeed and are blocking, including tests which could not be run: test-amd64-i386-qemuu-rhel6hvm-intel 7 redhat-install fail REGR. vs. 20054 Tests which are failing intermittently (not blocking): test-amd64-i386-xl-qemuu-winxpsp3-vcpus1 8 guest-saverestore fail pass in 21939 test-amd64-i386-xl-qemuu-win7-amd64 7 windows-install fail in 21939 pass in 21944 test-amd64-i386-xl-qemuu-winxpsp3-vcpus1 9 guest-localmigrate fail in 21939 pass in 21935 test-amd64-i386-xl-qemuu-win7-amd64 11 guest-localmigrate.2 fail in 21935 pass in 21944 test-amd64-i386-xl-qemuu-winxpsp3-vcpus1 12 guest-localmigrate/x10 fail in 21935 pass in 21910 Tests which did not succeed, but are not blocking: test-amd64-amd64-xl-qemuu-win7-amd64 13 guest-stop fail never pass test-amd64-i386-xend-qemuu-winxpsp3 16 leak-check/check fail never pass test-amd64-amd64-xl-qemuu-winxpsp3 13 guest-stop fail never pass test-amd64-i386-xl-qemuu-win7-amd64 13 guest-stop fail never pass test-amd64-i386-xl-qemuu-winxpsp3-vcpus1 13 guest-stop fail in 21910 never pass version targeted for testing: qemuu b97307ecaad98360f41ea36cd9674ef810c4f8cf baseline version: qemuu 8a4bd762aa01b21c43aa24c5b743f4bd7c9db3e3 ------------------------------------------------------------ People who touched revisions under test: "M. Mohan Kumar" Adam Lackorzynski Alasdair McLeay Alberto Garcia Alex Bligh Alex Horn Alex Rozenman Alex Williamson Alexander Graf Alexey Kardashevskiy Alexey Korolev Alexey Zaytsev Alin Tomescu Alon Levy Amadeusz Sławiński Amit Shah Amos Kong Andre Przywara Andre Przywara Andrea Arcangeli Andreas F=E4rber Andreas Färber Andreas Färber Andreas Färber Andreas Färberr Andreas Niederl Andreas Schwab Andreas Schwab Andrew Jones Aneesh Kumar K.V Anthony Green Anthony Liguori Anthony PERARD Antoine Mathys Anton Blanchard Anton Blanchard Artyom Tarasenko Asias He Aurelien Jarno Avi Kivity Avi Kivity Avik Sil Bas van Sisseren Ben Herrenschmidt Benjamin Herrenschmidt Benoit Canet Bharat Bhushan Bharata B Rao Blue Swirl Borislav Petkov Brad Smith Bruce Rogers Charles Arnold Chegu Vinod Chen Wei-Ren Christian Borntraeger Christoffer Dall Christoffer Dall Christophe Lyon Claudio Fontana Cole Robinson Corey Bryant Cornelia Huck Daniel P. Berrange Daniel Sangorrin David Gibson David Gibson `z David Holsgrove David Woodhouse Dietmar Maurer Dillon Amburgey Dmitry Fleytman Dmitry Fleytman Dominik Dingel Don Koch Dong Xu Wang Dongxue Zhang Doug Goldstein Dunrong Huang Dunrong Huang Ed Maste Edgar E. Iglesias Edgar E. Iglesias Eduardo Habkost Eduardo Otubo Eiichi Tsukata Ekaterina Tumanova Eric Blake Eric Johnson Erlon Cruz Evgeny Budilovsky Evgeny Voevodin Evgeny Voevodin Fabien Chouteau Fam Zheng Federico Simoncelli Felipe Franciosi Gabriel de Perthuis Gabriel Kerneis Gal Hammer Gerd Hoffmann Gertjan Halkes Gleb Natapov Grant Likely Grant Likely Guan Xuetao H. Peter Anvin Hans de Goede Heinz Graalfs Henry Harrington Hervé Poussineau Hervé Poussineau Hu Tao Ian Jackson Ian Main Ian Molton Igor Mammedov Igor Mammedov (for i386) Igor Mitsyanko Igor Mitsyanko Isaku Yamahata Isaku Yamahata Izumi Tsutsui Jacob Kroon James Hogan Jan Kiszka Jani Kokkoken Jani Kokkonen Jason Baron Jason J. Herne Jason Wang Jason Wang Jean-Christophe DUBOIS Jeff Cody Jens Freimann Jesse Larrew Jia Liu Jia Liu (for openrisc) Jim Meyering John Rigby John Spencer Jordan Justen Josh Durgin Juan Quintela Julien Grall Julio Guerra Ján Tomko Jürg Billeter Kazuya Saito Keith Busch Kevin Wolf Kevin Wolf Kim Phillips Kirill Batuzov Knut Omang KONRAD Frederic Kuo-Jung Su Kuo-Jung Su Kusanagi Kouichi Kwok Cheung Yeung Laszlo Ersek Laurent Desnogues Laurent Vivier Lei Li Leon Alrae liguang Liming Wang Liu Jinsong Liu Ping Fan Liu Ping Fan Liu Yuan Liu Yuan Lluís Vilanova Lucas Meneghel Rodrigues Luigi Rizzo Luiz Capitulino M. Mohan Kumar Mans Rullgard Marc-André Lureau Marc-André Lureau Marcel Apfelbaum Marcelo Tosatti Mark Cave-Ayland Markus Armbruster Martijn van den Broek Matthew Daley Max Filippov Max Filippov (for xtensa) Meador Inge Michael Contreras Michael Ellerman Michael Marineau Michael R. Hines Michael Roth Michael S. Tsirkin Michael Tokarev Michael Walle Michael Walle (for lm32) Michal Novotny Michal Privoznik Mike Qiu Miroslav Rezanina MORITA Kazutaka MRatnikov Nathan Rossi Nicholas Bellinger Nick Thomas Nickolai Zeldovich Oleksii Shevchuk Olivier Hainque Orit Wasserman Othmar Pasteka Ozan Çağlayan Paolo Bonzini Paul Brook Paul Burton Paul Durrant Paul Moore Pavel Dovgalyuk Pavel Hrdina Pawit Pornkitprasan Petar Jovanovic Petar Jovanovic Peter Chubb Peter Crosthwaite Peter Crosthwaite Peter Crosthwaite peter.crosthwaite@xilinx.com> Peter Feiner Peter Lieven Peter Maydell Peter Wu Petr Matousek Philipp Hahn Prerna Saxena Qiao Nuohan Ramkumar Ramachandra Richard Henderson Richard Henderson (for alpha) Richard Sandiford Richard W.M. Jones Riku Voipio Riku Voipio Robert Schiele Roger Pau Monné Ronald Hecht Ronald Hecht Ronnie Sahlberg Samuel Seay Sander Eikelenboom Satoru Moriya Scott Feldman Scott Wood Seiji Aguchi Serge Hallyn Soren Brinkmann Stefan Berger Stefan Hajnoczi Stefan Priebe Stefan Weil Stefano Stabellini Stuart Yoder Thomas Huth Thomas Schwinge Tiejun Chen Tim Hardeck Tomoki Sekiyama Umesh Deshpande Uri Lublin Vadim Evard Vasilis Liaskovitis Vijay Mohan Pandarathil Viktor Mihajlovski Vishvananda Ishaya Vladimir Senkov Wanlong Gao Weidong Han Wen Congyang Wenchao Xia Wendy Liang Will Auld Xiao Guangrong Xudong Hao Yan Vugenfirer Yeongkyoon Lee Yin Yin Yongbok Kim zhangleiqiang Zhenguo Wang Zhi Yong Wu Ákos Kovács ------------------------------------------------------------ jobs: build-amd64 pass build-i386 pass build-amd64-oldkern pass build-i386-oldkern pass build-amd64-pvops pass build-i386-pvops pass test-amd64-i386-qemuu-rhel6hvm-amd pass test-amd64-amd64-xl-qemuu-win7-amd64 fail test-amd64-i386-xl-qemuu-win7-amd64 fail test-amd64-i386-qemuu-rhel6hvm-intel fail test-amd64-i386-xl-qemuu-winxpsp3-vcpus1 fail test-amd64-i386-xend-qemuu-winxpsp3 fail test-amd64-amd64-xl-qemuu-winxpsp3 fail ------------------------------------------------------------ sg-report-flight on woking.cam.xci-test.com logs: /home/xc_osstest/logs images: /home/xc_osstest/images Logs, config files, etc. are available at http://www.chiark.greenend.org.uk/~xensrcts/logs Test harness code can be found at http://xenbits.xensource.com/gitweb?p=osstest.git;a=summary Not pushing. (No revision log; it would be 73708 lines long.) --===============3883451339401103745== Content-Type: text/plain; charset="us-ascii" MIME-Version: 1.0 Content-Transfer-Encoding: 7bit Content-Disposition: inline _______________________________________________ Xen-devel mailing list Xen-devel@lists.xen.org http://lists.xen.org/xen-devel --===============3883451339401103745==--