* [xen-unstable test] 21950: regressions - trouble: blocked/broken/fail/pass
@ 2013-11-15 15:52 xen.org
0 siblings, 0 replies; only message in thread
From: xen.org @ 2013-11-15 15:52 UTC (permalink / raw)
To: xen-devel; +Cc: ian.jackson
flight 21950 xen-unstable real [real]
http://www.chiark.greenend.org.uk/~xensrcts/logs/21950/
Regressions :-(
Tests which did not succeed and are blocking,
including tests which could not be run:
build-armhf 2 host-install(2) broken REGR. vs. 21938
build-armhf 3 capture-logs !broken [st=!broken!]
build-armhf-pvops 2 host-install(2) broken REGR. vs. 21938
build-armhf-pvops 3 capture-logs !broken [st=!broken!]
build-amd64 4 xen-build fail REGR. vs. 21938
Tests which did not succeed, but are not blocking:
test-amd64-i386-qemut-rhel6hvm-intel 1 xen-build-check(1) blocked n/a
test-amd64-i386-xl 1 xen-build-check(1) blocked n/a
test-amd64-i386-xl-credit2 1 xen-build-check(1) blocked n/a
test-amd64-amd64-xl-sedf 1 xen-build-check(1) blocked n/a
test-amd64-amd64-xl-sedf-pin 1 xen-build-check(1) blocked n/a
test-amd64-i386-xl-multivcpu 1 xen-build-check(1) blocked n/a
test-amd64-amd64-xl-pcipt-intel 1 xen-build-check(1) blocked n/a
test-amd64-i386-rhel6hvm-intel 1 xen-build-check(1) blocked n/a
test-amd64-amd64-pv 1 xen-build-check(1) blocked n/a
test-amd64-i386-rhel6hvm-amd 1 xen-build-check(1) blocked n/a
test-amd64-amd64-xl 1 xen-build-check(1) blocked n/a
test-amd64-i386-qemuu-rhel6hvm-amd 1 xen-build-check(1) blocked n/a
test-amd64-i386-qemut-rhel6hvm-amd 1 xen-build-check(1) blocked n/a
test-amd64-i386-xend-winxpsp3 1 xen-build-check(1) blocked n/a
test-armhf-armhf-xl 1 xen-build-check(1) blocked n/a
test-amd64-amd64-xl-win7-amd64 1 xen-build-check(1) blocked n/a
test-amd64-amd64-pair 1 xen-build-check(1) blocked n/a
test-amd64-amd64-xl-qemuu-win7-amd64 1 xen-build-check(1) blocked n/a
test-amd64-i386-xl-qemut-win7-amd64 1 xen-build-check(1) blocked n/a
test-amd64-i386-pv 1 xen-build-check(1) blocked n/a
test-amd64-amd64-xl-qemuu-winxpsp3 1 xen-build-check(1) blocked n/a
test-amd64-i386-qemuu-rhel6hvm-intel 1 xen-build-check(1) blocked n/a
test-amd64-i386-xl-win7-amd64 1 xen-build-check(1) blocked n/a
test-amd64-i386-pair 1 xen-build-check(1) blocked n/a
test-amd64-amd64-xl-qemut-winxpsp3 1 xen-build-check(1) blocked n/a
test-amd64-amd64-xl-winxpsp3 1 xen-build-check(1) blocked n/a
test-amd64-i386-xl-qemut-winxpsp3-vcpus1 1 xen-build-check(1) blocked n/a
test-amd64-i386-xl-winxpsp3-vcpus1 1 xen-build-check(1) blocked n/a
test-amd64-i386-xend-qemut-winxpsp3 1 xen-build-check(1) blocked n/a
test-amd64-amd64-xl-qemut-win7-amd64 1 xen-build-check(1) blocked n/a
version targeted for testing:
xen a82e98d473fd212316ea5aa078a7588324b020e5
baseline version:
xen fef491f2d974d4e33eec5b2a4d23fedae0f93fbd
------------------------------------------------------------
People who touched revisions under test:
Andrew Cooper <andrew.cooper3@citrix.com>
David Vrabel <david.vrabel@citrix.com>
Jan Beulich <jbeulich@suse.com>
Jun Nakajima <jun.nakajima@intel.com>
Keir Fraser <keir@xen.org>
Paul Durrant <paul.durrant@citrix.com>
------------------------------------------------------------
jobs:
build-amd64 fail
build-armhf broken
build-i386 pass
build-amd64-oldkern pass
build-i386-oldkern pass
build-amd64-pvops pass
build-armhf-pvops broken
build-i386-pvops pass
test-amd64-amd64-xl blocked
test-armhf-armhf-xl blocked
test-amd64-i386-xl blocked
test-amd64-i386-rhel6hvm-amd blocked
test-amd64-i386-qemut-rhel6hvm-amd blocked
test-amd64-i386-qemuu-rhel6hvm-amd blocked
test-amd64-amd64-xl-qemut-win7-amd64 blocked
test-amd64-i386-xl-qemut-win7-amd64 blocked
test-amd64-amd64-xl-qemuu-win7-amd64 blocked
test-amd64-amd64-xl-win7-amd64 blocked
test-amd64-i386-xl-win7-amd64 blocked
test-amd64-i386-xl-credit2 blocked
test-amd64-amd64-xl-pcipt-intel blocked
test-amd64-i386-rhel6hvm-intel blocked
test-amd64-i386-qemut-rhel6hvm-intel blocked
test-amd64-i386-qemuu-rhel6hvm-intel blocked
test-amd64-i386-xl-multivcpu blocked
test-amd64-amd64-pair blocked
test-amd64-i386-pair blocked
test-amd64-amd64-xl-sedf-pin blocked
test-amd64-amd64-pv blocked
test-amd64-i386-pv blocked
test-amd64-amd64-xl-sedf blocked
test-amd64-i386-xl-qemut-winxpsp3-vcpus1 blocked
test-amd64-i386-xl-winxpsp3-vcpus1 blocked
test-amd64-i386-xend-qemut-winxpsp3 blocked
test-amd64-amd64-xl-qemut-winxpsp3 blocked
test-amd64-amd64-xl-qemuu-winxpsp3 blocked
test-amd64-i386-xend-winxpsp3 blocked
test-amd64-amd64-xl-winxpsp3 blocked
------------------------------------------------------------
sg-report-flight on woking.cam.xci-test.com
logs: /home/xc_osstest/logs
images: /home/xc_osstest/images
Logs, config files, etc. are available at
http://www.chiark.greenend.org.uk/~xensrcts/logs
Test harness code can be found at
http://xenbits.xensource.com/gitweb?p=osstest.git;a=summary
Not pushing.
------------------------------------------------------------
commit a82e98d473fd212316ea5aa078a7588324b020e5
Author: Paul Durrant <paul.durrant@citrix.com>
Date: Fri Nov 15 11:02:17 2013 +0100
x86/VT-x: Disable MSR intercept for SHADOW_GS_BASE
Intercepting this MSR is pointless - The swapgs instruction does not cause a
vmexit, so the cached result of this is potentially stale after the next guest
instruction. It is correctly saved and restored on vcpu context switch.
Furthermore, 64bit Windows writes to this MSR on every thread context switch,
so interception causes a substantial performance hit.
Signed-off-by: Paul Durrant <paul.durrant@citrix.com>
Signed-off-by: Andrew Cooper <andrew.cooper3@citrix.com>
Reviewed-by: Tim Deegan <tim@xen.org>
Acked-by: Jun Nakajima <jun.nakajima@intel.com>
commit 1e521eddeb51a9f1bf0e4dd1d17efc873eafae41
Author: Jan Beulich <jbeulich@suse.com>
Date: Fri Nov 15 11:01:49 2013 +0100
x86/HVM: 32-bit IN result must be zero-extended to 64 bits (part 2)
Just spotted a counterpart of what commit 9d89100b (same title) dealt
with.
Signed-off-by: Jan Beulich <jbeulich@suse.com>
Reviewed-by: Andrew Cooper <andrew.cooper3@citrix.com>
Acked-by: Keir Fraser <keir@xen.org>
commit 317ac0adf7f76a999c8af09f66beb625bbc02e32
Author: David Vrabel <david.vrabel@citrix.com>
Date: Fri Nov 15 11:00:46 2013 +0100
kexec: fail image loads if the page tables cannot be built
CID 1128566
If an image source page is allocated in kimage_alloc_page() but the
machine_kexec_add_page() fails, the image may appear to load
succesfully but it will not execute. The relocation will fault
(rebooting the host) when trying to copy the source page, as it is not
mapped.
Signed-off-by: David Vrabel <david.vrabel@citrix.com>
Reviewed-by: Andrew Cooper <andrew.cooper3@citrix.com>
commit 029c84d2efbebc02a4e9a6ee9a3a94289ca36f72
Author: David Vrabel <david.vrabel@citrix.com>
Date: Fri Nov 15 10:59:41 2013 +0100
kexec: fix kexec_lock use in kexec_swap_images()
CID 1128573
If a bad image type is supplied in a KEXECOP_unload hypercall, the
kexec_lock in kexec_swap_images() was left locked, causing a deadlock
on a subsequent image load or unload.
The kexec_lock is only required to serialize the swap operation
itself.
Signed-off-by: David Vrabel <david.vrabel@citrix.com>
Reviewed-by: Andrew Cooper <andrew.cooper3@citrix.com>
(qemu changes not included)
^ permalink raw reply [flat|nested] only message in thread
only message in thread, other threads:[~2013-11-15 15:52 UTC | newest]
Thread overview: (only message) (download: mbox.gz follow: Atom feed
-- links below jump to the message on this page --
2013-11-15 15:52 [xen-unstable test] 21950: regressions - trouble: blocked/broken/fail/pass xen.org
This is a public inbox, see mirroring instructions
for how to clone and mirror all data and code used for this inbox;
as well as URLs for NNTP newsgroup(s).