From: xen.org <ian.jackson@eu.citrix.com>
To: xen-devel@lists.xensource.com
Cc: ian.jackson@eu.citrix.com
Subject: [xen-unstable test] 22033: tolerable FAIL - PUSHED
Date: Tue, 19 Nov 2013 16:40:45 +0000 [thread overview]
Message-ID: <osstest-22033-mainreport@xen.org> (raw)
[-- Attachment #1: Type: text/plain, Size: 12158 bytes --]
flight 22033 xen-unstable real [real]
http://www.chiark.greenend.org.uk/~xensrcts/logs/22033/
Failures :-/ but no regressions.
Tests which did not succeed, but are not blocking:
test-amd64-amd64-xl-pcipt-intel 9 guest-start fail never pass
test-armhf-armhf-xl 5 xen-boot fail never pass
test-amd64-i386-xend-winxpsp3 16 leak-check/check fail never pass
test-amd64-amd64-xl-qemut-win7-amd64 13 guest-stop fail never pass
test-amd64-amd64-xl-win7-amd64 13 guest-stop fail never pass
test-amd64-amd64-xl-qemuu-win7-amd64 13 guest-stop fail never pass
test-amd64-amd64-xl-qemuu-winxpsp3 13 guest-stop fail never pass
test-amd64-i386-xl-qemut-win7-amd64 13 guest-stop fail never pass
test-amd64-i386-xl-win7-amd64 13 guest-stop fail never pass
test-amd64-amd64-xl-qemut-winxpsp3 13 guest-stop fail never pass
test-amd64-amd64-xl-winxpsp3 13 guest-stop fail never pass
test-amd64-i386-xl-qemut-winxpsp3-vcpus1 13 guest-stop fail never pass
test-amd64-i386-xend-qemut-winxpsp3 16 leak-check/check fail never pass
test-amd64-i386-xl-winxpsp3-vcpus1 13 guest-stop fail never pass
version targeted for testing:
xen a0eaa86e753766a06d740bd125c0cb8b3358babf
baseline version:
xen 6757efe1bf50ac7ff68fa4dd7d9333529f70ae9a
------------------------------------------------------------
People who touched revisions under test:
Eddie Dong <eddie.dong@intel.com>
Ian Jackson <ian.jackson@eu.citrix.com>
Jan Beulich <jbeulich@suse.com>
Keir Fraser <keir@xen.org>
Roger Pau Monné <roger.pau@citrix.com>
------------------------------------------------------------
jobs:
build-amd64 pass
build-armhf pass
build-i386 pass
build-amd64-oldkern pass
build-i386-oldkern pass
build-amd64-pvops pass
build-armhf-pvops pass
build-i386-pvops pass
test-amd64-amd64-xl pass
test-armhf-armhf-xl fail
test-amd64-i386-xl pass
test-amd64-i386-rhel6hvm-amd pass
test-amd64-i386-qemut-rhel6hvm-amd pass
test-amd64-i386-qemuu-rhel6hvm-amd pass
test-amd64-amd64-xl-qemut-win7-amd64 fail
test-amd64-i386-xl-qemut-win7-amd64 fail
test-amd64-amd64-xl-qemuu-win7-amd64 fail
test-amd64-amd64-xl-win7-amd64 fail
test-amd64-i386-xl-win7-amd64 fail
test-amd64-i386-xl-credit2 pass
test-amd64-amd64-xl-pcipt-intel fail
test-amd64-i386-rhel6hvm-intel pass
test-amd64-i386-qemut-rhel6hvm-intel pass
test-amd64-i386-qemuu-rhel6hvm-intel pass
test-amd64-i386-xl-multivcpu pass
test-amd64-amd64-pair pass
test-amd64-i386-pair pass
test-amd64-amd64-xl-sedf-pin pass
test-amd64-amd64-pv pass
test-amd64-i386-pv pass
test-amd64-amd64-xl-sedf pass
test-amd64-i386-xl-qemut-winxpsp3-vcpus1 fail
test-amd64-i386-xl-winxpsp3-vcpus1 fail
test-amd64-i386-xend-qemut-winxpsp3 fail
test-amd64-amd64-xl-qemut-winxpsp3 fail
test-amd64-amd64-xl-qemuu-winxpsp3 fail
test-amd64-i386-xend-winxpsp3 fail
test-amd64-amd64-xl-winxpsp3 fail
------------------------------------------------------------
sg-report-flight on woking.cam.xci-test.com
logs: /home/xc_osstest/logs
images: /home/xc_osstest/images
Logs, config files, etc. are available at
http://www.chiark.greenend.org.uk/~xensrcts/logs
Test harness code can be found at
http://xenbits.xensource.com/gitweb?p=osstest.git;a=summary
Pushing revision :
+ branch=xen-unstable
+ revision=a0eaa86e753766a06d740bd125c0cb8b3358babf
+ . cri-lock-repos
++ . cri-common
+++ . cri-getconfig
+++ umask 002
+++ getconfig Repos
+++ perl -e '
use Osstest;
readglobalconfig();
print $c{"Repos"} or die $!;
'
++ repos=/export/home/osstest/repos
++ repos_lock=/export/home/osstest/repos/lock
++ '[' x '!=' x/export/home/osstest/repos/lock ']'
++ OSSTEST_REPOS_LOCK_LOCKED=/export/home/osstest/repos/lock
++ exec with-lock-ex -w /export/home/osstest/repos/lock ./ap-push xen-unstable a0eaa86e753766a06d740bd125c0cb8b3358babf
+ branch=xen-unstable
+ revision=a0eaa86e753766a06d740bd125c0cb8b3358babf
+ . cri-lock-repos
++ . cri-common
+++ . cri-getconfig
+++ umask 002
+++ getconfig Repos
+++ perl -e '
use Osstest;
readglobalconfig();
print $c{"Repos"} or die $!;
'
++ repos=/export/home/osstest/repos
++ repos_lock=/export/home/osstest/repos/lock
++ '[' x/export/home/osstest/repos/lock '!=' x/export/home/osstest/repos/lock ']'
+ . cri-common
++ . cri-getconfig
++ umask 002
+ select_xenbranch
+ case "$branch" in
+ tree=xen
+ xenbranch=xen-unstable
+ '[' xxen = xlinux ']'
+ linuxbranch=
+ : tested/2.6.39.x
+ . ap-common
++ : osstest@xenbits.xensource.com
++ : git://xenbits.xen.org/xen.git
++ : osstest@xenbits.xensource.com:/home/xen/git/xen.git
++ : git://xenbits.xen.org/staging/qemu-xen-unstable.git
++ : git://git.kernel.org
++ : git://git.kernel.org/pub/scm/linux/kernel/git
++ : git
++ : git://xenbits.xen.org/osstest/linux-firmware.git
++ : osstest@xenbits.xensource.com:/home/osstest/ext/linux-firmware.git
++ : git://git.kernel.org/pub/scm/linux/kernel/git/firmware/linux-firmware.git
++ : osstest@xenbits.xensource.com:/home/xen/git/linux-pvops.git
++ : git://xenbits.xen.org/linux-pvops.git
++ : tested/linux-3.4
++ : tested/linux-arm-xen
++ '[' xgit://xenbits.xen.org/linux-pvops.git = x ']'
++ '[' x = x ']'
++ : git://xenbits.xen.org/linux-pvops.git
++ : tested/linux-arm-xen
++ : git://git.kernel.org/pub/scm/linux/kernel/git/konrad/xen.git
++ : tested/2.6.39.x
++ : daily-cron.xen-unstable
++ : daily-cron.xen-unstable
++ : http://hg.uk.xensource.com/carbon/trunk/linux-2.6.27
++ : git://xenbits.xen.org/staging/qemu-upstream-unstable.git
++ : daily-cron.xen-unstable
+ TREE_LINUX=osstest@xenbits.xensource.com:/home/xen/git/linux-pvops.git
+ TREE_QEMU_UPSTREAM=osstest@xenbits.xensource.com:/home/xen/git/qemu-upstream-unstable.git
+ TREE_XEN=osstest@xenbits.xensource.com:/home/xen/git/xen.git
+ info_linux_tree xen-unstable
+ case $1 in
+ return 1
+ case "$branch" in
+ cd /export/home/osstest/repos/xen
+ git push osstest@xenbits.xensource.com:/home/xen/git/xen.git a0eaa86e753766a06d740bd125c0cb8b3358babf:master
Counting objects: 110, done.
Compressing objects: 2% (1/42)
Compressing objects: 4% (2/42)
Compressing objects: 7% (3/42)
Compressing objects: 9% (4/42)
Compressing objects: 11% (5/42)
Compressing objects: 14% (6/42)
Compressing objects: 16% (7/42)
Compressing objects: 19% (8/42)
Compressing objects: 21% (9/42)
Compressing objects: 23% (10/42)
Compressing objects: 26% (11/42)
Compressing objects: 28% (12/42)
Compressing objects: 30% (13/42)
Compressing objects: 33% (14/42)
Compressing objects: 35% (15/42)
Compressing objects: 38% (16/42)
Compressing objects: 40% (17/42)
Compressing objects: 42% (18/42)
Compressing objects: 45% (19/42)
Compressing objects: 47% (20/42)
Compressing objects: 50% (21/42)
Compressing objects: 52% (22/42)
Compressing objects: 54% (23/42)
Compressing objects: 57% (24/42)
Compressing objects: 59% (25/42)
Compressing objects: 61% (26/42)
Compressing objects: 64% (27/42)
Compressing objects: 66% (28/42)
Compressing objects: 69% (29/42)
Compressing objects: 71% (30/42)
Compressing objects: 73% (31/42)
Compressing objects: 76% (32/42)
Compressing objects: 78% (33/42)
Compressing objects: 80% (34/42)
Compressing objects: 83% (35/42)
Compressing objects: 85% (36/42)
Compressing objects: 88% (37/42)
Compressing objects: 90% (38/42)
Compressing objects: 92% (39/42)
Compressing objects: 95% (40/42)
Compressing objects: 97% (41/42)
Compressing objects: 100% (42/42)
Compressing objects: 100% (42/42), done.
Writing objects: 1% (1/81)
Writing objects: 2% (2/81)
Writing objects: 3% (3/81)
Writing objects: 4% (4/81)
Writing objects: 6% (5/81)
Writing objects: 7% (6/81)
Writing objects: 8% (7/81)
Writing objects: 9% (8/81)
Writing objects: 11% (9/81)
Writing objects: 12% (10/81)
Writing objects: 13% (11/81)
Writing objects: 14% (12/81)
Writing objects: 16% (13/81)
Writing objects: 17% (14/81)
Writing objects: 18% (15/81)
Writing objects: 19% (16/81)
Writing objects: 20% (17/81)
Writing objects: 22% (18/81)
Writing objects: 23% (19/81)
Writing objects: 24% (20/81)
Writing objects: 25% (21/81)
Writing objects: 27% (22/81)
Writing objects: 28% (23/81)
Writing objects: 29% (24/81)
Writing objects: 30% (25/81)
Writing objects: 33% (27/81)
Writing objects: 34% (28/81)
Writing objects: 35% (29/81)
Writing objects: 37% (30/81)
Writing objects: 38% (31/81)
Writing objects: 39% (32/81)
Writing objects: 40% (33/81)
Writing objects: 41% (34/81)
Writing objects: 43% (35/81)
Writing objects: 44% (36/81)
Writing objects: 45% (37/81)
Writing objects: 46% (38/81)
Writing objects: 48% (39/81)
Writing objects: 49% (40/81)
Writing objects: 50% (41/81)
Writing objects: 51% (42/81)
Writing objects: 53% (43/81)
Writing objects: 54% (44/81)
Writing objects: 55% (45/81)
Writing objects: 56% (46/81)
Writing objects: 58% (47/81)
Writing objects: 59% (48/81)
Writing objects: 60% (49/81)
Writing objects: 61% (50/81)
Writing objects: 62% (51/81)
Writing objects: 64% (52/81)
Writing objects: 65% (53/81)
Writing objects: 66% (54/81)
Writing objects: 67% (55/81)
Writing objects: 69% (56/81)
Writing objects: 70% (57/81)
Writing objects: 71% (58/81)
Writing objects: 72% (59/81)
Writing objects: 74% (60/81)
Writing objects: 75% (61/81)
Writing objects: 76% (62/81)
Writing objects: 77% (63/81)
Writing objects: 79% (64/81)
Writing objects: 80% (65/81)
Writing objects: 81% (66/81)
Writing objects: 82% (67/81)
Writing objects: 83% (68/81)
Writing objects: 85% (69/81)
Writing objects: 86% (70/81)
Writing objects: 87% (71/81)
Writing objects: 88% (72/81)
Writing objects: 90% (73/81)
Writing objects: 91% (74/81)
Writing objects: 92% (75/81)
Writing objects: 93% (76/81)
Writing objects: 95% (77/81)
Writing objects: 96% (78/81)
Writing objects: 97% (79/81)
Writing objects: 98% (80/81)
Writing objects: 100% (81/81)
Writing objects: 100% (81/81), 221.81 KiB, done.
Total 81 (delta 40), reused 80 (delta 39)
To osstest@xenbits.xensource.com:/home/xen/git/xen.git
6757efe..a0eaa86 a0eaa86e753766a06d740bd125c0cb8b3358babf -> master
[-- Attachment #2: Type: text/plain, Size: 126 bytes --]
_______________________________________________
Xen-devel mailing list
Xen-devel@lists.xen.org
http://lists.xen.org/xen-devel
reply other threads:[~2013-11-19 16:40 UTC|newest]
Thread overview: [no followups] expand[flat|nested] mbox.gz Atom feed
Reply instructions:
You may reply publicly to this message via plain-text email
using any one of the following methods:
* Save the following mbox file, import it into your mail client,
and reply-to-all from there: mbox
Avoid top-posting and favor interleaved quoting:
https://en.wikipedia.org/wiki/Posting_style#Interleaved_style
* Reply using the --to, --cc, and --in-reply-to
switches of git-send-email(1):
git send-email \
--in-reply-to=osstest-22033-mainreport@xen.org \
--to=ian.jackson@eu.citrix.com \
--cc=xen-devel@lists.xensource.com \
/path/to/YOUR_REPLY
https://kernel.org/pub/software/scm/git/docs/git-send-email.html
* If your mail client supports setting the In-Reply-To header
via mailto: links, try the mailto: link
Be sure your reply has a Subject: header at the top and a blank line
before the message body.
This is a public inbox, see mirroring instructions
for how to clone and mirror all data and code used for this inbox;
as well as URLs for NNTP newsgroup(s).