xen-devel.lists.xenproject.org archive mirror
 help / color / mirror / Atom feed
From: xen.org <ian.jackson@eu.citrix.com>
To: xen-devel@lists.xensource.com
Cc: ian.jackson@eu.citrix.com
Subject: [linux-3.4 test] 22058: tolerable FAIL - PUSHED
Date: Thu, 21 Nov 2013 03:17:33 +0000	[thread overview]
Message-ID: <osstest-22058-mainreport@xen.org> (raw)

flight 22058 linux-3.4 real [real]
http://www.chiark.greenend.org.uk/~xensrcts/logs/22058/

Failures :-/ but no regressions.

Regressions which are regarded as allowable (not blocking):
 test-amd64-amd64-xl-qemut-winxpsp3  7 windows-install          fail like 21915

Tests which did not succeed, but are not blocking:
 test-amd64-amd64-xl-pcipt-intel  9 guest-start                 fail never pass
 test-amd64-i386-xl-qemut-winxpsp3-vcpus1 13 guest-stop         fail never pass
 test-amd64-i386-xl-win7-amd64 13 guest-stop                   fail  never pass
 test-amd64-amd64-xl-win7-amd64 13 guest-stop                   fail never pass
 test-amd64-amd64-xl-qemut-win7-amd64 13 guest-stop             fail never pass
 test-amd64-amd64-xl-qemuu-win7-amd64 13 guest-stop             fail never pass
 test-amd64-i386-xl-qemut-win7-amd64 13 guest-stop              fail never pass
 test-amd64-i386-xl-winxpsp3-vcpus1 13 guest-stop               fail never pass
 test-amd64-i386-xend-qemut-winxpsp3 16 leak-check/check        fail never pass
 test-amd64-i386-xend-winxpsp3 16 leak-check/check             fail  never pass
 test-amd64-amd64-xl-qemuu-winxpsp3 13 guest-stop               fail never pass
 test-amd64-amd64-xl-winxpsp3 13 guest-stop                   fail   never pass

version targeted for testing:
 linux                234d96ee0f3b8e49501d068a2a3165aa4db60903
baseline version:
 linux                14aa272fcd1cdbe7173073250c767bc7a37278ce

------------------------------------------------------------
People who touched revisions under test:
  Alan Stern <stern@rowland.harvard.edu>
  Alexander Holler <holler@ahsoftware.de>
  Bjorn Helgaas <bhelgaas@google.com>
  David Henningsson <david.henningsson@canonical.com>
  David S. Miller <davem@davemloft.net>
  Dirk Behme <dirk.behme@gmail.com>
  Eric Dumazet <edumazet@google.com>
  Greg Kroah-Hartman <gregkh@linuxfoundation.org>
  Ivan Djelic <ivan.djelic@parrot.com>
  Jason Wang <jasowang@redhat.com>
  Konstantin Khlebnikov <khlebnikov@openvz.org> # add comment
  Krzysztof Mazur <krzysiek@podlesie.net>
  Nicolas Pitre <nico@linaro.org>
  Nikhil P Rao <nikhil.rao@intel.com>
  Pablo Neira Ayuso <pablo@netfilter.org>
  Patrick McHardy <kaber@trash.net>
  Rui li <li.rui27@zte.com.cn>
  Russell King <rmk+kernel@arm.linux.org.uk>
  Steven Rostedt <rostedt@goodmis.org>
  Takashi Iwai <tiwai@suse.de>
  Wei Liu <wei.liu2@citrix.com>
  Yijing Wang <wangyijing@huawei.com>
------------------------------------------------------------

jobs:
 build-amd64                                                  pass    
 build-i386                                                   pass    
 build-amd64-pvops                                            pass    
 build-i386-pvops                                             pass    
 test-amd64-amd64-xl                                          pass    
 test-amd64-i386-xl                                           pass    
 test-amd64-i386-rhel6hvm-amd                                 pass    
 test-amd64-i386-qemut-rhel6hvm-amd                           pass    
 test-amd64-i386-qemuu-rhel6hvm-amd                           pass    
 test-amd64-amd64-xl-qemut-win7-amd64                         fail    
 test-amd64-i386-xl-qemut-win7-amd64                          fail    
 test-amd64-amd64-xl-qemuu-win7-amd64                         fail    
 test-amd64-amd64-xl-win7-amd64                               fail    
 test-amd64-i386-xl-win7-amd64                                fail    
 test-amd64-i386-xl-credit2                                   pass    
 test-amd64-amd64-xl-pcipt-intel                              fail    
 test-amd64-i386-rhel6hvm-intel                               pass    
 test-amd64-i386-qemut-rhel6hvm-intel                         pass    
 test-amd64-i386-qemuu-rhel6hvm-intel                         pass    
 test-amd64-i386-xl-multivcpu                                 pass    
 test-amd64-amd64-pair                                        pass    
 test-amd64-i386-pair                                         pass    
 test-amd64-amd64-xl-sedf-pin                                 pass    
 test-amd64-amd64-pv                                          pass    
 test-amd64-i386-pv                                           pass    
 test-amd64-amd64-xl-sedf                                     pass    
 test-amd64-i386-xl-qemut-winxpsp3-vcpus1                     fail    
 test-amd64-i386-xl-winxpsp3-vcpus1                           fail    
 test-amd64-i386-xend-qemut-winxpsp3                          fail    
 test-amd64-amd64-xl-qemut-winxpsp3                           fail    
 test-amd64-amd64-xl-qemuu-winxpsp3                           fail    
 test-amd64-i386-xend-winxpsp3                                fail    
 test-amd64-amd64-xl-winxpsp3                                 fail    


------------------------------------------------------------
sg-report-flight on woking.cam.xci-test.com
logs: /home/xc_osstest/logs
images: /home/xc_osstest/images

Logs, config files, etc. are available at
    http://www.chiark.greenend.org.uk/~xensrcts/logs

Test harness code can be found at
    http://xenbits.xensource.com/gitweb?p=osstest.git;a=summary


Pushing revision :

+ branch=linux-3.4
+ revision=234d96ee0f3b8e49501d068a2a3165aa4db60903
+ . cri-lock-repos
++ . cri-common
+++ . cri-getconfig
+++ umask 002
+++ getconfig Repos
+++ perl -e '
                use Osstest;
                readglobalconfig();
                print $c{"Repos"} or die $!;
        '
++ repos=/export/home/osstest/repos
++ repos_lock=/export/home/osstest/repos/lock
++ '[' x '!=' x/export/home/osstest/repos/lock ']'
++ OSSTEST_REPOS_LOCK_LOCKED=/export/home/osstest/repos/lock
++ exec with-lock-ex -w /export/home/osstest/repos/lock ./ap-push linux-3.4 234d96ee0f3b8e49501d068a2a3165aa4db60903
+ branch=linux-3.4
+ revision=234d96ee0f3b8e49501d068a2a3165aa4db60903
+ . cri-lock-repos
++ . cri-common
+++ . cri-getconfig
+++ umask 002
+++ getconfig Repos
+++ perl -e '
                use Osstest;
                readglobalconfig();
                print $c{"Repos"} or die $!;
        '
++ repos=/export/home/osstest/repos
++ repos_lock=/export/home/osstest/repos/lock
++ '[' x/export/home/osstest/repos/lock '!=' x/export/home/osstest/repos/lock ']'
+ . cri-common
++ . cri-getconfig
++ umask 002
+ select_xenbranch
+ case "$branch" in
+ tree=linux
+ xenbranch=xen-unstable
+ '[' xlinux = xlinux ']'
+ linuxbranch=linux-3.4
+ : tested/2.6.39.x
+ . ap-common
++ : osstest@xenbits.xensource.com
++ : git://xenbits.xen.org/xen.git
++ : osstest@xenbits.xensource.com:/home/xen/git/xen.git
++ : git://xenbits.xen.org/staging/qemu-xen-unstable.git
++ : git://git.kernel.org
++ : git://git.kernel.org/pub/scm/linux/kernel/git
++ : git
++ : git://xenbits.xen.org/osstest/linux-firmware.git
++ : osstest@xenbits.xensource.com:/home/osstest/ext/linux-firmware.git
++ : git://git.kernel.org/pub/scm/linux/kernel/git/firmware/linux-firmware.git
++ : osstest@xenbits.xensource.com:/home/xen/git/linux-pvops.git
++ : git://xenbits.xen.org/linux-pvops.git
++ : tested/linux-3.4
++ : tested/linux-arm-xen
++ '[' xgit://git.kernel.org/pub/scm/linux/kernel/git/stable/linux-stable.git = x ']'
++ '[' xgit://xenbits.xen.org/linux-pvops.git = x ']'
++ : git://git.kernel.org/pub/scm/linux/kernel/git/konrad/xen.git
++ : tested/2.6.39.x
++ : daily-cron.linux-3.4
++ : daily-cron.linux-3.4
++ : http://hg.uk.xensource.com/carbon/trunk/linux-2.6.27
++ : git://xenbits.xen.org/staging/qemu-upstream-unstable.git
++ : daily-cron.linux-3.4
+ TREE_LINUX=osstest@xenbits.xensource.com:/home/xen/git/linux-pvops.git
+ TREE_QEMU_UPSTREAM=osstest@xenbits.xensource.com:/home/xen/git/qemu-upstream-unstable.git
+ TREE_XEN=osstest@xenbits.xensource.com:/home/xen/git/xen.git
+ info_linux_tree linux-3.4
+ case $1 in
+ : git://git.kernel.org/pub/scm/linux/kernel/git/stable/linux-stable.git
+ : linux-3.4.y
+ : linux-3.4.y
+ : git
+ : git
+ : git://xenbits.xen.org/linux-pvops.git
+ : osstest@xenbits.xensource.com:/home/xen/git/linux-pvops.git
+ : tested/linux-3.4
+ : tested/linux-3.4
+ return 0
+ cd /export/home/osstest/repos/linux
+ git push osstest@xenbits.xensource.com:/home/xen/git/linux-pvops.git 234d96ee0f3b8e49501d068a2a3165aa4db60903:tested/linux-3.4
Counting objects: 1   
Counting objects: 98, done.
Compressing objects:   1% (1/64)   
Compressing objects:   3% (2/64)   
Compressing objects:   4% (3/64)   
Compressing objects:   6% (4/64)   
Compressing objects:   7% (5/64)   
Compressing objects:   9% (6/64)   
Compressing objects:  10% (7/64)   
Compressing objects:  12% (8/64)   
Compressing objects:  14% (9/64)   
Compressing objects:  15% (10/64)   
Compressing objects:  17% (11/64)   
Compressing objects:  18% (12/64)   
Compressing objects:  20% (13/64)   
Compressing objects:  21% (14/64)   
Compressing objects:  23% (15/64)   
Compressing objects:  25% (16/64)   
Compressing objects:  26% (17/64)   
Compressing objects:  28% (18/64)   
Compressing objects:  29% (19/64)   
Compressing objects:  31% (20/64)   
Compressing objects:  32% (21/64)   
Compressing objects:  34% (22/64)   
Compressing objects:  35% (23/64)   
Compressing objects:  37% (24/64)   
Compressing objects:  39% (25/64)   
Compressing objects:  40% (26/64)   
Compressing objects:  42% (27/64)   
Compressing objects:  43% (28/64)   
Compressing objects:  45% (29/64)   
Compressing objects:  46% (30/64)   
Compressing objects:  48% (31/64)   
Compressing objects:  50% (32/64)   
Compressing objects:  51% (33/64)   
Compressing objects:  53% (34/64)   
Compressing objects:  54% (35/64)   
Compressing objects:  56% (36/64)   
Compressing objects:  57% (37/64)   
Compressing objects:  59% (38/64)   
Compressing objects:  60% (39/64)   
Compressing objects:  62% (40/64)   
Compressing objects:  64% (41/64)   
Compressing objects:  65% (42/64)   
Compressing objects:  67% (43/64)   
Compressing objects:  68% (44/64)   
Compressing objects:  70% (45/64)   
Compressing objects:  71% (46/64)   
Compressing objects:  73% (47/64)   
Compressing objects:  75% (48/64)   
Compressing objects:  76% (49/64)   
Compressing objects:  78% (50/64)   
Compressing objects:  79% (51/64)   
Compressing objects:  81% (52/64)   
Compressing objects:  82% (53/64)   
Compressing objects:  84% (54/64)   
Compressing objects:  85% (55/64)   
Compressing objects:  87% (56/64)   
Compressing objects:  89% (57/64)   
Compressing objects:  90% (58/64)   
Compressing objects:  92% (59/64)   
Compressing objects:  93% (60/64)   
Compressing objects:  95% (61/64)   
Compressing objects:  96% (62/64)   
Compressing objects:  98% (63/64)   
Compressing objects: 100% (64/64)   
Compressing objects: 100% (64/64), done.
Writing objects:   1% (1/66)   
Writing objects:   3% (2/66)   
Writing objects:   4% (3/66)   
Writing objects:   6% (4/66)   
Writing objects:   7% (5/66)   
Writing objects:   9% (6/66)   
Writing objects:  10% (7/66)   
Writing objects:  12% (8/66)   
Writing objects:  13% (9/66)   
Writing objects:  15% (10/66)   
Writing objects:  16% (11/66)   
Writing objects:  18% (12/66)   
Writing objects:  19% (13/66)   
Writing objects:  21% (14/66)   
Writing objects:  22% (15/66)   
Writing objects:  24% (16/66)   
Writing objects:  25% (17/66)   
Writing objects:  28% (19/66)   
Writing objects:  30% (20/66)   
Writing objects:  31% (21/66)   
Writing objects:  33% (22/66)   
Writing objects:  34% (23/66)   
Writing objects:  36% (24/66)   
Writing objects:  37% (25/66)   
Writing objects:  39% (26/66)   
Writing objects:  40% (27/66)   
Writing objects:  42% (28/66)   
Writing objects:  43% (29/66)   
Writing objects:  45% (30/66)   
Writing objects:  46% (31/66)   
Writing objects:  48% (32/66)   
Writing objects:  50% (33/66)   
Writing objects:  51% (34/66)   
Writing objects:  53% (35/66)   
Writing objects:  54% (36/66)   
Writing objects:  56% (37/66)   
Writing objects:  57% (38/66)   
Writing objects:  59% (39/66)   
Writing objects:  60% (40/66)   
Writing objects:  62% (41/66)   
Writing objects:  63% (42/66)   
Writing objects:  65% (43/66)   
Writing objects:  66% (44/66)   
Writing objects:  68% (45/66)   
Writing objects:  69% (46/66)   
Writing objects:  71% (47/66)   
Writing objects:  72% (48/66)   
Writing objects:  74% (49/66)   
Writing objects:  75% (50/66)   
Writing objects:  77% (51/66)   
Writing objects:  78% (52/66)   
Writing objects:  80% (53/66)   
Writing objects:  81% (54/66)   
Writing objects:  83% (55/66)   
Writing objects:  84% (56/66)   
Writing objects:  86% (57/66)   
Writing objects:  87% (58/66)   
Writing objects:  89% (59/66)   
Writing objects:  90% (60/66)   
Writing objects:  92% (61/66)   
Writing objects:  93% (62/66)   
Writing objects:  95% (63/66)   
Writing objects:  96% (64/66)   
Writing objects:  98% (65/66)   
Writing objects: 100% (66/66)   
Writing objects: 100% (66/66), 12.47 KiB, done.
Total 66 (delta 53), reused 2 (delta 2)
To osstest@xenbits.xensource.com:/home/xen/git/linux-pvops.git
   14aa272..234d96e  234d96ee0f3b8e49501d068a2a3165aa4db60903 -> tested/linux-3.4
+ exit 0

                 reply	other threads:[~2013-11-21  3:17 UTC|newest]

Thread overview: [no followups] expand[flat|nested]  mbox.gz  Atom feed

Reply instructions:

You may reply publicly to this message via plain-text email
using any one of the following methods:

* Save the following mbox file, import it into your mail client,
  and reply-to-all from there: mbox

  Avoid top-posting and favor interleaved quoting:
  https://en.wikipedia.org/wiki/Posting_style#Interleaved_style

* Reply using the --to, --cc, and --in-reply-to
  switches of git-send-email(1):

  git send-email \
    --in-reply-to=osstest-22058-mainreport@xen.org \
    --to=ian.jackson@eu.citrix.com \
    --cc=xen-devel@lists.xensource.com \
    /path/to/YOUR_REPLY

  https://kernel.org/pub/software/scm/git/docs/git-send-email.html

* If your mail client supports setting the In-Reply-To header
  via mailto: links, try the mailto: link
Be sure your reply has a Subject: header at the top and a blank line before the message body.
This is a public inbox, see mirroring instructions
for how to clone and mirror all data and code used for this inbox;
as well as URLs for NNTP newsgroup(s).