xen-devel.lists.xenproject.org archive mirror
 help / color / mirror / Atom feed
* [qemu-upstream-unstable test] 22091: tolerable FAIL - PUSHED
@ 2013-11-23  3:34 xen.org
  2013-11-25  9:50 ` Ian Campbell
  0 siblings, 1 reply; 6+ messages in thread
From: xen.org @ 2013-11-23  3:34 UTC (permalink / raw)
  To: xen-devel; +Cc: ian.jackson

[-- Attachment #1: Type: text/plain, Size: 28978 bytes --]

flight 22091 qemu-upstream-unstable real [real]
http://www.chiark.greenend.org.uk/~xensrcts/logs/22091/

Failures :-/ but no regressions.

Tests which are failing intermittently (not blocking):
 test-amd64-amd64-xl-qemuu-win7-amd64  5 xen-boot            fail pass in 22089
 test-amd64-amd64-xl-qemuu-winxpsp3  5 xen-boot              fail pass in 22089
 test-amd64-i386-xend-qemuu-winxpsp3  5 xen-boot             fail pass in 22089
 test-amd64-i386-xl-qemuu-winxpsp3-vcpus1 12 guest-localmigrate/x10 fail pass in 22089
 test-amd64-i386-qemuu-rhel6hvm-intel 7 redhat-install fail in 22089 pass in 22091
 test-amd64-i386-xl-qemuu-win7-amd64 7 windows-install fail in 22089 pass in 22091

Tests which did not succeed, but are not blocking:
 test-amd64-i386-xl-qemuu-win7-amd64 13 guest-stop              fail never pass
 test-amd64-amd64-xl-qemuu-win7-amd64 13 guest-stop    fail in 22089 never pass
 test-amd64-amd64-xl-qemuu-winxpsp3 13 guest-stop      fail in 22089 never pass
 test-amd64-i386-xend-qemuu-winxpsp3 16 leak-check/check fail in 22089 never pass
 test-amd64-i386-xl-qemuu-winxpsp3-vcpus1 13 guest-stop fail in 22089 never pass

version targeted for testing:
 qemuu                b97307ecaad98360f41ea36cd9674ef810c4f8cf
baseline version:
 qemuu                8a4bd762aa01b21c43aa24c5b743f4bd7c9db3e3

------------------------------------------------------------
People who touched revisions under test:
  "M. Mohan Kumar" <mohan@in.ibm.com>
  Adam Lackorzynski <adam@os.inf.tu-dresden.de>
  Alasdair McLeay <alasdair.mcleay@me.com>
  Alberto Garcia <agarcia@igalia.com>
  Alex Bligh <alex@alex.org.uk>
  Alex Horn <alex.horn@cs.ox.ac.uk>
  Alex Rozenman <Alex_Rozenman@mentor.com>
  Alex Williamson <alex.williamson@redhat.com>
  Alexander Graf <agraf@suse.de>
  Alexey Kardashevskiy <aik@ozlabs.ru>
  Alexey Korolev <akorolex@gmail.com>
  Alexey Zaytsev <alexey.zaytsev@gmail.com>
  Alin Tomescu <tomescu.alin@gmail.com>
  Alon Levy <alevy@redhat.com>
  Amadeusz Sławiński <amade@asmblr.net>
  Amit Shah <amit.shah@redhat.com>
  Amos Kong <akong@redhat.com>
  Andre Przywara <andre.przywara@amd.com>
  Andre Przywara <andre.przywara@calxeda.com>
  Andrea Arcangeli <aarcange@redhat.com>
  Andreas F=E4rber <afaerber@suse.de>
  Andreas Färber <afaerber@suse.de>
  Andreas Färber <andreas.faeber@web.de>
  Andreas Färber <andreas.faerber@web.de>
  Andreas Färberr <afaerber@suse.de>
  Andreas Niederl <andreas.niederl@iaik.tugraz.at>
  Andreas Schwab <schwab@linux-m68k.org>
  Andreas Schwab <schwab@suse.de>
  Andrew Jones <drjones@redhat.com>
  Aneesh Kumar K.V <aneesh.kumar@linux.vnet.ibm.com>
  Anthony Green <green@moxielogic.com>
  Anthony Liguori <aliguori@us.ibm.com>
  Anthony PERARD <anthony.perard@citrix.com>
  Antoine Mathys <barsamin@gmail.com>
  Anton Blanchard <anton@au1.ibm.com>
  Anton Blanchard <anton@samba.org>
  Artyom Tarasenko <atar4qemu@gmail.com>
  Asias He <asias@redhat.com>
  Aurelien Jarno <aurelien@aurel32.net>
  Avi Kivity <avi.kivity@gmail.com>
  Avi Kivity <avi@redhat.com>
  Avik Sil <aviksil@linux.vnet.ibm.com>
  Bas van Sisseren <bas@quarantainenet.nl>
  Ben Herrenschmidt <benh@kernel.crashing.org>
  Benjamin Herrenschmidt <benh@kernel.crashing.org>
  Benoit Canet <benoit@irqsave.net>
  Bharat Bhushan <bharat.bhushan@freescale.com>
  Bharata B Rao <bharata@linux.vnet.ibm.com>
  Blue Swirl <blauwirbel@gmail.com>
  Borislav Petkov <bp@suse.de>
  Brad Smith <brad@comstyle.com>
  Bruce Rogers <brogers@suse.com>
  Charles Arnold <carnold@suse.com>
  Chegu Vinod <chegu_vinod@hp.com>
  Chen Wei-Ren <chenwj@iis.sinica.edu.tw>
  Christian Borntraeger <borntraeger@de.ibm.com>
  Christoffer Dall <c.dall@virtualopensystems.com>
  Christoffer Dall <cdall@cs.columbia.edu>
  Christophe Lyon <christophe.lyon@linaro.org>
  Claudio Fontana <claudio.fontana@huawei.com>
  Cole Robinson <crobinso@redhat.com>
  Corey Bryant <coreyb@linux.vnet.ibm.com>
  Cornelia Huck <cornelia.huck@de.ibm.com>
  Daniel P. Berrange <berrange@redhat.com>
  Daniel Sangorrin <dsl@ertl.jp>
  David Gibson <david@gibson.dropbear.id.au>
  David Gibson <david@gibson.dropbear.id.au>`z
  David Holsgrove <david.holsgrove@xilinx.com>
  David Woodhouse <David.Woodhouse@intel.com>
  Dietmar Maurer <dietmar@proxmox.com>
  Dillon Amburgey <dillona@dillona.com>
  Dmitry Fleytman <dfleytma@redhat.com>
  Dmitry Fleytman <dmitry@daynix.com>
  Dominik Dingel <dingel@linux.vnet.ibm.com>
  Don Koch <dkoch@verizon.com>
  Dong Xu Wang <wdongxu@linux.vnet.ibm.com>
  Dongxue Zhang <elta.era@gmail.com>
  Doug Goldstein <cardoe@cardoe.com>
  Dunrong Huang <huangdr@cloud-times.com>
  Dunrong Huang <riegamaths@gmail.com>
  Ed Maste <emaste@freebsd.org>
  Edgar E. Iglesias <edgar.iglesias@gmail.com>
  Edgar E. Iglesias <edgar.iglesias@xilinx.com>
  Eduardo Habkost <ehabkost@redhat.com>
  Eduardo Otubo <otubo@linux.vnet.ibm.com>
  Eiichi Tsukata <eiichi.tsukata.xh@hitachi.com>
  Ekaterina Tumanova <tumanova@linux.vnet.ibm.com>
  Eric Blake <eblake@redhat.com>
  Eric Johnson <ericj@mips.com>
  Erlon Cruz <erlon.cruz@br.flextronics.com>
  Evgeny Budilovsky <evgeny.budilovsky@ravellosystems.com>
  Evgeny Voevodin <e.voevodin@samsung.com>
  Evgeny Voevodin <evgenyvoevodin@gmail.com>
  Fabien Chouteau <chouteau@adacore.com>
  Fam Zheng <famz@redhat.com>
  Federico Simoncelli <fsimonce@redhat.com>
  Felipe Franciosi <felipe@paradoxo.org>
  Gabriel de Perthuis <g2p.code@gmail.com>
  Gabriel Kerneis <gabriel@kerneis.info>
  Gal Hammer <ghammer@redhat.com>
  Gerd Hoffmann <kraxel@redhat.com>
  Gertjan Halkes <qemu@ghalkes.nl>
  Gleb Natapov <gleb@redhat.com>
  Grant Likely <grant.likely@linaro.org>
  Grant Likely <grant.likely@secretlab.ca>
  Guan Xuetao <gxt@mprc.pku.edu.cn>
  H. Peter Anvin <hpa@zytor.com>
  Hans de Goede <hdegoede@redhat.com>
  Heinz Graalfs <graalfs@linux.vnet.ibm.com>
  Henry Harrington <henry.harrington@gmail.com>
  Hervé Poussineau <hpoussin@reactos.org>
  Hervé Poussineau <hpoussineau@reactos.org>
  Hu Tao <hutao@cn.fujitsu.com>
  Ian Jackson <ian.jackson@eu.citrix.com>
  Ian Main <imain@redhat.com>
  Ian Molton <ian.molton@collabora.co.uk>
  Igor Mammedov <imammedo@redhat.com>
  Igor Mammedov <imammedo@redhat.com> (for i386)
  Igor Mitsyanko <i.mitsyanko@gmail.com>
  Igor Mitsyanko <i.mitsyanko@samsung.com>
  Isaku Yamahata <yamahata@private.email.ne.jp>
  Isaku Yamahata <yamahata@valinux.co.jp>
  Izumi Tsutsui <tsutsui@ceres.dti.ne.jp>
  Jacob Kroon <jacob.kroon@gmail.com>
  James Hogan <james.hogan@imgtec.com>
  Jan Kiszka <jan.kiszka@siemens.com>
  Jani Kokkoken <jani.kokkonen@huawei.com>
  Jani Kokkonen <jani.kokkonen@huawei.com>
  Jason Baron <jbaron@redhat.com>
  Jason J. Herne <jjherne@us.ibm.com>
  Jason Wang <jasowang>
  Jason Wang <jasowang@redhat.com>
  Jean-Christophe DUBOIS <jcd@tribudubois.net>
  Jeff Cody <jcody@redhat.com>
  Jens Freimann <jfrei@linux.vnet.ibm.com>
  Jesse Larrew <jlarrew@linux.vnet.ibm.com>
  Jia Liu <proljc@gmail.com>
  Jia Liu <proljc@gmail.com> (for openrisc)
  Jim Meyering <meyering@redhat.com>
  John Rigby <john.rigby@linaro.org>
  John Spencer <maillist-qemu@barfooze.de>
  Jordan Justen <jordan.l.justen@intel.com>
  Josh Durgin <josh.durgin@inktank.com>
  Juan Quintela <quintela@redhat.com>
  Julien Grall <julien.grall@citrix.com>
  Julio Guerra <guerr@julio.in>
  Ján Tomko <jtomko@redhat.com>
  Jürg Billeter <j@bitron.ch>
  Kazuya Saito <saito.kazuya@jp.fujitsu.com>
  Keith Busch <keith.busch@intel.com>
  Kevin Wolf <kwolf@redhat.com>
  Kevin Wolf <mail@kevin-wolf.de>
  Kim Phillips <kim.phillips@freescale.com>
  Kirill Batuzov <batuzovk@ispras.ru>
  Knut Omang <knut.omang@oracle.com>
  KONRAD Frederic <fred.konrad@greensocs.com>
  Kuo-Jung Su <dantesu@faraday-tech.com>
  Kuo-Jung Su <dantesu@gmail.com>
  Kusanagi Kouichi <slash@ac.auone-net.jp>
  Kwok Cheung Yeung <kcy@codesourcery.com>
  Laszlo Ersek <lersek@redhat.com>
  Laurent Desnogues <laurent.desnogues@gmail.com>
  Laurent Vivier <laurent@vivier.eu>
  Lei Li <lilei@linux.vnet.ibm.com>
  Leon Alrae <leon.alrae@imgtec.com>
  liguang <lig.fnst@cn.fujitsu.com>
  Liming Wang <walimisdev@gmail.com>
  Liu Jinsong <jinsong.liu@intel.com>
  Liu Ping Fan <pingfank@linux.vnet.ibm.com>
  Liu Ping Fan <qemulist@gmail.com>
  Liu Yuan <namei.unix@gmail.com>
  Liu Yuan <tailai.ly@taobao.com>
  Lluís Vilanova <vilanova@ac.upc.edu>
  Lucas Meneghel Rodrigues <lmr@redhat.com>
  Luigi Rizzo <rizzo@iet.unipi.it>
  Luiz Capitulino <lcapitulino@redhat.com>
  M. Mohan Kumar <mohan@in.ibm.com>
  Mans Rullgard <mans@mansr.com>
  Marc-André Lureau <marcandre.lureau@redhat.com>
  Marc-André Lureau <mlureau@redhat.com>
  Marcel Apfelbaum <marcel.a@redhat.com>
  Marcelo Tosatti <mtosatti@redhat.com>
  Mark Cave-Ayland <mark.cave-ayland@ilande.co.uk>
  Markus Armbruster <armbru@redhat.com>
  Martijn van den Broek <martijn.vdbrk@gmail.com>
  Matthew Daley <mattjd@gmail.com>
  Max Filippov <jcmvbkbc@gmail.com>
  Max Filippov <jcmvbkbc@gmail.com> (for xtensa)
  Meador Inge <meadori@codesourcery.com>
  Michael Contreras <michael@inetric.com>
  Michael Ellerman <michael@ellerman.id.au>
  Michael Marineau <mike@marineau.org>
  Michael R. Hines <mrhines@us.ibm.com>
  Michael Roth <mdroth@linux.vnet.ibm.com>
  Michael S. Tsirkin <mst@redhat.com>
  Michael Tokarev <mjt@tls.msk.ru>
  Michael Walle <michael@walle.cc>
  Michael Walle <michael@walle.cc> (for lm32)
  Michal Novotny <minovotn@redhat.com>
  Michal Privoznik <mprivozn@redhat.com>
  Mike Qiu <qiudayu@linux.vnet.ibm.com>
  Miroslav Rezanina <mrezanin@redhat.com>
  MORITA Kazutaka <morita.kazutaka@lab.ntt.co.jp>
  MRatnikov <m.o.ratnikov@gmail.com>
  Nathan Rossi <nathan.rossi@xilinx.com>
  Nicholas Bellinger <nab@linux-iscsi.org>
  Nick Thomas <nick@bytemark.co.uk>
  Nickolai Zeldovich <nickolai@csail.mit.edu>
  Oleksii Shevchuk <alxchk@gmail.com>
  Olivier Hainque <hainque@adacore.com>
  Orit Wasserman <owasserm@redhat.com>
  Othmar Pasteka <pasteka@kabsi.at>
  Ozan Çağlayan <ozancag@gmail.com>
  Paolo Bonzini <pbonini@redhat.com
  Paolo Bonzini <pbonzini@redhat.com>
  Paul Brook <paul@codesourcery.com>
  Paul Burton <paul.burton@imgtec.com>
  Paul Durrant <paul.durrant@citrix.com>
  Paul Moore <pmoore@redhat.com>
  Pavel Dovgalyuk <pavel.dovgaluk@gmail.com>
  Pavel Hrdina <phrdina@redhat.com>
  Pawit Pornkitprasan <p.pawit@gmail.com>
  Petar Jovanovic <petar.jovanovic@imgtec.com>
  Petar Jovanovic <petarj@mips.com>
  Peter Chubb <peter.chubb@nicta.com.au>
  Peter Crosthwaite <peter.crosthwaite@petalogix.com>
  Peter Crosthwaite <peter.crosthwaite@xilinx.com>
  Peter Crosthwaite peter.crosthwaite@xilinx.com>
  Peter Feiner <peter@gridcentric.ca>
  Peter Lieven <pl@kamp.de>
  Peter Maydell <peter.maydell@linaro.org>
  Peter Wu <lekensteyn@gmail.com>
  Petr Matousek <pmatouse@redhat.com>
  Philipp Hahn <hahn@univention.de>
  Prerna Saxena <prerna@linux.vnet.ibm.com>
  Qiao Nuohan <qiaonuohan@cn.fujitsu.com>
  Ramkumar Ramachandra <artagnon@gmail.com>
  Richard Henderson <rth@twiddle.net>
  Richard Henderson <rth@twiddle.net> (for alpha)
  Richard Sandiford <rdsandiford@googlemail.com>
  Richard W.M. Jones <rjones@redhat.com>
  Riku Voipio <riku.voipio@iki.fi>
  Riku Voipio <riku.voipio@linaro.org>
  Robert Schiele <rschiele@gmail.com>
  Roger Pau Monné <roger.pau@citrix.com>
  Ronald Hecht <address@hidden>
  Ronald Hecht <ronald.hecht@gmx.de>
  Ronnie Sahlberg <ronniesahlberg@gmail.com>
  Samuel Seay <LightningTH@GMail.com>
  Sander Eikelenboom <linux@eikelenboom.it>
  Satoru Moriya <satoru.moriya@hds.com>
  Scott Feldman <sfeldma@cumulusnetworks.com>
  Scott Wood <scottwood@freescale.com>
  Seiji Aguchi <seiji.aguchi@hds.com>
  Serge Hallyn <serge.hallyn@ubuntu.com>
  Soren Brinkmann <soren.brinkmann@xilinx.com>
  Stefan Berger <stefanb@linux.vnet.ibm.com>
  Stefan Hajnoczi <stefanha@redhat.com>
  Stefan Priebe <s.priebe@profihost.ag>
  Stefan Weil <sw@weilnetz.de>
  Stefano Stabellini <stefano.stabellini@eu.citrix.com>
  Stuart Yoder <stuart.yoder@freescale.com>
  Thomas Huth <thuth@linux.vnet.ibm.com>
  Thomas Schwinge <thomas@codesourcery.com>
  Tiejun Chen <tiejun.chen@windriver.com>
  Tim Hardeck <thardeck@suse.de>
  Tomoki Sekiyama <tomoki.sekiyama.qu@hitachi.com>
  Umesh Deshpande <udeshpan@redhat.com>
  Uri Lublin <uril@redhat.com>
  Vadim Evard <v.e.evard@gmail.com>
  Vasilis Liaskovitis <vasilis.liaskovitis@profitbricks.com>
  Vijay Mohan Pandarathil <vijaymohan.pandarathil@hp.com>
  Viktor Mihajlovski <mihajlov@linux.vnet.ibm.com>
  Vishvananda Ishaya <vishvananda@gmail.com>
  Vladimir Senkov <hangup@gmail.com>
  Wanlong Gao <gaowanlong@cn.fujitsu.com>
  Weidong Han <hanweidong@huawei.com>
  Wen Congyang <wency@cn.fujitsu.com>
  Wenchao Xia <xiawenc@linux.vnet.ibm.com>
  Wendy Liang <jliang@xilinx.com>
  Will Auld <will.auld@intel.com>
  Xiao Guangrong <xiaoguangrong@linux.vnet.ibm.com>
  Xudong Hao <xudong.hao@intel.com>
  Yan Vugenfirer <yan@daynix.com>
  Yeongkyoon Lee <yeongkyoon.lee@samsung.com>
  Yin Yin <yin.yin@cs2c.com.cn>
  Yongbok Kim <yongbok.kim@imgtec.com>
  zhangleiqiang <zhangleiqiang@huawei.com>
  Zhenguo Wang <wangzhenguo@huawei.com>
  Zhi Yong Wu <wuzhy@linux.vnet.ibm.com>
  Ákos Kovács <akoskovacs@gmx.com>
------------------------------------------------------------

jobs:
 build-amd64                                                  pass    
 build-i386                                                   pass    
 build-amd64-oldkern                                          pass    
 build-i386-oldkern                                           pass    
 build-amd64-pvops                                            pass    
 build-i386-pvops                                             pass    
 test-amd64-i386-qemuu-rhel6hvm-amd                           pass    
 test-amd64-amd64-xl-qemuu-win7-amd64                         fail    
 test-amd64-i386-xl-qemuu-win7-amd64                          fail    
 test-amd64-i386-qemuu-rhel6hvm-intel                         pass    
 test-amd64-i386-xl-qemuu-winxpsp3-vcpus1                     fail    
 test-amd64-i386-xend-qemuu-winxpsp3                          fail    
 test-amd64-amd64-xl-qemuu-winxpsp3                           fail    


------------------------------------------------------------
sg-report-flight on woking.cam.xci-test.com
logs: /home/xc_osstest/logs
images: /home/xc_osstest/images

Logs, config files, etc. are available at
    http://www.chiark.greenend.org.uk/~xensrcts/logs

Test harness code can be found at
    http://xenbits.xensource.com/gitweb?p=osstest.git;a=summary


Pushing revision :

+ branch=qemu-upstream-unstable
+ revision=b97307ecaad98360f41ea36cd9674ef810c4f8cf
+ . cri-lock-repos
++ . cri-common
+++ . cri-getconfig
+++ umask 002
+++ getconfig Repos
+++ perl -e '
                use Osstest;
                readglobalconfig();
                print $c{"Repos"} or die $!;
        '
++ repos=/export/home/osstest/repos
++ repos_lock=/export/home/osstest/repos/lock
++ '[' x '!=' x/export/home/osstest/repos/lock ']'
++ OSSTEST_REPOS_LOCK_LOCKED=/export/home/osstest/repos/lock
++ exec with-lock-ex -w /export/home/osstest/repos/lock ./ap-push qemu-upstream-unstable b97307ecaad98360f41ea36cd9674ef810c4f8cf
+ branch=qemu-upstream-unstable
+ revision=b97307ecaad98360f41ea36cd9674ef810c4f8cf
+ . cri-lock-repos
++ . cri-common
+++ . cri-getconfig
+++ umask 002
+++ getconfig Repos
+++ perl -e '
                use Osstest;
                readglobalconfig();
                print $c{"Repos"} or die $!;
        '
++ repos=/export/home/osstest/repos
++ repos_lock=/export/home/osstest/repos/lock
++ '[' x/export/home/osstest/repos/lock '!=' x/export/home/osstest/repos/lock ']'
+ . cri-common
++ . cri-getconfig
++ umask 002
+ select_xenbranch
+ case "$branch" in
+ tree=qemuu
+ xenbranch=xen-unstable
+ '[' xqemuu = xlinux ']'
+ linuxbranch=
+ : tested/2.6.39.x
+ . ap-common
++ : osstest@xenbits.xensource.com
++ : git://xenbits.xen.org/xen.git
++ : osstest@xenbits.xensource.com:/home/xen/git/xen.git
++ : git://xenbits.xen.org/staging/qemu-xen-unstable.git
++ : git://git.kernel.org
++ : git://git.kernel.org/pub/scm/linux/kernel/git
++ : git
++ : git://xenbits.xen.org/osstest/linux-firmware.git
++ : osstest@xenbits.xensource.com:/home/osstest/ext/linux-firmware.git
++ : git://git.kernel.org/pub/scm/linux/kernel/git/firmware/linux-firmware.git
++ : osstest@xenbits.xensource.com:/home/xen/git/linux-pvops.git
++ : git://xenbits.xen.org/linux-pvops.git
++ : tested/linux-3.4
++ : tested/linux-arm-xen
++ '[' xgit://xenbits.xen.org/linux-pvops.git = x ']'
++ '[' x = x ']'
++ : git://xenbits.xen.org/linux-pvops.git
++ : tested/linux-arm-xen
++ : git://git.kernel.org/pub/scm/linux/kernel/git/konrad/xen.git
++ : tested/2.6.39.x
++ : daily-cron.qemu-upstream-unstable
++ : daily-cron.qemu-upstream-unstable
++ : http://hg.uk.xensource.com/carbon/trunk/linux-2.6.27
++ : git://xenbits.xen.org/staging/qemu-upstream-unstable.git
++ : daily-cron.qemu-upstream-unstable
+ TREE_LINUX=osstest@xenbits.xensource.com:/home/xen/git/linux-pvops.git
+ TREE_QEMU_UPSTREAM=osstest@xenbits.xensource.com:/home/xen/git/qemu-upstream-unstable.git
+ TREE_XEN=osstest@xenbits.xensource.com:/home/xen/git/xen.git
+ info_linux_tree qemu-upstream-unstable
+ case $1 in
+ return 1
+ case "$branch" in
+ cd /export/home/osstest/repos/qemu-upstream-unstable
+ git push osstest@xenbits.xensource.com:/home/xen/git/qemu-upstream-unstable.git b97307ecaad98360f41ea36cd9674ef810c4f8cf:master
Counting objects: 1   
Counting objects: 5914   
Counting objects: 35374, done.
Compressing objects:   0% (1/6260)   
Compressing objects:   1% (63/6260)   
Compressing objects:   2% (126/6260)   
Compressing objects:   3% (188/6260)   
Compressing objects:   4% (251/6260)   
Compressing objects:   5% (313/6260)   
Compressing objects:   6% (376/6260)   
Compressing objects:   7% (439/6260)   
Compressing objects:   8% (501/6260)   
Compressing objects:   9% (564/6260)   
Compressing objects:  10% (626/6260)   
Compressing objects:  11% (689/6260)   
Compressing objects:  12% (752/6260)   
Compressing objects:  13% (814/6260)   
Compressing objects:  14% (877/6260)   
Compressing objects:  15% (939/6260)   
Compressing objects:  16% (1002/6260)   
Compressing objects:  17% (1065/6260)   
Compressing objects:  18% (1127/6260)   
Compressing objects:  19% (1190/6260)   
Compressing objects:  20% (1252/6260)   
Compressing objects:  21% (1315/6260)   
Compressing objects:  22% (1378/6260)   
Compressing objects:  23% (1440/6260)   
Compressing objects:  24% (1503/6260)   
Compressing objects:  25% (1565/6260)   
Compressing objects:  26% (1628/6260)   
Compressing objects:  27% (1691/6260)   
Compressing objects:  28% (1753/6260)   
Compressing objects:  29% (1816/6260)   
Compressing objects:  30% (1878/6260)   
Compressing objects:  31% (1941/6260)   
Compressing objects:  32% (2004/6260)   
Compressing objects:  33% (2066/6260)   
Compressing objects:  34% (2129/6260)   
Compressing objects:  35% (2191/6260)   
Compressing objects:  36% (2254/6260)   
Compressing objects:  37% (2317/6260)   
Compressing objects:  38% (2379/6260)   
Compressing objects:  39% (2442/6260)   
Compressing objects:  40% (2504/6260)   
Compressing objects:  41% (2567/6260)   
Compressing objects:  42% (2630/6260)   
Compressing objects:  43% (2692/6260)   
Compressing objects:  44% (2755/6260)   
Compressing objects:  45% (2817/6260)   
Compressing objects:  46% (2880/6260)   
Compressing objects:  47% (2943/6260)   
Compressing objects:  48% (3005/6260)   
Compressing objects:  49% (3068/6260)   
Compressing objects:  50% (3130/6260)   
Compressing objects:  51% (3193/6260)   
Compressing objects:  52% (3256/6260)   
Compressing objects:  53% (3318/6260)   
Compressing objects:  54% (3381/6260)   
Compressing objects:  55% (3443/6260)   
Compressing objects:  56% (3506/6260)   
Compressing objects:  57% (3569/6260)   
Compressing objects:  58% (3631/6260)   
Compressing objects:  59% (3694/6260)   
Compressing objects:  60% (3756/6260)   
Compressing objects:  61% (3819/6260)   
Compressing objects:  62% (3882/6260)   
Compressing objects:  63% (3944/6260)   
Compressing objects:  64% (4007/6260)   
Compressing objects:  65% (4069/6260)   
Compressing objects:  66% (4132/6260)   
Compressing objects:  67% (4195/6260)   
Compressing objects:  68% (4257/6260)   
Compressing objects:  69% (4320/6260)   
Compressing objects:  70% (4382/6260)   
Compressing objects:  71% (4445/6260)   
Compressing objects:  72% (4508/6260)   
Compressing objects:  73% (4570/6260)   
Compressing objects:  74% (4633/6260)   
Compressing objects:  75% (4695/6260)   
Compressing objects:  76% (4758/6260)   
Compressing objects:  77% (4821/6260)   
Compressing objects:  78% (4883/6260)   
Compressing objects:  79% (4946/6260)   
Compressing objects:  80% (5008/6260)   
Compressing objects:  81% (5071/6260)   
Compressing objects:  82% (5134/6260)   
Compressing objects:  83% (5196/6260)   
Compressing objects:  84% (5259/6260)   
Compressing objects:  85% (5321/6260)   
Compressing objects:  86% (5384/6260)   
Compressing objects:  87% (5447/6260)   
Compressing objects:  88% (5509/6260)   
Compressing objects:  89% (5572/6260)   
Compressing objects:  90% (5634/6260)   
Compressing objects:  91% (5697/6260)   
Compressing objects:  92% (5760/6260)   
Compressing objects:  93% (5822/6260)   
Compressing objects:  94% (5885/6260)   
Compressing objects:  95% (5947/6260)   
Compressing objects:  96% (6010/6260)   
Compressing objects:  97% (6073/6260)   
Compressing objects:  98% (6135/6260)   
Compressing objects:  99% (6198/6260)   
Compressing objects: 100% (6260/6260)   
Compressing objects: 100% (6260/6260), done.
Writing objects:   0% (1/33400)   
Writing objects:   1% (334/33400)   
Writing objects:   2% (668/33400)   
Writing objects:   3% (1002/33400)   
Writing objects:   4% (1336/33400)   
Writing objects:   5% (1670/33400)   
Writing objects:   6% (2004/33400)   
Writing objects:   7% (2338/33400)   
Writing objects:   8% (2672/33400)   
Writing objects:   9% (3006/33400)   
Writing objects:  10% (3340/33400)   
Writing objects:  11% (3674/33400)   
Writing objects:  12% (4008/33400)   
Writing objects:  13% (4342/33400)   
Writing objects:  14% (4676/33400)   
Writing objects:  15% (5010/33400)   
Writing objects:  15% (5208/33400), 2.07 MiB | 3604 KiB/s   
Writing objects:  16% (5344/33400), 2.39 MiB | 1756 KiB/s   
Writing objects:  16% (5531/33400), 2.77 MiB | 1335 KiB/s   
Writing objects:  17% (5678/33400), 2.77 MiB | 1335 KiB/s   
Writing objects:  17% (5927/33400), 3.14 MiB | 1139 KiB/s   
Writing objects:  18% (6013/33400), 3.14 MiB | 1139 KiB/s   
Writing objects:  18% (6219/33400), 3.53 MiB | 1022 KiB/s   
Writing objects:  19% (6347/33400), 3.89 MiB | 938 KiB/s   
Writing objects:  19% (6524/33400), 4.27 MiB | 866 KiB/s   
Writing objects:  20% (6680/33400), 4.27 MiB | 866 KiB/s   
Writing objects:  21% (7016/33400), 4.64 MiB | 823 KiB/s   
Writing objects:  21% (7139/33400), 4.64 MiB | 823 KiB/s   
Writing objects:  21% (7233/33400), 5.39 MiB | 515 KiB/s   
Writing objects:  21% (7239/33400), 5.77 MiB | 530 KiB/s   
Writing objects:  21% (7243/33400), 6.39 MiB | 521 KiB/s   
Writing objects:  21% (7279/33400), 6.78 MiB | 520 KiB/s   
Writing objects:  22% (7348/33400), 6.78 MiB | 520 KiB/s   
Writing objects:  23% (7682/33400), 7.15 MiB | 521 KiB/s   
Writing objects:  23% (7782/33400), 7.15 MiB | 521 KiB/s   
Writing objects:  24% (8017/33400), 7.53 MiB | 527 KiB/s   
Writing objects:  24% (8169/33400), 7.90 MiB | 520 KiB/s   
Writing objects:  25% (8350/33400), 7.90 MiB | 520 KiB/s   
Writing objects:  26% (8684/33400), 7.90 MiB | 520 KiB/s   
Writing objects:  27% (9019/33400), 7.90 MiB | 520 KiB/s   
Writing objects:  28% (9352/33400), 8.27 MiB | 519 KiB/s   
Writing objects:  29% (9686/33400), 8.27 MiB | 519 KiB/s   
Writing objects:  30% (10020/33400), 8.27 MiB | 519 KiB/s   
Writing objects:  30% (10035/33400), 8.27 MiB | 519 KiB/s   
Writing objects:  31% (10354/33400), 8.27 MiB | 519 KiB/s   
Writing objects:  32% (10688/33400), 8.27 MiB | 519 KiB/s   
Writing objects:  33% (11022/33400), 8.27 MiB | 519 KiB/s   
Writing objects:  34% (11356/33400), 8.27 MiB | 519 KiB/s   
Writing objects:  35% (11690/33400), 8.27 MiB | 519 KiB/s   
Writing objects:  36% (12024/33400), 8.27 MiB | 519 KiB/s   
Writing objects:  37% (12358/33400), 8.64 MiB | 519 KiB/s   
Writing objects:  38% (12692/33400), 8.64 MiB | 519 KiB/s   
Writing objects:  39% (13026/33400), 8.64 MiB | 519 KiB/s   
Writing objects:  40% (13360/33400), 8.64 MiB | 519 KiB/s   
Writing objects:  41% (13694/33400), 8.64 MiB | 519 KiB/s   
Writing objects:  42% (14028/33400), 8.64 MiB | 519 KiB/s   
Writing objects:  42% (14180/33400), 8.64 MiB | 519 KiB/s   
Writing objects:  43% (14362/33400), 8.64 MiB | 519 KiB/s   
Writing objects:  44% (14696/33400), 8.64 MiB | 519 KiB/s   
Writing objects:  45% (15030/33400), 8.64 MiB | 519 KiB/s   
Writing objects:  46% (15364/33400), 9.02 MiB | 513 KiB/s   
Writing objects:  47% (15699/33400), 9.02 MiB | 513 KiB/s   
Writing objects:  48% (16032/33400), 9.02 MiB | 513 KiB/s   
Writing objects:  49% (16366/33400), 9.02 MiB | 513 KiB/s   
Writing objects:  50% (16700/33400), 9.02 MiB | 513 KiB/s   
Writing objects:  51% (17034/33400), 9.27 MiB | 512 KiB/s   
Writing objects:  52% (17369/33400), 9.27 MiB | 512 KiB/s   
Writing objects:  53% (17703/33400), 9.27 MiB | 512 KiB/s   
Writing objects:  53% (17994/33400), 9.27 MiB | 512 KiB/s   
Writing objects:  54% (18036/33400), 9.27 MiB | 512 KiB/s   
Writing objects:  55% (18370/33400), 9.27 MiB | 512 KiB/s   
Writing objects:  56% (18704/33400), 9.27 MiB | 512 KiB/s   
Writing objects:  57% (19038/33400), 9.27 MiB | 512 KiB/s   
Writing objects:  58% (19372/33400), 9.27 MiB | 512 KiB/s   
Writing objects:  59% (19707/33400), 9.27 MiB | 512 KiB/s   
Writing objects:  60% (20040/33400), 9.64 MiB | 520 KiB/s   
Writing objects:  61% (20374/33400), 9.64 MiB | 520 KiB/s   
Writing objects:  62% (20708/33400), 9.64 MiB | 520 KiB/s   
Writing objects:  63% (21059/33400), 9.64 MiB | 520 KiB/s   
Writing objects:  64% (21376/33400), 9.64 MiB | 520 KiB/s   
Writing objects:  64% (21502/33400), 9.89 MiB | 511 KiB/s   
Writing objects:  65% (21710/33400), 9.89 MiB | 511 KiB/s   
Writing objects:  66% (22044/33400), 9.89 MiB | 511 KiB/s   
Writing objects:  67% (22379/33400), 9.89 MiB | 511 KiB/s   
Writing objects:  68% (22715/33400), 9.89 MiB | 511 KiB/s   
Writing objects:  69% (23046/33400), 10.27 MiB | 512 KiB/s   
Writing objects:  70% (23380/33400), 10.27 MiB | 512 KiB/s   
Writing objects:  71% (23714/33400), 10.27 MiB | 512 KiB/s   
Writing objects:  72% (24048/33400), 10.27 MiB | 512 KiB/s   
Writing objects:  72% (24108/33400), 10.27 MiB | 512 KiB/s   
Writing objects:  73% (24382/33400), 10.27 MiB | 512 KiB/s   
Writing objects:  74% (24717/33400), 10.27 MiB | 512 KiB/s   
Writing objects:  75% (25050/33400), 10.27 MiB | 512 KiB/s   
Writing objects:  76% (25384/33400), 10.64 MiB | 511 KiB/s   
Writing objects:  77% (25718/33400), 10.64 MiB | 511 KiB/s   
Writing objects:  78% (26052/33400), 10.64 MiB | 511 KiB/s   
Writing objects:  78% (26196/33400), 10.64 MiB | 511 KiB/s   
Writing objects:  79% (26386/33400), 10.64 MiB | 511 KiB/s   
Writing objects:  80% (26720/33400), 11.02 MiB | 519 KiB/s   
Writing objects:  81% (27055/33400), 11.02 MiB | 519 KiB/s   
Writing objects:  82% (27388/33400), 11.02 MiB | 519 KiB/s   
Writing objects:  83% (27722/33400), 11.02 MiB | 519 KiB/s   
Writing objects:  83% (27927/33400), 11.39 MiB | 521 KiB/s   
Writing objects:  84% (28056/33400), 11.39 MiB | 521 KiB/s   
Writing objects:  85% (28390/33400), 11.39 MiB | 521 KiB/s   
Writing objects:  86% (28724/33400), 11.39 MiB | 521 KiB/s   
Writing objects:  87% (29058/33400), 11.39 MiB | 521 KiB/s   
Writing objects:  88% (29392/33400), 11.39 MiB | 521 KiB/s   
Writing objects:  89% (29726/33400), 11.64 MiB | 512 KiB/s   
Writing objects:  90% (30068/33400), 11.64 MiB | 512 KiB/s   
Writing objects:  91% (30394/33400), 11.64 MiB | 512 KiB/s   
Writing objects:  92% (30728/33400), 11.64 MiB | 512 KiB/s   
Writing objects:  93% (31062/33400), 11.64 MiB | 512 KiB/s   
Writing objects:  93% (31259/33400), 11.64 MiB | 512 KiB/s   
Writing objects:  94% (31396/33400), 11.64 MiB | 512 KiB/s   
Writing objects:  95% (31730/33400), 11.64 MiB | 512 KiB/s   
Writing objects:  96% (32064/33400), 11.64 MiB | 512 KiB/s   
Writing objects:  97% (32398/33400), 11.64 MiB | 512 KiB/s   
Writing objects:  98% (32732/33400), 12.02 MiB | 518 KiB/s   
Writing objects:  99% (33066/33400), 12.02 MiB | 518 KiB/s   
Writing objects: 100% (33400/33400), 12.02 MiB | 518 KiB/s   
Writing objects: 100% (33400/33400), 12.13 MiB | 520 KiB/s, done.
Total 33400 (delta 27049), reused 33278 (delta 27033)
To osstest@xenbits.xensource.com:/home/xen/git/qemu-upstream-unstable.git
   8a4bd76..b97307e  b97307ecaad98360f41ea36cd9674ef810c4f8cf -> master


[-- Attachment #2: Type: text/plain, Size: 126 bytes --]

_______________________________________________
Xen-devel mailing list
Xen-devel@lists.xen.org
http://lists.xen.org/xen-devel

^ permalink raw reply	[flat|nested] 6+ messages in thread

* Re: [qemu-upstream-unstable test] 22091: tolerable FAIL - PUSHED
  2013-11-23  3:34 [qemu-upstream-unstable test] 22091: tolerable FAIL - PUSHED xen.org
@ 2013-11-25  9:50 ` Ian Campbell
  2013-11-25  9:57   ` Jan Beulich
                     ` (2 more replies)
  0 siblings, 3 replies; 6+ messages in thread
From: Ian Campbell @ 2013-11-25  9:50 UTC (permalink / raw)
  To: xen.org, Anthony Perard, George Dunlap, Jan Beulich; +Cc: xen-devel

On Sat, 2013-11-23 at 03:34 +0000, xen.org wrote:
> flight 22091 qemu-upstream-unstable real [real]
> http://www.chiark.greenend.org.uk/~xensrcts/logs/22091/
> 
> Failures :-/ but no regressions.

This is the qemu 1.6 merge passing the test gate. Thanks Jan and Anthony
for tracking down the regression 

> Tests which are failing intermittently (not blocking):
>  test-amd64-amd64-xl-qemuu-win7-amd64  5 xen-boot            fail pass in 22089
>  test-amd64-amd64-xl-qemuu-winxpsp3  5 xen-boot              fail pass in 22089
>  test-amd64-i386-xend-qemuu-winxpsp3  5 xen-boot             fail pass in 22089

Should these be worrying us? It seems to have affected multiple machines
(moss-bug, bush-cricket and leaf-beetle). In all three cases they appear
to have stalled at "Starting MTA:", since that is the last thing before
the ts-log-capture induced debug key stuff. It looks like exim does
subsequently start though. This sort of thing is often a DNS thing (lack
of reverse DNS etc) IME. We don't collect any logs relevant to that
though.

>  test-amd64-i386-xl-qemuu-winxpsp3-vcpus1 12 guest-localmigrate/x10 fail pass in 22089
>  test-amd64-i386-qemuu-rhel6hvm-intel 7 redhat-install fail in 22089 pass in 22091
>  test-amd64-i386-xl-qemuu-win7-amd64 7 windows-install fail in 22089 pass in 22091
> 
> Tests which did not succeed, but are not blocking:
>  test-amd64-i386-xl-qemuu-win7-amd64 13 guest-stop              fail never pass
>  test-amd64-amd64-xl-qemuu-win7-amd64 13 guest-stop    fail in 22089 never pass
>  test-amd64-amd64-xl-qemuu-winxpsp3 13 guest-stop      fail in 22089 never pass
>  test-amd64-i386-xend-qemuu-winxpsp3 16 leak-check/check fail in 22089 never pass
>  test-amd64-i386-xl-qemuu-winxpsp3-vcpus1 13 guest-stop fail in 22089 never pass
> 
> version targeted for testing:
>  qemuu                b97307ecaad98360f41ea36cd9674ef810c4f8cf
> baseline version:
>  qemuu                8a4bd762aa01b21c43aa24c5b743f4bd7c9db3e3
> 
> ------------------------------------------------------------
> People who touched revisions under test:
>   "M. Mohan Kumar" <mohan@in.ibm.com>
>   Adam Lackorzynski <adam@os.inf.tu-dresden.de>
>   Alasdair McLeay <alasdair.mcleay@me.com>
>   Alberto Garcia <agarcia@igalia.com>
>   Alex Bligh <alex@alex.org.uk>
>   Alex Horn <alex.horn@cs.ox.ac.uk>
>   Alex Rozenman <Alex_Rozenman@mentor.com>
>   Alex Williamson <alex.williamson@redhat.com>
>   Alexander Graf <agraf@suse.de>
>   Alexey Kardashevskiy <aik@ozlabs.ru>
>   Alexey Korolev <akorolex@gmail.com>
>   Alexey Zaytsev <alexey.zaytsev@gmail.com>
>   Alin Tomescu <tomescu.alin@gmail.com>
>   Alon Levy <alevy@redhat.com>
>   Amadeusz Sławiński <amade@asmblr.net>
>   Amit Shah <amit.shah@redhat.com>
>   Amos Kong <akong@redhat.com>
>   Andre Przywara <andre.przywara@amd.com>
>   Andre Przywara <andre.przywara@calxeda.com>
>   Andrea Arcangeli <aarcange@redhat.com>
>   Andreas F=E4rber <afaerber@suse.de>
>   Andreas Färber <afaerber@suse.de>
>   Andreas Färber <andreas.faeber@web.de>
>   Andreas Färber <andreas.faerber@web.de>
>   Andreas Färberr <afaerber@suse.de>
>   Andreas Niederl <andreas.niederl@iaik.tugraz.at>
>   Andreas Schwab <schwab@linux-m68k.org>
>   Andreas Schwab <schwab@suse.de>
>   Andrew Jones <drjones@redhat.com>
>   Aneesh Kumar K.V <aneesh.kumar@linux.vnet.ibm.com>
>   Anthony Green <green@moxielogic.com>
>   Anthony Liguori <aliguori@us.ibm.com>
>   Anthony PERARD <anthony.perard@citrix.com>
>   Antoine Mathys <barsamin@gmail.com>
>   Anton Blanchard <anton@au1.ibm.com>
>   Anton Blanchard <anton@samba.org>
>   Artyom Tarasenko <atar4qemu@gmail.com>
>   Asias He <asias@redhat.com>
>   Aurelien Jarno <aurelien@aurel32.net>
>   Avi Kivity <avi.kivity@gmail.com>
>   Avi Kivity <avi@redhat.com>
>   Avik Sil <aviksil@linux.vnet.ibm.com>
>   Bas van Sisseren <bas@quarantainenet.nl>
>   Ben Herrenschmidt <benh@kernel.crashing.org>
>   Benjamin Herrenschmidt <benh@kernel.crashing.org>
>   Benoit Canet <benoit@irqsave.net>
>   Bharat Bhushan <bharat.bhushan@freescale.com>
>   Bharata B Rao <bharata@linux.vnet.ibm.com>
>   Blue Swirl <blauwirbel@gmail.com>
>   Borislav Petkov <bp@suse.de>
>   Brad Smith <brad@comstyle.com>
>   Bruce Rogers <brogers@suse.com>
>   Charles Arnold <carnold@suse.com>
>   Chegu Vinod <chegu_vinod@hp.com>
>   Chen Wei-Ren <chenwj@iis.sinica.edu.tw>
>   Christian Borntraeger <borntraeger@de.ibm.com>
>   Christoffer Dall <c.dall@virtualopensystems.com>
>   Christoffer Dall <cdall@cs.columbia.edu>
>   Christophe Lyon <christophe.lyon@linaro.org>
>   Claudio Fontana <claudio.fontana@huawei.com>
>   Cole Robinson <crobinso@redhat.com>
>   Corey Bryant <coreyb@linux.vnet.ibm.com>
>   Cornelia Huck <cornelia.huck@de.ibm.com>
>   Daniel P. Berrange <berrange@redhat.com>
>   Daniel Sangorrin <dsl@ertl.jp>
>   David Gibson <david@gibson.dropbear.id.au>
>   David Gibson <david@gibson.dropbear.id.au>`z
>   David Holsgrove <david.holsgrove@xilinx.com>
>   David Woodhouse <David.Woodhouse@intel.com>
>   Dietmar Maurer <dietmar@proxmox.com>
>   Dillon Amburgey <dillona@dillona.com>
>   Dmitry Fleytman <dfleytma@redhat.com>
>   Dmitry Fleytman <dmitry@daynix.com>
>   Dominik Dingel <dingel@linux.vnet.ibm.com>
>   Don Koch <dkoch@verizon.com>
>   Dong Xu Wang <wdongxu@linux.vnet.ibm.com>
>   Dongxue Zhang <elta.era@gmail.com>
>   Doug Goldstein <cardoe@cardoe.com>
>   Dunrong Huang <huangdr@cloud-times.com>
>   Dunrong Huang <riegamaths@gmail.com>
>   Ed Maste <emaste@freebsd.org>
>   Edgar E. Iglesias <edgar.iglesias@gmail.com>
>   Edgar E. Iglesias <edgar.iglesias@xilinx.com>
>   Eduardo Habkost <ehabkost@redhat.com>
>   Eduardo Otubo <otubo@linux.vnet.ibm.com>
>   Eiichi Tsukata <eiichi.tsukata.xh@hitachi.com>
>   Ekaterina Tumanova <tumanova@linux.vnet.ibm.com>
>   Eric Blake <eblake@redhat.com>
>   Eric Johnson <ericj@mips.com>
>   Erlon Cruz <erlon.cruz@br.flextronics.com>
>   Evgeny Budilovsky <evgeny.budilovsky@ravellosystems.com>
>   Evgeny Voevodin <e.voevodin@samsung.com>
>   Evgeny Voevodin <evgenyvoevodin@gmail.com>
>   Fabien Chouteau <chouteau@adacore.com>
>   Fam Zheng <famz@redhat.com>
>   Federico Simoncelli <fsimonce@redhat.com>
>   Felipe Franciosi <felipe@paradoxo.org>
>   Gabriel de Perthuis <g2p.code@gmail.com>
>   Gabriel Kerneis <gabriel@kerneis.info>
>   Gal Hammer <ghammer@redhat.com>
>   Gerd Hoffmann <kraxel@redhat.com>
>   Gertjan Halkes <qemu@ghalkes.nl>
>   Gleb Natapov <gleb@redhat.com>
>   Grant Likely <grant.likely@linaro.org>
>   Grant Likely <grant.likely@secretlab.ca>
>   Guan Xuetao <gxt@mprc.pku.edu.cn>
>   H. Peter Anvin <hpa@zytor.com>
>   Hans de Goede <hdegoede@redhat.com>
>   Heinz Graalfs <graalfs@linux.vnet.ibm.com>
>   Henry Harrington <henry.harrington@gmail.com>
>   Hervé Poussineau <hpoussin@reactos.org>
>   Hervé Poussineau <hpoussineau@reactos.org>
>   Hu Tao <hutao@cn.fujitsu.com>
>   Ian Jackson <ian.jackson@eu.citrix.com>
>   Ian Main <imain@redhat.com>
>   Ian Molton <ian.molton@collabora.co.uk>
>   Igor Mammedov <imammedo@redhat.com>
>   Igor Mammedov <imammedo@redhat.com> (for i386)
>   Igor Mitsyanko <i.mitsyanko@gmail.com>
>   Igor Mitsyanko <i.mitsyanko@samsung.com>
>   Isaku Yamahata <yamahata@private.email.ne.jp>
>   Isaku Yamahata <yamahata@valinux.co.jp>
>   Izumi Tsutsui <tsutsui@ceres.dti.ne.jp>
>   Jacob Kroon <jacob.kroon@gmail.com>
>   James Hogan <james.hogan@imgtec.com>
>   Jan Kiszka <jan.kiszka@siemens.com>
>   Jani Kokkoken <jani.kokkonen@huawei.com>
>   Jani Kokkonen <jani.kokkonen@huawei.com>
>   Jason Baron <jbaron@redhat.com>
>   Jason J. Herne <jjherne@us.ibm.com>
>   Jason Wang <jasowang>
>   Jason Wang <jasowang@redhat.com>
>   Jean-Christophe DUBOIS <jcd@tribudubois.net>
>   Jeff Cody <jcody@redhat.com>
>   Jens Freimann <jfrei@linux.vnet.ibm.com>
>   Jesse Larrew <jlarrew@linux.vnet.ibm.com>
>   Jia Liu <proljc@gmail.com>
>   Jia Liu <proljc@gmail.com> (for openrisc)
>   Jim Meyering <meyering@redhat.com>
>   John Rigby <john.rigby@linaro.org>
>   John Spencer <maillist-qemu@barfooze.de>
>   Jordan Justen <jordan.l.justen@intel.com>
>   Josh Durgin <josh.durgin@inktank.com>
>   Juan Quintela <quintela@redhat.com>
>   Julien Grall <julien.grall@citrix.com>
>   Julio Guerra <guerr@julio.in>
>   Ján Tomko <jtomko@redhat.com>
>   Jürg Billeter <j@bitron.ch>
>   Kazuya Saito <saito.kazuya@jp.fujitsu.com>
>   Keith Busch <keith.busch@intel.com>
>   Kevin Wolf <kwolf@redhat.com>
>   Kevin Wolf <mail@kevin-wolf.de>
>   Kim Phillips <kim.phillips@freescale.com>
>   Kirill Batuzov <batuzovk@ispras.ru>
>   Knut Omang <knut.omang@oracle.com>
>   KONRAD Frederic <fred.konrad@greensocs.com>
>   Kuo-Jung Su <dantesu@faraday-tech.com>
>   Kuo-Jung Su <dantesu@gmail.com>
>   Kusanagi Kouichi <slash@ac.auone-net.jp>
>   Kwok Cheung Yeung <kcy@codesourcery.com>
>   Laszlo Ersek <lersek@redhat.com>
>   Laurent Desnogues <laurent.desnogues@gmail.com>
>   Laurent Vivier <laurent@vivier.eu>
>   Lei Li <lilei@linux.vnet.ibm.com>
>   Leon Alrae <leon.alrae@imgtec.com>
>   liguang <lig.fnst@cn.fujitsu.com>
>   Liming Wang <walimisdev@gmail.com>
>   Liu Jinsong <jinsong.liu@intel.com>
>   Liu Ping Fan <pingfank@linux.vnet.ibm.com>
>   Liu Ping Fan <qemulist@gmail.com>
>   Liu Yuan <namei.unix@gmail.com>
>   Liu Yuan <tailai.ly@taobao.com>
>   Lluís Vilanova <vilanova@ac.upc.edu>
>   Lucas Meneghel Rodrigues <lmr@redhat.com>
>   Luigi Rizzo <rizzo@iet.unipi.it>
>   Luiz Capitulino <lcapitulino@redhat.com>
>   M. Mohan Kumar <mohan@in.ibm.com>
>   Mans Rullgard <mans@mansr.com>
>   Marc-André Lureau <marcandre.lureau@redhat.com>
>   Marc-André Lureau <mlureau@redhat.com>
>   Marcel Apfelbaum <marcel.a@redhat.com>
>   Marcelo Tosatti <mtosatti@redhat.com>
>   Mark Cave-Ayland <mark.cave-ayland@ilande.co.uk>
>   Markus Armbruster <armbru@redhat.com>
>   Martijn van den Broek <martijn.vdbrk@gmail.com>
>   Matthew Daley <mattjd@gmail.com>
>   Max Filippov <jcmvbkbc@gmail.com>
>   Max Filippov <jcmvbkbc@gmail.com> (for xtensa)
>   Meador Inge <meadori@codesourcery.com>
>   Michael Contreras <michael@inetric.com>
>   Michael Ellerman <michael@ellerman.id.au>
>   Michael Marineau <mike@marineau.org>
>   Michael R. Hines <mrhines@us.ibm.com>
>   Michael Roth <mdroth@linux.vnet.ibm.com>
>   Michael S. Tsirkin <mst@redhat.com>
>   Michael Tokarev <mjt@tls.msk.ru>
>   Michael Walle <michael@walle.cc>
>   Michael Walle <michael@walle.cc> (for lm32)
>   Michal Novotny <minovotn@redhat.com>
>   Michal Privoznik <mprivozn@redhat.com>
>   Mike Qiu <qiudayu@linux.vnet.ibm.com>
>   Miroslav Rezanina <mrezanin@redhat.com>
>   MORITA Kazutaka <morita.kazutaka@lab.ntt.co.jp>
>   MRatnikov <m.o.ratnikov@gmail.com>
>   Nathan Rossi <nathan.rossi@xilinx.com>
>   Nicholas Bellinger <nab@linux-iscsi.org>
>   Nick Thomas <nick@bytemark.co.uk>
>   Nickolai Zeldovich <nickolai@csail.mit.edu>
>   Oleksii Shevchuk <alxchk@gmail.com>
>   Olivier Hainque <hainque@adacore.com>
>   Orit Wasserman <owasserm@redhat.com>
>   Othmar Pasteka <pasteka@kabsi.at>
>   Ozan Çağlayan <ozancag@gmail.com>
>   Paolo Bonzini <pbonini@redhat.com
>   Paolo Bonzini <pbonzini@redhat.com>
>   Paul Brook <paul@codesourcery.com>
>   Paul Burton <paul.burton@imgtec.com>
>   Paul Durrant <paul.durrant@citrix.com>
>   Paul Moore <pmoore@redhat.com>
>   Pavel Dovgalyuk <pavel.dovgaluk@gmail.com>
>   Pavel Hrdina <phrdina@redhat.com>
>   Pawit Pornkitprasan <p.pawit@gmail.com>
>   Petar Jovanovic <petar.jovanovic@imgtec.com>
>   Petar Jovanovic <petarj@mips.com>
>   Peter Chubb <peter.chubb@nicta.com.au>
>   Peter Crosthwaite <peter.crosthwaite@petalogix.com>
>   Peter Crosthwaite <peter.crosthwaite@xilinx.com>
>   Peter Crosthwaite peter.crosthwaite@xilinx.com>
>   Peter Feiner <peter@gridcentric.ca>
>   Peter Lieven <pl@kamp.de>
>   Peter Maydell <peter.maydell@linaro.org>
>   Peter Wu <lekensteyn@gmail.com>
>   Petr Matousek <pmatouse@redhat.com>
>   Philipp Hahn <hahn@univention.de>
>   Prerna Saxena <prerna@linux.vnet.ibm.com>
>   Qiao Nuohan <qiaonuohan@cn.fujitsu.com>
>   Ramkumar Ramachandra <artagnon@gmail.com>
>   Richard Henderson <rth@twiddle.net>
>   Richard Henderson <rth@twiddle.net> (for alpha)
>   Richard Sandiford <rdsandiford@googlemail.com>
>   Richard W.M. Jones <rjones@redhat.com>
>   Riku Voipio <riku.voipio@iki.fi>
>   Riku Voipio <riku.voipio@linaro.org>
>   Robert Schiele <rschiele@gmail.com>
>   Roger Pau Monné <roger.pau@citrix.com>
>   Ronald Hecht <address@hidden>
>   Ronald Hecht <ronald.hecht@gmx.de>
>   Ronnie Sahlberg <ronniesahlberg@gmail.com>
>   Samuel Seay <LightningTH@GMail.com>
>   Sander Eikelenboom <linux@eikelenboom.it>
>   Satoru Moriya <satoru.moriya@hds.com>
>   Scott Feldman <sfeldma@cumulusnetworks.com>
>   Scott Wood <scottwood@freescale.com>
>   Seiji Aguchi <seiji.aguchi@hds.com>
>   Serge Hallyn <serge.hallyn@ubuntu.com>
>   Soren Brinkmann <soren.brinkmann@xilinx.com>
>   Stefan Berger <stefanb@linux.vnet.ibm.com>
>   Stefan Hajnoczi <stefanha@redhat.com>
>   Stefan Priebe <s.priebe@profihost.ag>
>   Stefan Weil <sw@weilnetz.de>
>   Stefano Stabellini <stefano.stabellini@eu.citrix.com>
>   Stuart Yoder <stuart.yoder@freescale.com>
>   Thomas Huth <thuth@linux.vnet.ibm.com>
>   Thomas Schwinge <thomas@codesourcery.com>
>   Tiejun Chen <tiejun.chen@windriver.com>
>   Tim Hardeck <thardeck@suse.de>
>   Tomoki Sekiyama <tomoki.sekiyama.qu@hitachi.com>
>   Umesh Deshpande <udeshpan@redhat.com>
>   Uri Lublin <uril@redhat.com>
>   Vadim Evard <v.e.evard@gmail.com>
>   Vasilis Liaskovitis <vasilis.liaskovitis@profitbricks.com>
>   Vijay Mohan Pandarathil <vijaymohan.pandarathil@hp.com>
>   Viktor Mihajlovski <mihajlov@linux.vnet.ibm.com>
>   Vishvananda Ishaya <vishvananda@gmail.com>
>   Vladimir Senkov <hangup@gmail.com>
>   Wanlong Gao <gaowanlong@cn.fujitsu.com>
>   Weidong Han <hanweidong@huawei.com>
>   Wen Congyang <wency@cn.fujitsu.com>
>   Wenchao Xia <xiawenc@linux.vnet.ibm.com>
>   Wendy Liang <jliang@xilinx.com>
>   Will Auld <will.auld@intel.com>
>   Xiao Guangrong <xiaoguangrong@linux.vnet.ibm.com>
>   Xudong Hao <xudong.hao@intel.com>
>   Yan Vugenfirer <yan@daynix.com>
>   Yeongkyoon Lee <yeongkyoon.lee@samsung.com>
>   Yin Yin <yin.yin@cs2c.com.cn>
>   Yongbok Kim <yongbok.kim@imgtec.com>
>   zhangleiqiang <zhangleiqiang@huawei.com>
>   Zhenguo Wang <wangzhenguo@huawei.com>
>   Zhi Yong Wu <wuzhy@linux.vnet.ibm.com>
>   Ákos Kovács <akoskovacs@gmx.com>
> ------------------------------------------------------------
> 
> jobs:
>  build-amd64                                                  pass    
>  build-i386                                                   pass    
>  build-amd64-oldkern                                          pass    
>  build-i386-oldkern                                           pass    
>  build-amd64-pvops                                            pass    
>  build-i386-pvops                                             pass    
>  test-amd64-i386-qemuu-rhel6hvm-amd                           pass    
>  test-amd64-amd64-xl-qemuu-win7-amd64                         fail    
>  test-amd64-i386-xl-qemuu-win7-amd64                          fail    
>  test-amd64-i386-qemuu-rhel6hvm-intel                         pass    
>  test-amd64-i386-xl-qemuu-winxpsp3-vcpus1                     fail    
>  test-amd64-i386-xend-qemuu-winxpsp3                          fail    
>  test-amd64-amd64-xl-qemuu-winxpsp3                           fail    
> 
> 
> ------------------------------------------------------------
> sg-report-flight on woking.cam.xci-test.com
> logs: /home/xc_osstest/logs
> images: /home/xc_osstest/images
> 
> Logs, config files, etc. are available at
>     http://www.chiark.greenend.org.uk/~xensrcts/logs
> 
> Test harness code can be found at
>     http://xenbits.xensource.com/gitweb?p=osstest.git;a=summary
> 
> 
> Pushing revision :
> 
> + branch=qemu-upstream-unstable
> + revision=b97307ecaad98360f41ea36cd9674ef810c4f8cf
> + . cri-lock-repos
> ++ . cri-common
> +++ . cri-getconfig
> +++ umask 002
> +++ getconfig Repos
> +++ perl -e '
>                 use Osstest;
>                 readglobalconfig();
>                 print $c{"Repos"} or die $!;
>         '
> ++ repos=/export/home/osstest/repos
> ++ repos_lock=/export/home/osstest/repos/lock
> ++ '[' x '!=' x/export/home/osstest/repos/lock ']'
> ++ OSSTEST_REPOS_LOCK_LOCKED=/export/home/osstest/repos/lock
> ++ exec with-lock-ex -w /export/home/osstest/repos/lock ./ap-push qemu-upstream-unstable b97307ecaad98360f41ea36cd9674ef810c4f8cf
> + branch=qemu-upstream-unstable
> + revision=b97307ecaad98360f41ea36cd9674ef810c4f8cf
> + . cri-lock-repos
> ++ . cri-common
> +++ . cri-getconfig
> +++ umask 002
> +++ getconfig Repos
> +++ perl -e '
>                 use Osstest;
>                 readglobalconfig();
>                 print $c{"Repos"} or die $!;
>         '
> ++ repos=/export/home/osstest/repos
> ++ repos_lock=/export/home/osstest/repos/lock
> ++ '[' x/export/home/osstest/repos/lock '!=' x/export/home/osstest/repos/lock ']'
> + . cri-common
> ++ . cri-getconfig
> ++ umask 002
> + select_xenbranch
> + case "$branch" in
> + tree=qemuu
> + xenbranch=xen-unstable
> + '[' xqemuu = xlinux ']'
> + linuxbranch=
> + : tested/2.6.39.x
> + . ap-common
> ++ : osstest@xenbits.xensource.com
> ++ : git://xenbits.xen.org/xen.git
> ++ : osstest@xenbits.xensource.com:/home/xen/git/xen.git
> ++ : git://xenbits.xen.org/staging/qemu-xen-unstable.git
> ++ : git://git.kernel.org
> ++ : git://git.kernel.org/pub/scm/linux/kernel/git
> ++ : git
> ++ : git://xenbits.xen.org/osstest/linux-firmware.git
> ++ : osstest@xenbits.xensource.com:/home/osstest/ext/linux-firmware.git
> ++ : git://git.kernel.org/pub/scm/linux/kernel/git/firmware/linux-firmware.git
> ++ : osstest@xenbits.xensource.com:/home/xen/git/linux-pvops.git
> ++ : git://xenbits.xen.org/linux-pvops.git
> ++ : tested/linux-3.4
> ++ : tested/linux-arm-xen
> ++ '[' xgit://xenbits.xen.org/linux-pvops.git = x ']'
> ++ '[' x = x ']'
> ++ : git://xenbits.xen.org/linux-pvops.git
> ++ : tested/linux-arm-xen
> ++ : git://git.kernel.org/pub/scm/linux/kernel/git/konrad/xen.git
> ++ : tested/2.6.39.x
> ++ : daily-cron.qemu-upstream-unstable
> ++ : daily-cron.qemu-upstream-unstable
> ++ : http://hg.uk.xensource.com/carbon/trunk/linux-2.6.27
> ++ : git://xenbits.xen.org/staging/qemu-upstream-unstable.git
> ++ : daily-cron.qemu-upstream-unstable
> + TREE_LINUX=osstest@xenbits.xensource.com:/home/xen/git/linux-pvops.git
> + TREE_QEMU_UPSTREAM=osstest@xenbits.xensource.com:/home/xen/git/qemu-upstream-unstable.git
> + TREE_XEN=osstest@xenbits.xensource.com:/home/xen/git/xen.git
> + info_linux_tree qemu-upstream-unstable
> + case $1 in
> + return 1
> + case "$branch" in
> + cd /export/home/osstest/repos/qemu-upstream-unstable
> + git push osstest@xenbits.xensource.com:/home/xen/git/qemu-upstream-unstable.git b97307ecaad98360f41ea36cd9674ef810c4f8cf:master
> Counting objects: 1   
> Counting objects: 5914   
> Counting objects: 35374, done.
> Compressing objects:   0% (1/6260)   
> Compressing objects:   1% (63/6260)   
> Compressing objects:   2% (126/6260)   
> Compressing objects:   3% (188/6260)   
> Compressing objects:   4% (251/6260)   
> Compressing objects:   5% (313/6260)   
> Compressing objects:   6% (376/6260)   
> Compressing objects:   7% (439/6260)   
> Compressing objects:   8% (501/6260)   
> Compressing objects:   9% (564/6260)   
> Compressing objects:  10% (626/6260)   
> Compressing objects:  11% (689/6260)   
> Compressing objects:  12% (752/6260)   
> Compressing objects:  13% (814/6260)   
> Compressing objects:  14% (877/6260)   
> Compressing objects:  15% (939/6260)   
> Compressing objects:  16% (1002/6260)   
> Compressing objects:  17% (1065/6260)   
> Compressing objects:  18% (1127/6260)   
> Compressing objects:  19% (1190/6260)   
> Compressing objects:  20% (1252/6260)   
> Compressing objects:  21% (1315/6260)   
> Compressing objects:  22% (1378/6260)   
> Compressing objects:  23% (1440/6260)   
> Compressing objects:  24% (1503/6260)   
> Compressing objects:  25% (1565/6260)   
> Compressing objects:  26% (1628/6260)   
> Compressing objects:  27% (1691/6260)   
> Compressing objects:  28% (1753/6260)   
> Compressing objects:  29% (1816/6260)   
> Compressing objects:  30% (1878/6260)   
> Compressing objects:  31% (1941/6260)   
> Compressing objects:  32% (2004/6260)   
> Compressing objects:  33% (2066/6260)   
> Compressing objects:  34% (2129/6260)   
> Compressing objects:  35% (2191/6260)   
> Compressing objects:  36% (2254/6260)   
> Compressing objects:  37% (2317/6260)   
> Compressing objects:  38% (2379/6260)   
> Compressing objects:  39% (2442/6260)   
> Compressing objects:  40% (2504/6260)   
> Compressing objects:  41% (2567/6260)   
> Compressing objects:  42% (2630/6260)   
> Compressing objects:  43% (2692/6260)   
> Compressing objects:  44% (2755/6260)   
> Compressing objects:  45% (2817/6260)   
> Compressing objects:  46% (2880/6260)   
> Compressing objects:  47% (2943/6260)   
> Compressing objects:  48% (3005/6260)   
> Compressing objects:  49% (3068/6260)   
> Compressing objects:  50% (3130/6260)   
> Compressing objects:  51% (3193/6260)   
> Compressing objects:  52% (3256/6260)   
> Compressing objects:  53% (3318/6260)   
> Compressing objects:  54% (3381/6260)   
> Compressing objects:  55% (3443/6260)   
> Compressing objects:  56% (3506/6260)   
> Compressing objects:  57% (3569/6260)   
> Compressing objects:  58% (3631/6260)   
> Compressing objects:  59% (3694/6260)   
> Compressing objects:  60% (3756/6260)   
> Compressing objects:  61% (3819/6260)   
> Compressing objects:  62% (3882/6260)   
> Compressing objects:  63% (3944/6260)   
> Compressing objects:  64% (4007/6260)   
> Compressing objects:  65% (4069/6260)   
> Compressing objects:  66% (4132/6260)   
> Compressing objects:  67% (4195/6260)   
> Compressing objects:  68% (4257/6260)   
> Compressing objects:  69% (4320/6260)   
> Compressing objects:  70% (4382/6260)   
> Compressing objects:  71% (4445/6260)   
> Compressing objects:  72% (4508/6260)   
> Compressing objects:  73% (4570/6260)   
> Compressing objects:  74% (4633/6260)   
> Compressing objects:  75% (4695/6260)   
> Compressing objects:  76% (4758/6260)   
> Compressing objects:  77% (4821/6260)   
> Compressing objects:  78% (4883/6260)   
> Compressing objects:  79% (4946/6260)   
> Compressing objects:  80% (5008/6260)   
> Compressing objects:  81% (5071/6260)   
> Compressing objects:  82% (5134/6260)   
> Compressing objects:  83% (5196/6260)   
> Compressing objects:  84% (5259/6260)   
> Compressing objects:  85% (5321/6260)   
> Compressing objects:  86% (5384/6260)   
> Compressing objects:  87% (5447/6260)   
> Compressing objects:  88% (5509/6260)   
> Compressing objects:  89% (5572/6260)   
> Compressing objects:  90% (5634/6260)   
> Compressing objects:  91% (5697/6260)   
> Compressing objects:  92% (5760/6260)   
> Compressing objects:  93% (5822/6260)   
> Compressing objects:  94% (5885/6260)   
> Compressing objects:  95% (5947/6260)   
> Compressing objects:  96% (6010/6260)   
> Compressing objects:  97% (6073/6260)   
> Compressing objects:  98% (6135/6260)   
> Compressing objects:  99% (6198/6260)   
> Compressing objects: 100% (6260/6260)   
> Compressing objects: 100% (6260/6260), done.
> Writing objects:   0% (1/33400)   
> Writing objects:   1% (334/33400)   
> Writing objects:   2% (668/33400)   
> Writing objects:   3% (1002/33400)   
> Writing objects:   4% (1336/33400)   
> Writing objects:   5% (1670/33400)   
> Writing objects:   6% (2004/33400)   
> Writing objects:   7% (2338/33400)   
> Writing objects:   8% (2672/33400)   
> Writing objects:   9% (3006/33400)   
> Writing objects:  10% (3340/33400)   
> Writing objects:  11% (3674/33400)   
> Writing objects:  12% (4008/33400)   
> Writing objects:  13% (4342/33400)   
> Writing objects:  14% (4676/33400)   
> Writing objects:  15% (5010/33400)   
> Writing objects:  15% (5208/33400), 2.07 MiB | 3604 KiB/s   
> Writing objects:  16% (5344/33400), 2.39 MiB | 1756 KiB/s   
> Writing objects:  16% (5531/33400), 2.77 MiB | 1335 KiB/s   
> Writing objects:  17% (5678/33400), 2.77 MiB | 1335 KiB/s   
> Writing objects:  17% (5927/33400), 3.14 MiB | 1139 KiB/s   
> Writing objects:  18% (6013/33400), 3.14 MiB | 1139 KiB/s   
> Writing objects:  18% (6219/33400), 3.53 MiB | 1022 KiB/s   
> Writing objects:  19% (6347/33400), 3.89 MiB | 938 KiB/s   
> Writing objects:  19% (6524/33400), 4.27 MiB | 866 KiB/s   
> Writing objects:  20% (6680/33400), 4.27 MiB | 866 KiB/s   
> Writing objects:  21% (7016/33400), 4.64 MiB | 823 KiB/s   
> Writing objects:  21% (7139/33400), 4.64 MiB | 823 KiB/s   
> Writing objects:  21% (7233/33400), 5.39 MiB | 515 KiB/s   
> Writing objects:  21% (7239/33400), 5.77 MiB | 530 KiB/s   
> Writing objects:  21% (7243/33400), 6.39 MiB | 521 KiB/s   
> Writing objects:  21% (7279/33400), 6.78 MiB | 520 KiB/s   
> Writing objects:  22% (7348/33400), 6.78 MiB | 520 KiB/s   
> Writing objects:  23% (7682/33400), 7.15 MiB | 521 KiB/s   
> Writing objects:  23% (7782/33400), 7.15 MiB | 521 KiB/s   
> Writing objects:  24% (8017/33400), 7.53 MiB | 527 KiB/s   
> Writing objects:  24% (8169/33400), 7.90 MiB | 520 KiB/s   
> Writing objects:  25% (8350/33400), 7.90 MiB | 520 KiB/s   
> Writing objects:  26% (8684/33400), 7.90 MiB | 520 KiB/s   
> Writing objects:  27% (9019/33400), 7.90 MiB | 520 KiB/s   
> Writing objects:  28% (9352/33400), 8.27 MiB | 519 KiB/s   
> Writing objects:  29% (9686/33400), 8.27 MiB | 519 KiB/s   
> Writing objects:  30% (10020/33400), 8.27 MiB | 519 KiB/s   
> Writing objects:  30% (10035/33400), 8.27 MiB | 519 KiB/s   
> Writing objects:  31% (10354/33400), 8.27 MiB | 519 KiB/s   
> Writing objects:  32% (10688/33400), 8.27 MiB | 519 KiB/s   
> Writing objects:  33% (11022/33400), 8.27 MiB | 519 KiB/s   
> Writing objects:  34% (11356/33400), 8.27 MiB | 519 KiB/s   
> Writing objects:  35% (11690/33400), 8.27 MiB | 519 KiB/s   
> Writing objects:  36% (12024/33400), 8.27 MiB | 519 KiB/s   
> Writing objects:  37% (12358/33400), 8.64 MiB | 519 KiB/s   
> Writing objects:  38% (12692/33400), 8.64 MiB | 519 KiB/s   
> Writing objects:  39% (13026/33400), 8.64 MiB | 519 KiB/s   
> Writing objects:  40% (13360/33400), 8.64 MiB | 519 KiB/s   
> Writing objects:  41% (13694/33400), 8.64 MiB | 519 KiB/s   
> Writing objects:  42% (14028/33400), 8.64 MiB | 519 KiB/s   
> Writing objects:  42% (14180/33400), 8.64 MiB | 519 KiB/s   
> Writing objects:  43% (14362/33400), 8.64 MiB | 519 KiB/s   
> Writing objects:  44% (14696/33400), 8.64 MiB | 519 KiB/s   
> Writing objects:  45% (15030/33400), 8.64 MiB | 519 KiB/s   
> Writing objects:  46% (15364/33400), 9.02 MiB | 513 KiB/s   
> Writing objects:  47% (15699/33400), 9.02 MiB | 513 KiB/s   
> Writing objects:  48% (16032/33400), 9.02 MiB | 513 KiB/s   
> Writing objects:  49% (16366/33400), 9.02 MiB | 513 KiB/s   
> Writing objects:  50% (16700/33400), 9.02 MiB | 513 KiB/s   
> Writing objects:  51% (17034/33400), 9.27 MiB | 512 KiB/s   
> Writing objects:  52% (17369/33400), 9.27 MiB | 512 KiB/s   
> Writing objects:  53% (17703/33400), 9.27 MiB | 512 KiB/s   
> Writing objects:  53% (17994/33400), 9.27 MiB | 512 KiB/s   
> Writing objects:  54% (18036/33400), 9.27 MiB | 512 KiB/s   
> Writing objects:  55% (18370/33400), 9.27 MiB | 512 KiB/s   
> Writing objects:  56% (18704/33400), 9.27 MiB | 512 KiB/s   
> Writing objects:  57% (19038/33400), 9.27 MiB | 512 KiB/s   
> Writing objects:  58% (19372/33400), 9.27 MiB | 512 KiB/s   
> Writing objects:  59% (19707/33400), 9.27 MiB | 512 KiB/s   
> Writing objects:  60% (20040/33400), 9.64 MiB | 520 KiB/s   
> Writing objects:  61% (20374/33400), 9.64 MiB | 520 KiB/s   
> Writing objects:  62% (20708/33400), 9.64 MiB | 520 KiB/s   
> Writing objects:  63% (21059/33400), 9.64 MiB | 520 KiB/s   
> Writing objects:  64% (21376/33400), 9.64 MiB | 520 KiB/s   
> Writing objects:  64% (21502/33400), 9.89 MiB | 511 KiB/s   
> Writing objects:  65% (21710/33400), 9.89 MiB | 511 KiB/s   
> Writing objects:  66% (22044/33400), 9.89 MiB | 511 KiB/s   
> Writing objects:  67% (22379/33400), 9.89 MiB | 511 KiB/s   
> Writing objects:  68% (22715/33400), 9.89 MiB | 511 KiB/s   
> Writing objects:  69% (23046/33400), 10.27 MiB | 512 KiB/s   
> Writing objects:  70% (23380/33400), 10.27 MiB | 512 KiB/s   
> Writing objects:  71% (23714/33400), 10.27 MiB | 512 KiB/s   
> Writing objects:  72% (24048/33400), 10.27 MiB | 512 KiB/s   
> Writing objects:  72% (24108/33400), 10.27 MiB | 512 KiB/s   
> Writing objects:  73% (24382/33400), 10.27 MiB | 512 KiB/s   
> Writing objects:  74% (24717/33400), 10.27 MiB | 512 KiB/s   
> Writing objects:  75% (25050/33400), 10.27 MiB | 512 KiB/s   
> Writing objects:  76% (25384/33400), 10.64 MiB | 511 KiB/s   
> Writing objects:  77% (25718/33400), 10.64 MiB | 511 KiB/s   
> Writing objects:  78% (26052/33400), 10.64 MiB | 511 KiB/s   
> Writing objects:  78% (26196/33400), 10.64 MiB | 511 KiB/s   
> Writing objects:  79% (26386/33400), 10.64 MiB | 511 KiB/s   
> Writing objects:  80% (26720/33400), 11.02 MiB | 519 KiB/s   
> Writing objects:  81% (27055/33400), 11.02 MiB | 519 KiB/s   
> Writing objects:  82% (27388/33400), 11.02 MiB | 519 KiB/s   
> Writing objects:  83% (27722/33400), 11.02 MiB | 519 KiB/s   
> Writing objects:  83% (27927/33400), 11.39 MiB | 521 KiB/s   
> Writing objects:  84% (28056/33400), 11.39 MiB | 521 KiB/s   
> Writing objects:  85% (28390/33400), 11.39 MiB | 521 KiB/s   
> Writing objects:  86% (28724/33400), 11.39 MiB | 521 KiB/s   
> Writing objects:  87% (29058/33400), 11.39 MiB | 521 KiB/s   
> Writing objects:  88% (29392/33400), 11.39 MiB | 521 KiB/s   
> Writing objects:  89% (29726/33400), 11.64 MiB | 512 KiB/s   
> Writing objects:  90% (30068/33400), 11.64 MiB | 512 KiB/s   
> Writing objects:  91% (30394/33400), 11.64 MiB | 512 KiB/s   
> Writing objects:  92% (30728/33400), 11.64 MiB | 512 KiB/s   
> Writing objects:  93% (31062/33400), 11.64 MiB | 512 KiB/s   
> Writing objects:  93% (31259/33400), 11.64 MiB | 512 KiB/s   
> Writing objects:  94% (31396/33400), 11.64 MiB | 512 KiB/s   
> Writing objects:  95% (31730/33400), 11.64 MiB | 512 KiB/s   
> Writing objects:  96% (32064/33400), 11.64 MiB | 512 KiB/s   
> Writing objects:  97% (32398/33400), 11.64 MiB | 512 KiB/s   
> Writing objects:  98% (32732/33400), 12.02 MiB | 518 KiB/s   
> Writing objects:  99% (33066/33400), 12.02 MiB | 518 KiB/s   
> Writing objects: 100% (33400/33400), 12.02 MiB | 518 KiB/s   
> Writing objects: 100% (33400/33400), 12.13 MiB | 520 KiB/s, done.
> Total 33400 (delta 27049), reused 33278 (delta 27033)
> To osstest@xenbits.xensource.com:/home/xen/git/qemu-upstream-unstable.git
>    8a4bd76..b97307e  b97307ecaad98360f41ea36cd9674ef810c4f8cf -> master
> 
> _______________________________________________
> Xen-devel mailing list
> Xen-devel@lists.xen.org
> http://lists.xen.org/xen-devel



_______________________________________________
Xen-devel mailing list
Xen-devel@lists.xen.org
http://lists.xen.org/xen-devel

^ permalink raw reply	[flat|nested] 6+ messages in thread

* Re: [qemu-upstream-unstable test] 22091: tolerable FAIL - PUSHED
  2013-11-25  9:50 ` Ian Campbell
@ 2013-11-25  9:57   ` Jan Beulich
  2013-11-25 10:16     ` Ian Campbell
  2013-11-25 10:08   ` Fabio Fantoni
  2013-11-25 12:00   ` Ian Jackson
  2 siblings, 1 reply; 6+ messages in thread
From: Jan Beulich @ 2013-11-25  9:57 UTC (permalink / raw)
  To: Ian Campbell; +Cc: Anthony Perard, George Dunlap, xen.org, xen-devel

>>> On 25.11.13 at 10:50, Ian Campbell <Ian.Campbell@citrix.com> wrote:
> On Sat, 2013-11-23 at 03:34 +0000, xen.org wrote:
>> Tests which are failing intermittently (not blocking):
>>  test-amd64-amd64-xl-qemuu-win7-amd64  5 xen-boot            fail pass in 
> 22089
>>  test-amd64-amd64-xl-qemuu-winxpsp3  5 xen-boot              fail pass in 
> 22089
>>  test-amd64-i386-xend-qemuu-winxpsp3  5 xen-boot             fail pass in 
> 22089
> 
> Should these be worrying us? It seems to have affected multiple machines
> (moss-bug, bush-cricket and leaf-beetle). In all three cases they appear
> to have stalled at "Starting MTA:", since that is the last thing before
> the ts-log-capture induced debug key stuff. It looks like exim does
> subsequently start though. This sort of thing is often a DNS thing (lack
> of reverse DNS etc) IME. We don't collect any logs relevant to that
> though.

The thins is that I can't see how the version of qemu could affect
Dom0 boot in the first place, so I'd generally assume these are
either artifacts or would reproduce on the main tree tests (at
which point we'd surely have to investigate them).

Jan

^ permalink raw reply	[flat|nested] 6+ messages in thread

* Re: [qemu-upstream-unstable test] 22091: tolerable FAIL - PUSHED
  2013-11-25  9:50 ` Ian Campbell
  2013-11-25  9:57   ` Jan Beulich
@ 2013-11-25 10:08   ` Fabio Fantoni
  2013-11-25 12:00   ` Ian Jackson
  2 siblings, 0 replies; 6+ messages in thread
From: Fabio Fantoni @ 2013-11-25 10:08 UTC (permalink / raw)
  To: Ian Campbell, xen.org, Anthony Perard, George Dunlap, Jan Beulich
  Cc: xen-devel

Il 25/11/2013 10:50, Ian Campbell ha scritto:
> On Sat, 2013-11-23 at 03:34 +0000, xen.org wrote:
>> flight 22091 qemu-upstream-unstable real [real]
>> http://www.chiark.greenend.org.uk/~xensrcts/logs/22091/
>>
>> Failures :-/ but no regressions.
> This is the qemu 1.6 merge passing the test gate. Thanks Jan and Anthony
> for tracking down the regression
>
>> Tests which are failing intermittently (not blocking):
>>   test-amd64-amd64-xl-qemuu-win7-amd64  5 xen-boot            fail pass in 22089

I have done extensive testing using qemu 1.6 on 64 bit dom0 and domU 
windows 7 pro 64 bit without finding boot problems.
My latest builds was exactly with staging git:
vi Config.mk
QEMU_UPSTREAM_URL ?= 
git://xenbits.xen.org/staging/qemu-upstream-unstable.git
QEMU_UPSTREAM_REVISION ?= master

Are there particular change that I should do for check the same problem 
that find the xen test system?

>>   test-amd64-amd64-xl-qemuu-winxpsp3  5 xen-boot              fail pass in 22089

About windows xp domU I did only few tests some days ago and I not found 
problems.

>>   test-amd64-i386-xend-qemuu-winxpsp3  5 xen-boot             fail pass in 22089
> Should these be worrying us? It seems to have affected multiple machines
> (moss-bug, bush-cricket and leaf-beetle). In all three cases they appear
> to have stalled at "Starting MTA:", since that is the last thing before
> the ts-log-capture induced debug key stuff. It looks like exim does
> subsequently start though. This sort of thing is often a DNS thing (lack
> of reverse DNS etc) IME. We don't collect any logs relevant to that
> though.
>
>>   test-amd64-i386-xl-qemuu-winxpsp3-vcpus1 12 guest-localmigrate/x10 fail pass in 22089
>>   test-amd64-i386-qemuu-rhel6hvm-intel 7 redhat-install fail in 22089 pass in 22091
>>   test-amd64-i386-xl-qemuu-win7-amd64 7 windows-install fail in 22089 pass in 22091
>>
>> Tests which did not succeed, but are not blocking:
>>   test-amd64-i386-xl-qemuu-win7-amd64 13 guest-stop              fail never pass
>>   test-amd64-amd64-xl-qemuu-win7-amd64 13 guest-stop    fail in 22089 never pass
>>   test-amd64-amd64-xl-qemuu-winxpsp3 13 guest-stop      fail in 22089 never pass
>>   test-amd64-i386-xend-qemuu-winxpsp3 16 leak-check/check fail in 22089 never pass
>>   test-amd64-i386-xl-qemuu-winxpsp3-vcpus1 13 guest-stop fail in 22089 never pass
>>
>> version targeted for testing:
>>   qemuu                b97307ecaad98360f41ea36cd9674ef810c4f8cf
>> baseline version:
>>   qemuu                8a4bd762aa01b21c43aa24c5b743f4bd7c9db3e3
>>
>> ------------------------------------------------------------
>> People who touched revisions under test:
>>    "M. Mohan Kumar" <mohan@in.ibm.com>
>>    Adam Lackorzynski <adam@os.inf.tu-dresden.de>
>>    Alasdair McLeay <alasdair.mcleay@me.com>
>>    Alberto Garcia <agarcia@igalia.com>
>>    Alex Bligh <alex@alex.org.uk>
>>    Alex Horn <alex.horn@cs.ox.ac.uk>
>>    Alex Rozenman <Alex_Rozenman@mentor.com>
>>    Alex Williamson <alex.williamson@redhat.com>
>>    Alexander Graf <agraf@suse.de>
>>    Alexey Kardashevskiy <aik@ozlabs.ru>
>>    Alexey Korolev <akorolex@gmail.com>
>>    Alexey Zaytsev <alexey.zaytsev@gmail.com>
>>    Alin Tomescu <tomescu.alin@gmail.com>
>>    Alon Levy <alevy@redhat.com>
>>    Amadeusz Sławiński <amade@asmblr.net>
>>    Amit Shah <amit.shah@redhat.com>
>>    Amos Kong <akong@redhat.com>
>>    Andre Przywara <andre.przywara@amd.com>
>>    Andre Przywara <andre.przywara@calxeda.com>
>>    Andrea Arcangeli <aarcange@redhat.com>
>>    Andreas F=E4rber <afaerber@suse.de>
>>    Andreas Färber <afaerber@suse.de>
>>    Andreas Färber <andreas.faeber@web.de>
>>    Andreas Färber <andreas.faerber@web.de>
>>    Andreas Färberr <afaerber@suse.de>
>>    Andreas Niederl <andreas.niederl@iaik.tugraz.at>
>>    Andreas Schwab <schwab@linux-m68k.org>
>>    Andreas Schwab <schwab@suse.de>
>>    Andrew Jones <drjones@redhat.com>
>>    Aneesh Kumar K.V <aneesh.kumar@linux.vnet.ibm.com>
>>    Anthony Green <green@moxielogic.com>
>>    Anthony Liguori <aliguori@us.ibm.com>
>>    Anthony PERARD <anthony.perard@citrix.com>
>>    Antoine Mathys <barsamin@gmail.com>
>>    Anton Blanchard <anton@au1.ibm.com>
>>    Anton Blanchard <anton@samba.org>
>>    Artyom Tarasenko <atar4qemu@gmail.com>
>>    Asias He <asias@redhat.com>
>>    Aurelien Jarno <aurelien@aurel32.net>
>>    Avi Kivity <avi.kivity@gmail.com>
>>    Avi Kivity <avi@redhat.com>
>>    Avik Sil <aviksil@linux.vnet.ibm.com>
>>    Bas van Sisseren <bas@quarantainenet.nl>
>>    Ben Herrenschmidt <benh@kernel.crashing.org>
>>    Benjamin Herrenschmidt <benh@kernel.crashing.org>
>>    Benoit Canet <benoit@irqsave.net>
>>    Bharat Bhushan <bharat.bhushan@freescale.com>
>>    Bharata B Rao <bharata@linux.vnet.ibm.com>
>>    Blue Swirl <blauwirbel@gmail.com>
>>    Borislav Petkov <bp@suse.de>
>>    Brad Smith <brad@comstyle.com>
>>    Bruce Rogers <brogers@suse.com>
>>    Charles Arnold <carnold@suse.com>
>>    Chegu Vinod <chegu_vinod@hp.com>
>>    Chen Wei-Ren <chenwj@iis.sinica.edu.tw>
>>    Christian Borntraeger <borntraeger@de.ibm.com>
>>    Christoffer Dall <c.dall@virtualopensystems.com>
>>    Christoffer Dall <cdall@cs.columbia.edu>
>>    Christophe Lyon <christophe.lyon@linaro.org>
>>    Claudio Fontana <claudio.fontana@huawei.com>
>>    Cole Robinson <crobinso@redhat.com>
>>    Corey Bryant <coreyb@linux.vnet.ibm.com>
>>    Cornelia Huck <cornelia.huck@de.ibm.com>
>>    Daniel P. Berrange <berrange@redhat.com>
>>    Daniel Sangorrin <dsl@ertl.jp>
>>    David Gibson <david@gibson.dropbear.id.au>
>>    David Gibson <david@gibson.dropbear.id.au>`z
>>    David Holsgrove <david.holsgrove@xilinx.com>
>>    David Woodhouse <David.Woodhouse@intel.com>
>>    Dietmar Maurer <dietmar@proxmox.com>
>>    Dillon Amburgey <dillona@dillona.com>
>>    Dmitry Fleytman <dfleytma@redhat.com>
>>    Dmitry Fleytman <dmitry@daynix.com>
>>    Dominik Dingel <dingel@linux.vnet.ibm.com>
>>    Don Koch <dkoch@verizon.com>
>>    Dong Xu Wang <wdongxu@linux.vnet.ibm.com>
>>    Dongxue Zhang <elta.era@gmail.com>
>>    Doug Goldstein <cardoe@cardoe.com>
>>    Dunrong Huang <huangdr@cloud-times.com>
>>    Dunrong Huang <riegamaths@gmail.com>
>>    Ed Maste <emaste@freebsd.org>
>>    Edgar E. Iglesias <edgar.iglesias@gmail.com>
>>    Edgar E. Iglesias <edgar.iglesias@xilinx.com>
>>    Eduardo Habkost <ehabkost@redhat.com>
>>    Eduardo Otubo <otubo@linux.vnet.ibm.com>
>>    Eiichi Tsukata <eiichi.tsukata.xh@hitachi.com>
>>    Ekaterina Tumanova <tumanova@linux.vnet.ibm.com>
>>    Eric Blake <eblake@redhat.com>
>>    Eric Johnson <ericj@mips.com>
>>    Erlon Cruz <erlon.cruz@br.flextronics.com>
>>    Evgeny Budilovsky <evgeny.budilovsky@ravellosystems.com>
>>    Evgeny Voevodin <e.voevodin@samsung.com>
>>    Evgeny Voevodin <evgenyvoevodin@gmail.com>
>>    Fabien Chouteau <chouteau@adacore.com>
>>    Fam Zheng <famz@redhat.com>
>>    Federico Simoncelli <fsimonce@redhat.com>
>>    Felipe Franciosi <felipe@paradoxo.org>
>>    Gabriel de Perthuis <g2p.code@gmail.com>
>>    Gabriel Kerneis <gabriel@kerneis.info>
>>    Gal Hammer <ghammer@redhat.com>
>>    Gerd Hoffmann <kraxel@redhat.com>
>>    Gertjan Halkes <qemu@ghalkes.nl>
>>    Gleb Natapov <gleb@redhat.com>
>>    Grant Likely <grant.likely@linaro.org>
>>    Grant Likely <grant.likely@secretlab.ca>
>>    Guan Xuetao <gxt@mprc.pku.edu.cn>
>>    H. Peter Anvin <hpa@zytor.com>
>>    Hans de Goede <hdegoede@redhat.com>
>>    Heinz Graalfs <graalfs@linux.vnet.ibm.com>
>>    Henry Harrington <henry.harrington@gmail.com>
>>    Hervé Poussineau <hpoussin@reactos.org>
>>    Hervé Poussineau <hpoussineau@reactos.org>
>>    Hu Tao <hutao@cn.fujitsu.com>
>>    Ian Jackson <ian.jackson@eu.citrix.com>
>>    Ian Main <imain@redhat.com>
>>    Ian Molton <ian.molton@collabora.co.uk>
>>    Igor Mammedov <imammedo@redhat.com>
>>    Igor Mammedov <imammedo@redhat.com> (for i386)
>>    Igor Mitsyanko <i.mitsyanko@gmail.com>
>>    Igor Mitsyanko <i.mitsyanko@samsung.com>
>>    Isaku Yamahata <yamahata@private.email.ne.jp>
>>    Isaku Yamahata <yamahata@valinux.co.jp>
>>    Izumi Tsutsui <tsutsui@ceres.dti.ne.jp>
>>    Jacob Kroon <jacob.kroon@gmail.com>
>>    James Hogan <james.hogan@imgtec.com>
>>    Jan Kiszka <jan.kiszka@siemens.com>
>>    Jani Kokkoken <jani.kokkonen@huawei.com>
>>    Jani Kokkonen <jani.kokkonen@huawei.com>
>>    Jason Baron <jbaron@redhat.com>
>>    Jason J. Herne <jjherne@us.ibm.com>
>>    Jason Wang <jasowang>
>>    Jason Wang <jasowang@redhat.com>
>>    Jean-Christophe DUBOIS <jcd@tribudubois.net>
>>    Jeff Cody <jcody@redhat.com>
>>    Jens Freimann <jfrei@linux.vnet.ibm.com>
>>    Jesse Larrew <jlarrew@linux.vnet.ibm.com>
>>    Jia Liu <proljc@gmail.com>
>>    Jia Liu <proljc@gmail.com> (for openrisc)
>>    Jim Meyering <meyering@redhat.com>
>>    John Rigby <john.rigby@linaro.org>
>>    John Spencer <maillist-qemu@barfooze.de>
>>    Jordan Justen <jordan.l.justen@intel.com>
>>    Josh Durgin <josh.durgin@inktank.com>
>>    Juan Quintela <quintela@redhat.com>
>>    Julien Grall <julien.grall@citrix.com>
>>    Julio Guerra <guerr@julio.in>
>>    Ján Tomko <jtomko@redhat.com>
>>    Jürg Billeter <j@bitron.ch>
>>    Kazuya Saito <saito.kazuya@jp.fujitsu.com>
>>    Keith Busch <keith.busch@intel.com>
>>    Kevin Wolf <kwolf@redhat.com>
>>    Kevin Wolf <mail@kevin-wolf.de>
>>    Kim Phillips <kim.phillips@freescale.com>
>>    Kirill Batuzov <batuzovk@ispras.ru>
>>    Knut Omang <knut.omang@oracle.com>
>>    KONRAD Frederic <fred.konrad@greensocs.com>
>>    Kuo-Jung Su <dantesu@faraday-tech.com>
>>    Kuo-Jung Su <dantesu@gmail.com>
>>    Kusanagi Kouichi <slash@ac.auone-net.jp>
>>    Kwok Cheung Yeung <kcy@codesourcery.com>
>>    Laszlo Ersek <lersek@redhat.com>
>>    Laurent Desnogues <laurent.desnogues@gmail.com>
>>    Laurent Vivier <laurent@vivier.eu>
>>    Lei Li <lilei@linux.vnet.ibm.com>
>>    Leon Alrae <leon.alrae@imgtec.com>
>>    liguang <lig.fnst@cn.fujitsu.com>
>>    Liming Wang <walimisdev@gmail.com>
>>    Liu Jinsong <jinsong.liu@intel.com>
>>    Liu Ping Fan <pingfank@linux.vnet.ibm.com>
>>    Liu Ping Fan <qemulist@gmail.com>
>>    Liu Yuan <namei.unix@gmail.com>
>>    Liu Yuan <tailai.ly@taobao.com>
>>    Lluís Vilanova <vilanova@ac.upc.edu>
>>    Lucas Meneghel Rodrigues <lmr@redhat.com>
>>    Luigi Rizzo <rizzo@iet.unipi.it>
>>    Luiz Capitulino <lcapitulino@redhat.com>
>>    M. Mohan Kumar <mohan@in.ibm.com>
>>    Mans Rullgard <mans@mansr.com>
>>    Marc-André Lureau <marcandre.lureau@redhat.com>
>>    Marc-André Lureau <mlureau@redhat.com>
>>    Marcel Apfelbaum <marcel.a@redhat.com>
>>    Marcelo Tosatti <mtosatti@redhat.com>
>>    Mark Cave-Ayland <mark.cave-ayland@ilande.co.uk>
>>    Markus Armbruster <armbru@redhat.com>
>>    Martijn van den Broek <martijn.vdbrk@gmail.com>
>>    Matthew Daley <mattjd@gmail.com>
>>    Max Filippov <jcmvbkbc@gmail.com>
>>    Max Filippov <jcmvbkbc@gmail.com> (for xtensa)
>>    Meador Inge <meadori@codesourcery.com>
>>    Michael Contreras <michael@inetric.com>
>>    Michael Ellerman <michael@ellerman.id.au>
>>    Michael Marineau <mike@marineau.org>
>>    Michael R. Hines <mrhines@us.ibm.com>
>>    Michael Roth <mdroth@linux.vnet.ibm.com>
>>    Michael S. Tsirkin <mst@redhat.com>
>>    Michael Tokarev <mjt@tls.msk.ru>
>>    Michael Walle <michael@walle.cc>
>>    Michael Walle <michael@walle.cc> (for lm32)
>>    Michal Novotny <minovotn@redhat.com>
>>    Michal Privoznik <mprivozn@redhat.com>
>>    Mike Qiu <qiudayu@linux.vnet.ibm.com>
>>    Miroslav Rezanina <mrezanin@redhat.com>
>>    MORITA Kazutaka <morita.kazutaka@lab.ntt.co.jp>
>>    MRatnikov <m.o.ratnikov@gmail.com>
>>    Nathan Rossi <nathan.rossi@xilinx.com>
>>    Nicholas Bellinger <nab@linux-iscsi.org>
>>    Nick Thomas <nick@bytemark.co.uk>
>>    Nickolai Zeldovich <nickolai@csail.mit.edu>
>>    Oleksii Shevchuk <alxchk@gmail.com>
>>    Olivier Hainque <hainque@adacore.com>
>>    Orit Wasserman <owasserm@redhat.com>
>>    Othmar Pasteka <pasteka@kabsi.at>
>>    Ozan Çağlayan <ozancag@gmail.com>
>>    Paolo Bonzini <pbonini@redhat.com
>>    Paolo Bonzini <pbonzini@redhat.com>
>>    Paul Brook <paul@codesourcery.com>
>>    Paul Burton <paul.burton@imgtec.com>
>>    Paul Durrant <paul.durrant@citrix.com>
>>    Paul Moore <pmoore@redhat.com>
>>    Pavel Dovgalyuk <pavel.dovgaluk@gmail.com>
>>    Pavel Hrdina <phrdina@redhat.com>
>>    Pawit Pornkitprasan <p.pawit@gmail.com>
>>    Petar Jovanovic <petar.jovanovic@imgtec.com>
>>    Petar Jovanovic <petarj@mips.com>
>>    Peter Chubb <peter.chubb@nicta.com.au>
>>    Peter Crosthwaite <peter.crosthwaite@petalogix.com>
>>    Peter Crosthwaite <peter.crosthwaite@xilinx.com>
>>    Peter Crosthwaite peter.crosthwaite@xilinx.com>
>>    Peter Feiner <peter@gridcentric.ca>
>>    Peter Lieven <pl@kamp.de>
>>    Peter Maydell <peter.maydell@linaro.org>
>>    Peter Wu <lekensteyn@gmail.com>
>>    Petr Matousek <pmatouse@redhat.com>
>>    Philipp Hahn <hahn@univention.de>
>>    Prerna Saxena <prerna@linux.vnet.ibm.com>
>>    Qiao Nuohan <qiaonuohan@cn.fujitsu.com>
>>    Ramkumar Ramachandra <artagnon@gmail.com>
>>    Richard Henderson <rth@twiddle.net>
>>    Richard Henderson <rth@twiddle.net> (for alpha)
>>    Richard Sandiford <rdsandiford@googlemail.com>
>>    Richard W.M. Jones <rjones@redhat.com>
>>    Riku Voipio <riku.voipio@iki.fi>
>>    Riku Voipio <riku.voipio@linaro.org>
>>    Robert Schiele <rschiele@gmail.com>
>>    Roger Pau Monné <roger.pau@citrix.com>
>>    Ronald Hecht <address@hidden>
>>    Ronald Hecht <ronald.hecht@gmx.de>
>>    Ronnie Sahlberg <ronniesahlberg@gmail.com>
>>    Samuel Seay <LightningTH@GMail.com>
>>    Sander Eikelenboom <linux@eikelenboom.it>
>>    Satoru Moriya <satoru.moriya@hds.com>
>>    Scott Feldman <sfeldma@cumulusnetworks.com>
>>    Scott Wood <scottwood@freescale.com>
>>    Seiji Aguchi <seiji.aguchi@hds.com>
>>    Serge Hallyn <serge.hallyn@ubuntu.com>
>>    Soren Brinkmann <soren.brinkmann@xilinx.com>
>>    Stefan Berger <stefanb@linux.vnet.ibm.com>
>>    Stefan Hajnoczi <stefanha@redhat.com>
>>    Stefan Priebe <s.priebe@profihost.ag>
>>    Stefan Weil <sw@weilnetz.de>
>>    Stefano Stabellini <stefano.stabellini@eu.citrix.com>
>>    Stuart Yoder <stuart.yoder@freescale.com>
>>    Thomas Huth <thuth@linux.vnet.ibm.com>
>>    Thomas Schwinge <thomas@codesourcery.com>
>>    Tiejun Chen <tiejun.chen@windriver.com>
>>    Tim Hardeck <thardeck@suse.de>
>>    Tomoki Sekiyama <tomoki.sekiyama.qu@hitachi.com>
>>    Umesh Deshpande <udeshpan@redhat.com>
>>    Uri Lublin <uril@redhat.com>
>>    Vadim Evard <v.e.evard@gmail.com>
>>    Vasilis Liaskovitis <vasilis.liaskovitis@profitbricks.com>
>>    Vijay Mohan Pandarathil <vijaymohan.pandarathil@hp.com>
>>    Viktor Mihajlovski <mihajlov@linux.vnet.ibm.com>
>>    Vishvananda Ishaya <vishvananda@gmail.com>
>>    Vladimir Senkov <hangup@gmail.com>
>>    Wanlong Gao <gaowanlong@cn.fujitsu.com>
>>    Weidong Han <hanweidong@huawei.com>
>>    Wen Congyang <wency@cn.fujitsu.com>
>>    Wenchao Xia <xiawenc@linux.vnet.ibm.com>
>>    Wendy Liang <jliang@xilinx.com>
>>    Will Auld <will.auld@intel.com>
>>    Xiao Guangrong <xiaoguangrong@linux.vnet.ibm.com>
>>    Xudong Hao <xudong.hao@intel.com>
>>    Yan Vugenfirer <yan@daynix.com>
>>    Yeongkyoon Lee <yeongkyoon.lee@samsung.com>
>>    Yin Yin <yin.yin@cs2c.com.cn>
>>    Yongbok Kim <yongbok.kim@imgtec.com>
>>    zhangleiqiang <zhangleiqiang@huawei.com>
>>    Zhenguo Wang <wangzhenguo@huawei.com>
>>    Zhi Yong Wu <wuzhy@linux.vnet.ibm.com>
>>    Ákos Kovács <akoskovacs@gmx.com>
>> ------------------------------------------------------------
>>
>> jobs:
>>   build-amd64                                                  pass
>>   build-i386                                                   pass
>>   build-amd64-oldkern                                          pass
>>   build-i386-oldkern                                           pass
>>   build-amd64-pvops                                            pass
>>   build-i386-pvops                                             pass
>>   test-amd64-i386-qemuu-rhel6hvm-amd                           pass
>>   test-amd64-amd64-xl-qemuu-win7-amd64                         fail
>>   test-amd64-i386-xl-qemuu-win7-amd64                          fail
>>   test-amd64-i386-qemuu-rhel6hvm-intel                         pass
>>   test-amd64-i386-xl-qemuu-winxpsp3-vcpus1                     fail
>>   test-amd64-i386-xend-qemuu-winxpsp3                          fail
>>   test-amd64-amd64-xl-qemuu-winxpsp3                           fail
>>
>>
>> ------------------------------------------------------------
>> sg-report-flight on woking.cam.xci-test.com
>> logs: /home/xc_osstest/logs
>> images: /home/xc_osstest/images
>>
>> Logs, config files, etc. are available at
>>      http://www.chiark.greenend.org.uk/~xensrcts/logs
>>
>> Test harness code can be found at
>>      http://xenbits.xensource.com/gitweb?p=osstest.git;a=summary
>>
>>
>> Pushing revision :
>>
>> + branch=qemu-upstream-unstable
>> + revision=b97307ecaad98360f41ea36cd9674ef810c4f8cf
>> + . cri-lock-repos
>> ++ . cri-common
>> +++ . cri-getconfig
>> +++ umask 002
>> +++ getconfig Repos
>> +++ perl -e '
>>                  use Osstest;
>>                  readglobalconfig();
>>                  print $c{"Repos"} or die $!;
>>          '
>> ++ repos=/export/home/osstest/repos
>> ++ repos_lock=/export/home/osstest/repos/lock
>> ++ '[' x '!=' x/export/home/osstest/repos/lock ']'
>> ++ OSSTEST_REPOS_LOCK_LOCKED=/export/home/osstest/repos/lock
>> ++ exec with-lock-ex -w /export/home/osstest/repos/lock ./ap-push qemu-upstream-unstable b97307ecaad98360f41ea36cd9674ef810c4f8cf
>> + branch=qemu-upstream-unstable
>> + revision=b97307ecaad98360f41ea36cd9674ef810c4f8cf
>> + . cri-lock-repos
>> ++ . cri-common
>> +++ . cri-getconfig
>> +++ umask 002
>> +++ getconfig Repos
>> +++ perl -e '
>>                  use Osstest;
>>                  readglobalconfig();
>>                  print $c{"Repos"} or die $!;
>>          '
>> ++ repos=/export/home/osstest/repos
>> ++ repos_lock=/export/home/osstest/repos/lock
>> ++ '[' x/export/home/osstest/repos/lock '!=' x/export/home/osstest/repos/lock ']'
>> + . cri-common
>> ++ . cri-getconfig
>> ++ umask 002
>> + select_xenbranch
>> + case "$branch" in
>> + tree=qemuu
>> + xenbranch=xen-unstable
>> + '[' xqemuu = xlinux ']'
>> + linuxbranch=
>> + : tested/2.6.39.x
>> + . ap-common
>> ++ : osstest@xenbits.xensource.com
>> ++ : git://xenbits.xen.org/xen.git
>> ++ : osstest@xenbits.xensource.com:/home/xen/git/xen.git
>> ++ : git://xenbits.xen.org/staging/qemu-xen-unstable.git
>> ++ : git://git.kernel.org
>> ++ : git://git.kernel.org/pub/scm/linux/kernel/git
>> ++ : git
>> ++ : git://xenbits.xen.org/osstest/linux-firmware.git
>> ++ : osstest@xenbits.xensource.com:/home/osstest/ext/linux-firmware.git
>> ++ : git://git.kernel.org/pub/scm/linux/kernel/git/firmware/linux-firmware.git
>> ++ : osstest@xenbits.xensource.com:/home/xen/git/linux-pvops.git
>> ++ : git://xenbits.xen.org/linux-pvops.git
>> ++ : tested/linux-3.4
>> ++ : tested/linux-arm-xen
>> ++ '[' xgit://xenbits.xen.org/linux-pvops.git = x ']'
>> ++ '[' x = x ']'
>> ++ : git://xenbits.xen.org/linux-pvops.git
>> ++ : tested/linux-arm-xen
>> ++ : git://git.kernel.org/pub/scm/linux/kernel/git/konrad/xen.git
>> ++ : tested/2.6.39.x
>> ++ : daily-cron.qemu-upstream-unstable
>> ++ : daily-cron.qemu-upstream-unstable
>> ++ : http://hg.uk.xensource.com/carbon/trunk/linux-2.6.27
>> ++ : git://xenbits.xen.org/staging/qemu-upstream-unstable.git
>> ++ : daily-cron.qemu-upstream-unstable
>> + TREE_LINUX=osstest@xenbits.xensource.com:/home/xen/git/linux-pvops.git
>> + TREE_QEMU_UPSTREAM=osstest@xenbits.xensource.com:/home/xen/git/qemu-upstream-unstable.git
>> + TREE_XEN=osstest@xenbits.xensource.com:/home/xen/git/xen.git
>> + info_linux_tree qemu-upstream-unstable
>> + case $1 in
>> + return 1
>> + case "$branch" in
>> + cd /export/home/osstest/repos/qemu-upstream-unstable
>> + git push osstest@xenbits.xensource.com:/home/xen/git/qemu-upstream-unstable.git b97307ecaad98360f41ea36cd9674ef810c4f8cf:master
>> Counting objects: 1
>> Counting objects: 5914
>> Counting objects: 35374, done.
>> Compressing objects:   0% (1/6260)
>> Compressing objects:   1% (63/6260)
>> Compressing objects:   2% (126/6260)
>> Compressing objects:   3% (188/6260)
>> Compressing objects:   4% (251/6260)
>> Compressing objects:   5% (313/6260)
>> Compressing objects:   6% (376/6260)
>> Compressing objects:   7% (439/6260)
>> Compressing objects:   8% (501/6260)
>> Compressing objects:   9% (564/6260)
>> Compressing objects:  10% (626/6260)
>> Compressing objects:  11% (689/6260)
>> Compressing objects:  12% (752/6260)
>> Compressing objects:  13% (814/6260)
>> Compressing objects:  14% (877/6260)
>> Compressing objects:  15% (939/6260)
>> Compressing objects:  16% (1002/6260)
>> Compressing objects:  17% (1065/6260)
>> Compressing objects:  18% (1127/6260)
>> Compressing objects:  19% (1190/6260)
>> Compressing objects:  20% (1252/6260)
>> Compressing objects:  21% (1315/6260)
>> Compressing objects:  22% (1378/6260)
>> Compressing objects:  23% (1440/6260)
>> Compressing objects:  24% (1503/6260)
>> Compressing objects:  25% (1565/6260)
>> Compressing objects:  26% (1628/6260)
>> Compressing objects:  27% (1691/6260)
>> Compressing objects:  28% (1753/6260)
>> Compressing objects:  29% (1816/6260)
>> Compressing objects:  30% (1878/6260)
>> Compressing objects:  31% (1941/6260)
>> Compressing objects:  32% (2004/6260)
>> Compressing objects:  33% (2066/6260)
>> Compressing objects:  34% (2129/6260)
>> Compressing objects:  35% (2191/6260)
>> Compressing objects:  36% (2254/6260)
>> Compressing objects:  37% (2317/6260)
>> Compressing objects:  38% (2379/6260)
>> Compressing objects:  39% (2442/6260)
>> Compressing objects:  40% (2504/6260)
>> Compressing objects:  41% (2567/6260)
>> Compressing objects:  42% (2630/6260)
>> Compressing objects:  43% (2692/6260)
>> Compressing objects:  44% (2755/6260)
>> Compressing objects:  45% (2817/6260)
>> Compressing objects:  46% (2880/6260)
>> Compressing objects:  47% (2943/6260)
>> Compressing objects:  48% (3005/6260)
>> Compressing objects:  49% (3068/6260)
>> Compressing objects:  50% (3130/6260)
>> Compressing objects:  51% (3193/6260)
>> Compressing objects:  52% (3256/6260)
>> Compressing objects:  53% (3318/6260)
>> Compressing objects:  54% (3381/6260)
>> Compressing objects:  55% (3443/6260)
>> Compressing objects:  56% (3506/6260)
>> Compressing objects:  57% (3569/6260)
>> Compressing objects:  58% (3631/6260)
>> Compressing objects:  59% (3694/6260)
>> Compressing objects:  60% (3756/6260)
>> Compressing objects:  61% (3819/6260)
>> Compressing objects:  62% (3882/6260)
>> Compressing objects:  63% (3944/6260)
>> Compressing objects:  64% (4007/6260)
>> Compressing objects:  65% (4069/6260)
>> Compressing objects:  66% (4132/6260)
>> Compressing objects:  67% (4195/6260)
>> Compressing objects:  68% (4257/6260)
>> Compressing objects:  69% (4320/6260)
>> Compressing objects:  70% (4382/6260)
>> Compressing objects:  71% (4445/6260)
>> Compressing objects:  72% (4508/6260)
>> Compressing objects:  73% (4570/6260)
>> Compressing objects:  74% (4633/6260)
>> Compressing objects:  75% (4695/6260)
>> Compressing objects:  76% (4758/6260)
>> Compressing objects:  77% (4821/6260)
>> Compressing objects:  78% (4883/6260)
>> Compressing objects:  79% (4946/6260)
>> Compressing objects:  80% (5008/6260)
>> Compressing objects:  81% (5071/6260)
>> Compressing objects:  82% (5134/6260)
>> Compressing objects:  83% (5196/6260)
>> Compressing objects:  84% (5259/6260)
>> Compressing objects:  85% (5321/6260)
>> Compressing objects:  86% (5384/6260)
>> Compressing objects:  87% (5447/6260)
>> Compressing objects:  88% (5509/6260)
>> Compressing objects:  89% (5572/6260)
>> Compressing objects:  90% (5634/6260)
>> Compressing objects:  91% (5697/6260)
>> Compressing objects:  92% (5760/6260)
>> Compressing objects:  93% (5822/6260)
>> Compressing objects:  94% (5885/6260)
>> Compressing objects:  95% (5947/6260)
>> Compressing objects:  96% (6010/6260)
>> Compressing objects:  97% (6073/6260)
>> Compressing objects:  98% (6135/6260)
>> Compressing objects:  99% (6198/6260)
>> Compressing objects: 100% (6260/6260)
>> Compressing objects: 100% (6260/6260), done.
>> Writing objects:   0% (1/33400)
>> Writing objects:   1% (334/33400)
>> Writing objects:   2% (668/33400)
>> Writing objects:   3% (1002/33400)
>> Writing objects:   4% (1336/33400)
>> Writing objects:   5% (1670/33400)
>> Writing objects:   6% (2004/33400)
>> Writing objects:   7% (2338/33400)
>> Writing objects:   8% (2672/33400)
>> Writing objects:   9% (3006/33400)
>> Writing objects:  10% (3340/33400)
>> Writing objects:  11% (3674/33400)
>> Writing objects:  12% (4008/33400)
>> Writing objects:  13% (4342/33400)
>> Writing objects:  14% (4676/33400)
>> Writing objects:  15% (5010/33400)
>> Writing objects:  15% (5208/33400), 2.07 MiB | 3604 KiB/s
>> Writing objects:  16% (5344/33400), 2.39 MiB | 1756 KiB/s
>> Writing objects:  16% (5531/33400), 2.77 MiB | 1335 KiB/s
>> Writing objects:  17% (5678/33400), 2.77 MiB | 1335 KiB/s
>> Writing objects:  17% (5927/33400), 3.14 MiB | 1139 KiB/s
>> Writing objects:  18% (6013/33400), 3.14 MiB | 1139 KiB/s
>> Writing objects:  18% (6219/33400), 3.53 MiB | 1022 KiB/s
>> Writing objects:  19% (6347/33400), 3.89 MiB | 938 KiB/s
>> Writing objects:  19% (6524/33400), 4.27 MiB | 866 KiB/s
>> Writing objects:  20% (6680/33400), 4.27 MiB | 866 KiB/s
>> Writing objects:  21% (7016/33400), 4.64 MiB | 823 KiB/s
>> Writing objects:  21% (7139/33400), 4.64 MiB | 823 KiB/s
>> Writing objects:  21% (7233/33400), 5.39 MiB | 515 KiB/s
>> Writing objects:  21% (7239/33400), 5.77 MiB | 530 KiB/s
>> Writing objects:  21% (7243/33400), 6.39 MiB | 521 KiB/s
>> Writing objects:  21% (7279/33400), 6.78 MiB | 520 KiB/s
>> Writing objects:  22% (7348/33400), 6.78 MiB | 520 KiB/s
>> Writing objects:  23% (7682/33400), 7.15 MiB | 521 KiB/s
>> Writing objects:  23% (7782/33400), 7.15 MiB | 521 KiB/s
>> Writing objects:  24% (8017/33400), 7.53 MiB | 527 KiB/s
>> Writing objects:  24% (8169/33400), 7.90 MiB | 520 KiB/s
>> Writing objects:  25% (8350/33400), 7.90 MiB | 520 KiB/s
>> Writing objects:  26% (8684/33400), 7.90 MiB | 520 KiB/s
>> Writing objects:  27% (9019/33400), 7.90 MiB | 520 KiB/s
>> Writing objects:  28% (9352/33400), 8.27 MiB | 519 KiB/s
>> Writing objects:  29% (9686/33400), 8.27 MiB | 519 KiB/s
>> Writing objects:  30% (10020/33400), 8.27 MiB | 519 KiB/s
>> Writing objects:  30% (10035/33400), 8.27 MiB | 519 KiB/s
>> Writing objects:  31% (10354/33400), 8.27 MiB | 519 KiB/s
>> Writing objects:  32% (10688/33400), 8.27 MiB | 519 KiB/s
>> Writing objects:  33% (11022/33400), 8.27 MiB | 519 KiB/s
>> Writing objects:  34% (11356/33400), 8.27 MiB | 519 KiB/s
>> Writing objects:  35% (11690/33400), 8.27 MiB | 519 KiB/s
>> Writing objects:  36% (12024/33400), 8.27 MiB | 519 KiB/s
>> Writing objects:  37% (12358/33400), 8.64 MiB | 519 KiB/s
>> Writing objects:  38% (12692/33400), 8.64 MiB | 519 KiB/s
>> Writing objects:  39% (13026/33400), 8.64 MiB | 519 KiB/s
>> Writing objects:  40% (13360/33400), 8.64 MiB | 519 KiB/s
>> Writing objects:  41% (13694/33400), 8.64 MiB | 519 KiB/s
>> Writing objects:  42% (14028/33400), 8.64 MiB | 519 KiB/s
>> Writing objects:  42% (14180/33400), 8.64 MiB | 519 KiB/s
>> Writing objects:  43% (14362/33400), 8.64 MiB | 519 KiB/s
>> Writing objects:  44% (14696/33400), 8.64 MiB | 519 KiB/s
>> Writing objects:  45% (15030/33400), 8.64 MiB | 519 KiB/s
>> Writing objects:  46% (15364/33400), 9.02 MiB | 513 KiB/s
>> Writing objects:  47% (15699/33400), 9.02 MiB | 513 KiB/s
>> Writing objects:  48% (16032/33400), 9.02 MiB | 513 KiB/s
>> Writing objects:  49% (16366/33400), 9.02 MiB | 513 KiB/s
>> Writing objects:  50% (16700/33400), 9.02 MiB | 513 KiB/s
>> Writing objects:  51% (17034/33400), 9.27 MiB | 512 KiB/s
>> Writing objects:  52% (17369/33400), 9.27 MiB | 512 KiB/s
>> Writing objects:  53% (17703/33400), 9.27 MiB | 512 KiB/s
>> Writing objects:  53% (17994/33400), 9.27 MiB | 512 KiB/s
>> Writing objects:  54% (18036/33400), 9.27 MiB | 512 KiB/s
>> Writing objects:  55% (18370/33400), 9.27 MiB | 512 KiB/s
>> Writing objects:  56% (18704/33400), 9.27 MiB | 512 KiB/s
>> Writing objects:  57% (19038/33400), 9.27 MiB | 512 KiB/s
>> Writing objects:  58% (19372/33400), 9.27 MiB | 512 KiB/s
>> Writing objects:  59% (19707/33400), 9.27 MiB | 512 KiB/s
>> Writing objects:  60% (20040/33400), 9.64 MiB | 520 KiB/s
>> Writing objects:  61% (20374/33400), 9.64 MiB | 520 KiB/s
>> Writing objects:  62% (20708/33400), 9.64 MiB | 520 KiB/s
>> Writing objects:  63% (21059/33400), 9.64 MiB | 520 KiB/s
>> Writing objects:  64% (21376/33400), 9.64 MiB | 520 KiB/s
>> Writing objects:  64% (21502/33400), 9.89 MiB | 511 KiB/s
>> Writing objects:  65% (21710/33400), 9.89 MiB | 511 KiB/s
>> Writing objects:  66% (22044/33400), 9.89 MiB | 511 KiB/s
>> Writing objects:  67% (22379/33400), 9.89 MiB | 511 KiB/s
>> Writing objects:  68% (22715/33400), 9.89 MiB | 511 KiB/s
>> Writing objects:  69% (23046/33400), 10.27 MiB | 512 KiB/s
>> Writing objects:  70% (23380/33400), 10.27 MiB | 512 KiB/s
>> Writing objects:  71% (23714/33400), 10.27 MiB | 512 KiB/s
>> Writing objects:  72% (24048/33400), 10.27 MiB | 512 KiB/s
>> Writing objects:  72% (24108/33400), 10.27 MiB | 512 KiB/s
>> Writing objects:  73% (24382/33400), 10.27 MiB | 512 KiB/s
>> Writing objects:  74% (24717/33400), 10.27 MiB | 512 KiB/s
>> Writing objects:  75% (25050/33400), 10.27 MiB | 512 KiB/s
>> Writing objects:  76% (25384/33400), 10.64 MiB | 511 KiB/s
>> Writing objects:  77% (25718/33400), 10.64 MiB | 511 KiB/s
>> Writing objects:  78% (26052/33400), 10.64 MiB | 511 KiB/s
>> Writing objects:  78% (26196/33400), 10.64 MiB | 511 KiB/s
>> Writing objects:  79% (26386/33400), 10.64 MiB | 511 KiB/s
>> Writing objects:  80% (26720/33400), 11.02 MiB | 519 KiB/s
>> Writing objects:  81% (27055/33400), 11.02 MiB | 519 KiB/s
>> Writing objects:  82% (27388/33400), 11.02 MiB | 519 KiB/s
>> Writing objects:  83% (27722/33400), 11.02 MiB | 519 KiB/s
>> Writing objects:  83% (27927/33400), 11.39 MiB | 521 KiB/s
>> Writing objects:  84% (28056/33400), 11.39 MiB | 521 KiB/s
>> Writing objects:  85% (28390/33400), 11.39 MiB | 521 KiB/s
>> Writing objects:  86% (28724/33400), 11.39 MiB | 521 KiB/s
>> Writing objects:  87% (29058/33400), 11.39 MiB | 521 KiB/s
>> Writing objects:  88% (29392/33400), 11.39 MiB | 521 KiB/s
>> Writing objects:  89% (29726/33400), 11.64 MiB | 512 KiB/s
>> Writing objects:  90% (30068/33400), 11.64 MiB | 512 KiB/s
>> Writing objects:  91% (30394/33400), 11.64 MiB | 512 KiB/s
>> Writing objects:  92% (30728/33400), 11.64 MiB | 512 KiB/s
>> Writing objects:  93% (31062/33400), 11.64 MiB | 512 KiB/s
>> Writing objects:  93% (31259/33400), 11.64 MiB | 512 KiB/s
>> Writing objects:  94% (31396/33400), 11.64 MiB | 512 KiB/s
>> Writing objects:  95% (31730/33400), 11.64 MiB | 512 KiB/s
>> Writing objects:  96% (32064/33400), 11.64 MiB | 512 KiB/s
>> Writing objects:  97% (32398/33400), 11.64 MiB | 512 KiB/s
>> Writing objects:  98% (32732/33400), 12.02 MiB | 518 KiB/s
>> Writing objects:  99% (33066/33400), 12.02 MiB | 518 KiB/s
>> Writing objects: 100% (33400/33400), 12.02 MiB | 518 KiB/s
>> Writing objects: 100% (33400/33400), 12.13 MiB | 520 KiB/s, done.
>> Total 33400 (delta 27049), reused 33278 (delta 27033)
>> To osstest@xenbits.xensource.com:/home/xen/git/qemu-upstream-unstable.git
>>     8a4bd76..b97307e  b97307ecaad98360f41ea36cd9674ef810c4f8cf -> master
>>
>> _______________________________________________
>> Xen-devel mailing list
>> Xen-devel@lists.xen.org
>> http://lists.xen.org/xen-devel
>
>
> _______________________________________________
> Xen-devel mailing list
> Xen-devel@lists.xen.org
> http://lists.xen.org/xen-devel


_______________________________________________
Xen-devel mailing list
Xen-devel@lists.xen.org
http://lists.xen.org/xen-devel

^ permalink raw reply	[flat|nested] 6+ messages in thread

* Re: [qemu-upstream-unstable test] 22091: tolerable FAIL - PUSHED
  2013-11-25  9:57   ` Jan Beulich
@ 2013-11-25 10:16     ` Ian Campbell
  0 siblings, 0 replies; 6+ messages in thread
From: Ian Campbell @ 2013-11-25 10:16 UTC (permalink / raw)
  To: Jan Beulich; +Cc: Anthony Perard, George Dunlap, xen.org, xen-devel

On Mon, 2013-11-25 at 09:57 +0000, Jan Beulich wrote:
> >>> On 25.11.13 at 10:50, Ian Campbell <Ian.Campbell@citrix.com> wrote:
> > On Sat, 2013-11-23 at 03:34 +0000, xen.org wrote:
> >> Tests which are failing intermittently (not blocking):
> >>  test-amd64-amd64-xl-qemuu-win7-amd64  5 xen-boot            fail pass in 
> > 22089
> >>  test-amd64-amd64-xl-qemuu-winxpsp3  5 xen-boot              fail pass in 
> > 22089
> >>  test-amd64-i386-xend-qemuu-winxpsp3  5 xen-boot             fail pass in 
> > 22089
> > 
> > Should these be worrying us? It seems to have affected multiple machines
> > (moss-bug, bush-cricket and leaf-beetle). In all three cases they appear
> > to have stalled at "Starting MTA:", since that is the last thing before
> > the ts-log-capture induced debug key stuff. It looks like exim does
> > subsequently start though. This sort of thing is often a DNS thing (lack
> > of reverse DNS etc) IME. We don't collect any logs relevant to that
> > though.
> 
> The thins is that I can't see how the version of qemu could affect
> Dom0 boot in the first place, so I'd generally assume these are
> either artifacts or would reproduce on the main tree tests (at
> which point we'd surely have to investigate them).

Yes, that's what I meant/assumed, I should have been clearer...

Ian.

^ permalink raw reply	[flat|nested] 6+ messages in thread

* Re: [qemu-upstream-unstable test] 22091: tolerable FAIL - PUSHED
  2013-11-25  9:50 ` Ian Campbell
  2013-11-25  9:57   ` Jan Beulich
  2013-11-25 10:08   ` Fabio Fantoni
@ 2013-11-25 12:00   ` Ian Jackson
  2 siblings, 0 replies; 6+ messages in thread
From: Ian Jackson @ 2013-11-25 12:00 UTC (permalink / raw)
  To: Ian Campbell
  Cc: Anthony Perard, George Dunlap, xen-devel, xen.org, Jan Beulich

Ian Campbell writes ("Re: [Xen-devel] [qemu-upstream-unstable test] 22091: tolerable FAIL - PUSHED"):
> On Sat, 2013-11-23 at 03:34 +0000, xen.org wrote:
> > Tests which are failing intermittently (not blocking):
> >  test-amd64-amd64-xl-qemuu-win7-amd64  5 xen-boot     fail pass in 22089
> >  test-amd64-amd64-xl-qemuu-winxpsp3  5 xen-boot       fail pass in 22089
> >  test-amd64-i386-xend-qemuu-winxpsp3  5 xen-boot      fail pass in 22089
> 
> Should these be worrying us? It seems to have affected multiple machines
> (moss-bug, bush-cricket and leaf-beetle). In all three cases they appear
> to have stalled at "Starting MTA:", since that is the last thing before
> the ts-log-capture induced debug key stuff. It looks like exim does
> subsequently start though. This sort of thing is often a DNS thing (lack
> of reverse DNS etc) IME. We don't collect any logs relevant to that
> though.

This was over the weekend.  Citrix IT have been doing some network
maintenance (there have been some emails about a big restructuring of
some stuff in Chalfont and Amsterdam).  I bet that the DNS server was
offline; I have seen that cause exim to take a long time to start in
other contexts.

So I wouldn't worry about this.

Ian.

^ permalink raw reply	[flat|nested] 6+ messages in thread

end of thread, other threads:[~2013-11-25 12:00 UTC | newest]

Thread overview: 6+ messages (download: mbox.gz follow: Atom feed
-- links below jump to the message on this page --
2013-11-23  3:34 [qemu-upstream-unstable test] 22091: tolerable FAIL - PUSHED xen.org
2013-11-25  9:50 ` Ian Campbell
2013-11-25  9:57   ` Jan Beulich
2013-11-25 10:16     ` Ian Campbell
2013-11-25 10:08   ` Fabio Fantoni
2013-11-25 12:00   ` Ian Jackson

This is a public inbox, see mirroring instructions
for how to clone and mirror all data and code used for this inbox;
as well as URLs for NNTP newsgroup(s).