* [xen-unstable test] 22101: regressions - trouble: blocked/broken/fail/pass
@ 2013-11-25 4:55 xen.org
0 siblings, 0 replies; only message in thread
From: xen.org @ 2013-11-25 4:55 UTC (permalink / raw)
To: xen-devel; +Cc: ian.jackson
flight 22101 xen-unstable real [real]
http://www.chiark.greenend.org.uk/~xensrcts/logs/22101/
Regressions :-(
Tests which did not succeed and are blocking,
including tests which could not be run:
build-amd64-pvops 4 kernel-build fail REGR. vs. 22099
build-amd64-oldkern 4 xen-build fail REGR. vs. 22099
build-amd64 4 xen-build fail REGR. vs. 22099
Tests which are failing intermittently (not blocking):
test-armhf-armhf-xl 3 host-install(3) broken pass in 22099
test-amd64-i386-xl-win7-amd64 8 guest-saverestore fail in 22099 pass in 22097
test-amd64-amd64-xl-qemuu-winxpsp3 7 windows-install fail in 22099 pass in 22097
test-amd64-i386-xl-winxpsp3-vcpus1 7 windows-install fail in 22097 pass in 22099
Tests which did not succeed, but are not blocking:
test-amd64-amd64-xl 1 xen-build-check(1) blocked n/a
test-amd64-amd64-xl-pcipt-intel 1 xen-build-check(1) blocked n/a
test-amd64-i386-xl-multivcpu 1 xen-build-check(1) blocked n/a
test-amd64-i386-rhel6hvm-intel 1 xen-build-check(1) blocked n/a
test-amd64-amd64-xl-sedf 1 xen-build-check(1) blocked n/a
test-amd64-amd64-xl-sedf-pin 1 xen-build-check(1) blocked n/a
test-amd64-i386-xl 1 xen-build-check(1) blocked n/a
test-amd64-amd64-pv 1 xen-build-check(1) blocked n/a
test-amd64-i386-qemuu-rhel6hvm-amd 1 xen-build-check(1) blocked n/a
test-amd64-i386-rhel6hvm-amd 1 xen-build-check(1) blocked n/a
test-amd64-i386-qemut-rhel6hvm-amd 1 xen-build-check(1) blocked n/a
test-amd64-i386-qemut-rhel6hvm-intel 1 xen-build-check(1) blocked n/a
test-amd64-i386-xl-credit2 1 xen-build-check(1) blocked n/a
test-amd64-i386-xend-winxpsp3 1 xen-build-check(1) blocked n/a
test-amd64-amd64-pair 1 xen-build-check(1) blocked n/a
test-amd64-amd64-xl-qemuu-win7-amd64 1 xen-build-check(1) blocked n/a
test-amd64-amd64-xl-win7-amd64 1 xen-build-check(1) blocked n/a
test-amd64-i386-pv 1 xen-build-check(1) blocked n/a
test-amd64-i386-xl-win7-amd64 1 xen-build-check(1) blocked n/a
test-amd64-i386-xl-qemut-win7-amd64 1 xen-build-check(1) blocked n/a
test-amd64-amd64-xl-qemut-winxpsp3 1 xen-build-check(1) blocked n/a
test-amd64-i386-qemuu-rhel6hvm-intel 1 xen-build-check(1) blocked n/a
test-amd64-amd64-xl-winxpsp3 1 xen-build-check(1) blocked n/a
test-amd64-i386-xend-qemut-winxpsp3 1 xen-build-check(1) blocked n/a
test-amd64-i386-xl-qemut-winxpsp3-vcpus1 1 xen-build-check(1) blocked n/a
test-amd64-i386-pair 1 xen-build-check(1) blocked n/a
test-amd64-i386-xl-winxpsp3-vcpus1 1 xen-build-check(1) blocked n/a
test-amd64-amd64-xl-qemut-win7-amd64 1 xen-build-check(1) blocked n/a
test-amd64-amd64-xl-qemuu-winxpsp3 1 xen-build-check(1) blocked n/a
test-amd64-amd64-xl-pcipt-intel 9 guest-start fail in 22099 never pass
test-armhf-armhf-xl 5 xen-boot fail in 22099 never pass
test-amd64-i386-xend-winxpsp3 16 leak-check/check fail in 22099 never pass
test-amd64-amd64-xl-qemuu-win7-amd64 13 guest-stop fail in 22099 never pass
test-amd64-amd64-xl-win7-amd64 13 guest-stop fail in 22099 never pass
test-amd64-i386-xl-qemut-win7-amd64 13 guest-stop fail in 22099 never pass
test-amd64-amd64-xl-qemut-winxpsp3 13 guest-stop fail in 22099 never pass
test-amd64-amd64-xl-winxpsp3 13 guest-stop fail in 22099 never pass
test-amd64-i386-xend-qemut-winxpsp3 16 leak-check/check fail in 22099 never pass
test-amd64-i386-xl-qemut-winxpsp3-vcpus1 13 guest-stop fail in 22099 never pass
test-amd64-i386-xl-winxpsp3-vcpus1 13 guest-stop fail in 22099 never pass
test-amd64-amd64-xl-qemut-win7-amd64 13 guest-stop fail in 22099 never pass
test-amd64-i386-xl-win7-amd64 13 guest-stop fail in 22097 never pass
test-amd64-amd64-xl-qemuu-winxpsp3 13 guest-stop fail in 22097 never pass
version targeted for testing:
xen 9bc72c626512d7d79a7f0295fbfa7cd597ce620a
baseline version:
xen 9bc72c626512d7d79a7f0295fbfa7cd597ce620a
jobs:
build-amd64 fail
build-armhf pass
build-i386 pass
build-amd64-oldkern fail
build-i386-oldkern pass
build-amd64-pvops fail
build-armhf-pvops pass
build-i386-pvops pass
test-amd64-amd64-xl blocked
test-armhf-armhf-xl broken
test-amd64-i386-xl blocked
test-amd64-i386-rhel6hvm-amd blocked
test-amd64-i386-qemut-rhel6hvm-amd blocked
test-amd64-i386-qemuu-rhel6hvm-amd blocked
test-amd64-amd64-xl-qemut-win7-amd64 blocked
test-amd64-i386-xl-qemut-win7-amd64 blocked
test-amd64-amd64-xl-qemuu-win7-amd64 blocked
test-amd64-amd64-xl-win7-amd64 blocked
test-amd64-i386-xl-win7-amd64 blocked
test-amd64-i386-xl-credit2 blocked
test-amd64-amd64-xl-pcipt-intel blocked
test-amd64-i386-rhel6hvm-intel blocked
test-amd64-i386-qemut-rhel6hvm-intel blocked
test-amd64-i386-qemuu-rhel6hvm-intel blocked
test-amd64-i386-xl-multivcpu blocked
test-amd64-amd64-pair blocked
test-amd64-i386-pair blocked
test-amd64-amd64-xl-sedf-pin blocked
test-amd64-amd64-pv blocked
test-amd64-i386-pv blocked
test-amd64-amd64-xl-sedf blocked
test-amd64-i386-xl-qemut-winxpsp3-vcpus1 blocked
test-amd64-i386-xl-winxpsp3-vcpus1 blocked
test-amd64-i386-xend-qemut-winxpsp3 blocked
test-amd64-amd64-xl-qemut-winxpsp3 blocked
test-amd64-amd64-xl-qemuu-winxpsp3 blocked
test-amd64-i386-xend-winxpsp3 blocked
test-amd64-amd64-xl-winxpsp3 blocked
------------------------------------------------------------
sg-report-flight on woking.cam.xci-test.com
logs: /home/xc_osstest/logs
images: /home/xc_osstest/images
Logs, config files, etc. are available at
http://www.chiark.greenend.org.uk/~xensrcts/logs
Test harness code can be found at
http://xenbits.xensource.com/gitweb?p=osstest.git;a=summary
Published tested tree is already up to date.
^ permalink raw reply [flat|nested] only message in thread
only message in thread, other threads:[~2013-11-25 4:55 UTC | newest]
Thread overview: (only message) (download: mbox.gz follow: Atom feed
-- links below jump to the message on this page --
2013-11-25 4:55 [xen-unstable test] 22101: regressions - trouble: blocked/broken/fail/pass xen.org
This is a public inbox, see mirroring instructions
for how to clone and mirror all data and code used for this inbox;
as well as URLs for NNTP newsgroup(s).