From mboxrd@z Thu Jan 1 00:00:00 1970 From: xen.org Subject: [xen-unstable test] 22169: regressions - FAIL Date: Thu, 28 Nov 2013 16:23:39 +0000 Message-ID: Mime-Version: 1.0 Content-Type: multipart/mixed; boundary="===============6338264351103493631==" Return-path: List-Unsubscribe: , List-Post: List-Help: List-Subscribe: , Sender: xen-devel-bounces@lists.xen.org Errors-To: xen-devel-bounces@lists.xen.org To: xen-devel@lists.xensource.com Cc: ian.jackson@eu.citrix.com List-Id: xen-devel@lists.xenproject.org --===============6338264351103493631== Content-Type: text/plain flight 22169 xen-unstable real [real] http://www.chiark.greenend.org.uk/~xensrcts/logs/22169/ Regressions :-( Tests which did not succeed and are blocking, including tests which could not be run: test-amd64-i386-xl-win7-amd64 8 guest-saverestore fail in 22163 REGR. vs. 22106 Tests which are failing intermittently (not blocking): test-amd64-i386-xl-win7-amd64 7 windows-install fail pass in 22163 test-amd64-amd64-xl-sedf-pin 7 debian-install fail in 22163 pass in 22169 test-amd64-i386-xl-winxpsp3-vcpus1 7 windows-install fail in 22163 pass in 22169 Regressions which are regarded as allowable (not blocking): test-armhf-armhf-xl 4 xen-install fail in 22163 blocked in 22106 Tests which did not succeed, but are not blocking: test-amd64-i386-freebsd10-amd64 4 xen-install fail never pass test-amd64-i386-freebsd10-i386 4 xen-install fail never pass test-amd64-amd64-xl-pcipt-intel 9 guest-start fail never pass test-armhf-armhf-xl 5 xen-boot fail never pass test-amd64-i386-xend-winxpsp3 16 leak-check/check fail never pass test-amd64-amd64-xl-qemuu-win7-amd64 13 guest-stop fail never pass test-amd64-i386-xl-qemut-win7-amd64 13 guest-stop fail never pass test-amd64-amd64-xl-qemut-winxpsp3 13 guest-stop fail never pass test-amd64-amd64-xl-win7-amd64 13 guest-stop fail never pass test-amd64-i386-xl-qemut-winxpsp3-vcpus1 13 guest-stop fail never pass test-amd64-i386-xend-qemut-winxpsp3 16 leak-check/check fail never pass test-amd64-amd64-xl-qemut-win7-amd64 13 guest-stop fail never pass test-amd64-i386-xl-winxpsp3-vcpus1 13 guest-stop fail never pass test-amd64-amd64-xl-qemuu-winxpsp3 13 guest-stop fail never pass test-amd64-amd64-xl-winxpsp3 13 guest-stop fail never pass version targeted for testing: xen 0e624511f228aef57a3c17520c466c1986e68f62 baseline version: xen e439e0b289e3590f84836e4f9bbdfa560c7af6ef ------------------------------------------------------------ People who touched revisions under test: Andrew Cooper Eddie Dong Feng Wu George Dunlap Ian Campbell Ian Jackson Jan Beulich Mukesh Rathor Roger Pau Monné Tim Deegan ------------------------------------------------------------ jobs: build-amd64 pass build-armhf pass build-i386 pass build-amd64-oldkern pass build-i386-oldkern pass build-amd64-pvops pass build-armhf-pvops pass build-i386-pvops pass test-amd64-amd64-xl pass test-armhf-armhf-xl fail test-amd64-i386-xl pass test-amd64-i386-rhel6hvm-amd pass test-amd64-i386-qemut-rhel6hvm-amd pass test-amd64-i386-qemuu-rhel6hvm-amd pass test-amd64-i386-freebsd10-amd64 fail test-amd64-amd64-xl-qemut-win7-amd64 fail test-amd64-i386-xl-qemut-win7-amd64 fail test-amd64-amd64-xl-qemuu-win7-amd64 fail test-amd64-amd64-xl-win7-amd64 fail test-amd64-i386-xl-win7-amd64 fail test-amd64-i386-xl-credit2 pass test-amd64-i386-freebsd10-i386 fail test-amd64-amd64-xl-pcipt-intel fail test-amd64-i386-rhel6hvm-intel pass test-amd64-i386-qemut-rhel6hvm-intel pass test-amd64-i386-qemuu-rhel6hvm-intel pass test-amd64-i386-xl-multivcpu pass test-amd64-amd64-pair pass test-amd64-i386-pair pass test-amd64-amd64-xl-sedf-pin pass test-amd64-amd64-pv pass test-amd64-i386-pv pass test-amd64-amd64-xl-sedf pass test-amd64-i386-xl-qemut-winxpsp3-vcpus1 fail test-amd64-i386-xl-winxpsp3-vcpus1 fail test-amd64-i386-xend-qemut-winxpsp3 fail test-amd64-amd64-xl-qemut-winxpsp3 fail test-amd64-amd64-xl-qemuu-winxpsp3 fail test-amd64-i386-xend-winxpsp3 fail test-amd64-amd64-xl-winxpsp3 fail ------------------------------------------------------------ sg-report-flight on woking.cam.xci-test.com logs: /home/xc_osstest/logs images: /home/xc_osstest/images Logs, config files, etc. are available at http://www.chiark.greenend.org.uk/~xensrcts/logs Test harness code can be found at http://xenbits.xensource.com/gitweb?p=osstest.git;a=summary Not pushing. (No revision log; it would be 414 lines long.) --===============6338264351103493631== Content-Type: text/plain; charset="us-ascii" MIME-Version: 1.0 Content-Transfer-Encoding: 7bit Content-Disposition: inline _______________________________________________ Xen-devel mailing list Xen-devel@lists.xen.org http://lists.xen.org/xen-devel --===============6338264351103493631==--