From mboxrd@z Thu Jan 1 00:00:00 1970 From: xen.org Subject: [linux-3.10 test] 22191: regressions - trouble: broken/fail/pass Date: Sat, 30 Nov 2013 04:35:55 +0000 Message-ID: Mime-Version: 1.0 Content-Type: text/plain; charset="us-ascii" Content-Transfer-Encoding: 7bit Return-path: List-Unsubscribe: , List-Post: List-Help: List-Subscribe: , Sender: xen-devel-bounces@lists.xen.org Errors-To: xen-devel-bounces@lists.xen.org To: xen-devel@lists.xensource.com Cc: ian.jackson@eu.citrix.com List-Id: xen-devel@lists.xenproject.org flight 22191 linux-3.10 real [real] http://www.chiark.greenend.org.uk/~xensrcts/logs/22191/ Regressions :-( Tests which did not succeed and are blocking, including tests which could not be run: test-amd64-i386-xl-winxpsp3-vcpus1 9 guest-localmigrate fail REGR. vs. 22060 test-amd64-i386-xl-win7-amd64 7 windows-install fail REGR. vs. 22060 Tests which did not succeed, but are not blocking: test-amd64-i386-freebsd10-i386 3 host-install(3) broken never pass test-amd64-amd64-xl-pcipt-intel 9 guest-start fail never pass test-amd64-i386-freebsd10-amd64 3 host-install(3) broken never pass test-amd64-i386-xend-winxpsp3 16 leak-check/check fail never pass test-amd64-i386-xl-qemut-winxpsp3-vcpus1 13 guest-stop fail never pass test-amd64-amd64-xl-qemuu-winxpsp3 13 guest-stop fail never pass test-amd64-i386-xl-qemut-win7-amd64 13 guest-stop fail never pass test-amd64-amd64-xl-winxpsp3 13 guest-stop fail never pass test-amd64-i386-xend-qemut-winxpsp3 16 leak-check/check fail never pass test-amd64-amd64-xl-win7-amd64 13 guest-stop fail never pass test-amd64-amd64-xl-qemut-win7-amd64 13 guest-stop fail never pass test-amd64-amd64-xl-qemuu-win7-amd64 13 guest-stop fail never pass test-amd64-amd64-xl-qemut-winxpsp3 13 guest-stop fail never pass version targeted for testing: linux 43d8b1ef8250705d07fadceefa44f91b32e08328 baseline version: linux a4c01ca3b76b28c41fb3b07a1eb1389dae24bf4a ------------------------------------------------------------ People who touched revisions under test: Aaron Lu Aaron Lu # on "Idealpad u330p" Alan Stern Anatolij Gustschin Andrew Morton Andy Adamson Anton Blanchard Ben Skeggs Benjamin Herrenschmidt Bjorn Helgaas Bob Moore Borislav Petkov Chris Wilson Christoffer Dall Christoph Hellwig Christoph Lameter Cyrus Lien Dan Carpenter Dan Williams Daniel Vetter David Henningsson Emil Velikov Felix Fietkau Franz Hsieh Gabor Juhos Gavin Shan Gertjan van Wingerde Gleb Natapov Greg Edwards Greg Kroah-Hartman Greg Thelen Guenter Roeck Hannes Reinecke Haren Myneni Helmut Schaa Herbert Xu Ilia Mirkin Ingo Molnar J. Bruce Fields Jani Nikula Jean Delvare Jeff Moyer Jens Axboe Jesper Nilsson Johan Hovold John W. Linville Julius Werner Junxiao Bi Kailang Yang Kees Cook Kevin Hao Linus Torvalds Lv Zheng Mahesh Rajashekhara Marc Kleine-Budde Marc Zyngier Markus Pargmann Martin Schwidefsky Mauro Carvalho Chehab Michael Neuling Michel Lespinasse Mike Snitzer Mikulas Patocka Mimi Zohar Myron Stowe Neil Horman Olivier Sobrie Olof Johansson Paolo Bonzini Pekka Enberg Peter Zijlstra Prarit Bhargava Puneet Kumar Rafael J. Wysocki Rob Pearce Santosh Shilimkar Stanislaw Gruszka Stanislaw Gruszka Steven Rostedt Takashi Iwai Tejun Heo Thomas Renninger Tomas Winkler Toshi Kani Trond Myklebust Vince Weaver Vinod Koul Weston Andros Adamson ------------------------------------------------------------ jobs: build-amd64 pass build-i386 pass build-amd64-pvops pass build-i386-pvops pass test-amd64-amd64-xl pass test-amd64-i386-xl pass test-amd64-i386-rhel6hvm-amd pass test-amd64-i386-qemut-rhel6hvm-amd pass test-amd64-i386-qemuu-rhel6hvm-amd pass test-amd64-i386-freebsd10-amd64 broken test-amd64-amd64-xl-qemut-win7-amd64 fail test-amd64-i386-xl-qemut-win7-amd64 fail test-amd64-amd64-xl-qemuu-win7-amd64 fail test-amd64-amd64-xl-win7-amd64 fail test-amd64-i386-xl-win7-amd64 fail test-amd64-i386-xl-credit2 pass test-amd64-i386-freebsd10-i386 broken test-amd64-amd64-xl-pcipt-intel fail test-amd64-i386-rhel6hvm-intel pass test-amd64-i386-qemut-rhel6hvm-intel pass test-amd64-i386-qemuu-rhel6hvm-intel pass test-amd64-i386-xl-multivcpu pass test-amd64-amd64-pair pass test-amd64-i386-pair pass test-amd64-amd64-xl-sedf-pin pass test-amd64-amd64-pv pass test-amd64-i386-pv pass test-amd64-amd64-xl-sedf pass test-amd64-i386-xl-qemut-winxpsp3-vcpus1 fail test-amd64-i386-xl-winxpsp3-vcpus1 fail test-amd64-i386-xend-qemut-winxpsp3 fail test-amd64-amd64-xl-qemut-winxpsp3 fail test-amd64-amd64-xl-qemuu-winxpsp3 fail test-amd64-i386-xend-winxpsp3 fail test-amd64-amd64-xl-winxpsp3 fail ------------------------------------------------------------ sg-report-flight on woking.cam.xci-test.com logs: /home/xc_osstest/logs images: /home/xc_osstest/images Logs, config files, etc. are available at http://www.chiark.greenend.org.uk/~xensrcts/logs Test harness code can be found at http://xenbits.xensource.com/gitweb?p=osstest.git;a=summary Not pushing. (No revision log; it would be 2196 lines long.)