xen-devel.lists.xenproject.org archive mirror
 help / color / mirror / Atom feed
* [linux-3.10 test] 22216: tolerable trouble: broken/fail/pass - PUSHED
@ 2013-12-02 21:00 xen.org
  0 siblings, 0 replies; only message in thread
From: xen.org @ 2013-12-02 21:00 UTC (permalink / raw)
  To: xen-devel; +Cc: ian.jackson

flight 22216 linux-3.10 real [real]
http://www.chiark.greenend.org.uk/~xensrcts/logs/22216/

Failures :-/ but no regressions.

Tests which are failing intermittently (not blocking):
 test-amd64-i386-xl-credit2    5 xen-boot                    fail pass in 22191
 test-amd64-i386-qemut-rhel6hvm-intel  9 guest-start.2       fail pass in 22191
 test-amd64-amd64-xl-pcipt-intel  5 xen-boot                 fail pass in 22191
 test-amd64-i386-xend-winxpsp3  3 host-install(3)          broken pass in 22191
 test-amd64-amd64-xl           3 host-install(3)           broken pass in 22191
 test-amd64-i386-qemuu-rhel6hvm-intel  3 host-install(3)   broken pass in 22191
 test-amd64-i386-xl-winxpsp3-vcpus1 9 guest-localmigrate fail in 22191 pass in 22216
 test-amd64-i386-xl-win7-amd64  7 windows-install   fail in 22191 pass in 22216

Tests which did not succeed, but are not blocking:
 test-amd64-i386-freebsd10-i386  3 host-install(3)            broken never pass
 test-amd64-i386-freebsd10-amd64  3 host-install(3)           broken never pass
 test-amd64-i386-xl-qemut-winxpsp3-vcpus1 13 guest-stop         fail never pass
 test-amd64-i386-xl-qemut-win7-amd64 13 guest-stop              fail never pass
 test-amd64-amd64-xl-win7-amd64 13 guest-stop                   fail never pass
 test-amd64-i386-xl-winxpsp3-vcpus1 13 guest-stop               fail never pass
 test-amd64-i386-xend-qemut-winxpsp3 16 leak-check/check        fail never pass
 test-amd64-amd64-xl-winxpsp3 13 guest-stop                   fail   never pass
 test-amd64-amd64-xl-qemut-win7-amd64 13 guest-stop             fail never pass
 test-amd64-amd64-xl-qemuu-winxpsp3 13 guest-stop               fail never pass
 test-amd64-amd64-xl-qemuu-win7-amd64 13 guest-stop             fail never pass
 test-amd64-i386-xl-win7-amd64 13 guest-stop                   fail  never pass
 test-amd64-amd64-xl-qemut-winxpsp3 13 guest-stop               fail never pass
 test-amd64-amd64-xl-pcipt-intel  9 guest-start        fail in 22191 never pass
 test-amd64-i386-xend-winxpsp3 16 leak-check/check     fail in 22191 never pass

version targeted for testing:
 linux                43d8b1ef8250705d07fadceefa44f91b32e08328
baseline version:
 linux                a4c01ca3b76b28c41fb3b07a1eb1389dae24bf4a

------------------------------------------------------------
People who touched revisions under test:
  Aaron Lu <aaron.lu@intel.com>
  Aaron Lu <aaron.lu@intel.com> # on "Idealpad u330p"
  Alan Stern <stern@rowland.harvard.edu>
  Anatolij Gustschin <agust@denx.de>
  Andrew Morton <akpm@linux-foundation.org>
  Andy Adamson <andros@netapp.com>
  Anton Blanchard <anton@samba.org>
  Ben Skeggs <bskeggs@redhat.com>
  Benjamin Herrenschmidt <benh@kernel.crashing.org>
  Bjorn Helgaas <bhelgaas@google.com>
  Bob Moore <robert.moore@intel.com>
  Borislav Petkov <bp@suse.de>
  Chris Wilson <chris@chris-wilson.co.uk>
  Christoffer Dall <christoffer.dall@linaro.org>
  Christoph Hellwig <hch@lst.de>
  Christoph Lameter <cl@linux.com>
  Cyrus Lien <cyrus.lien@canonical.com>
  Dan Carpenter <dan.carpenter@oracle.com>
  Dan Williams <dcbw@redhat.com>
  Daniel Vetter <daniel.vetter@ffwll.ch>
  David Henningsson <david.henningsson@canonical.com>
  Emil Velikov <emil.l.velikov@gmail.com>
  Felix Fietkau <nbd@openwrt.org>
  Franz Hsieh <franz.hsieh@canonical.com>
  Gabor Juhos <juhosg@openwrt.org>
  Gavin Shan <shangw@linux.vnet.ibm.com>
  Gertjan van Wingerde <gwingerde@gmail.com>
  Gleb Natapov <gleb@redhat.com>
  Greg Edwards <gedwards@ddn.com>
  Greg Kroah-Hartman <gregkh@linuxfoundation.org>
  Greg Thelen <gthelen@google.com>
  Guenter Roeck <linux@roeck-us.net>
  Hannes Reinecke <hare@suse.de>
  Haren Myneni <haren@linux.vnet.ibm.com>
  Helmut Schaa <helmut.schaa@googlemail.com>
  Herbert Xu <herbert@gondor.apana.org.au>
  Ilia Mirkin <imirkin@alum.mit.edu>
  Ingo Molnar <mingo@kernel.org>
  J. Bruce Fields <bfields@redhat.com>
  Jani Nikula <jani.nikula@intel.com>
  Jean Delvare <khali@linux-fr.org>
  Jeff Moyer <jmoyer@redhat.com>
  Jens Axboe <axboe@kernel.dk>
  Jesper Nilsson <jesper.nilsson@axis.com>
  Johan Hovold <jhovold@gmail.com>
  John W. Linville <linville@tuxdriver.com>
  Julius Werner <jwerner@chromium.org>
  Junxiao Bi <junxiao.bi@oracle.com>
  Kailang Yang <kailang@realtek.com>
  Kees Cook <keescook@chromium.org>
  Kevin Hao <haokexin@gmail.com>
  Linus Torvalds <torvalds@linux-foundation.org>
  Lv Zheng <lv.zheng@intel.com>
  Mahesh Rajashekhara <Mahesh.Rajashekhara@pmcs.com>
  Marc Kleine-Budde <mkl@pengutronix.de>
  Marc Zyngier <marc.zyngier@arm.com>
  Markus Pargmann <mpa@pengutronix.de>
  Martin Schwidefsky <schwidefsky@de.ibm.com>
  Mauro Carvalho Chehab <m.chehab@samsung.com>
  Michael Neuling <mikey@neuling.org>
  Michel Lespinasse <walken@google.com>
  Mike Snitzer <snitzer@redhat.com>
  Mikulas Patocka <mpatocka@redhat.com>
  Mimi Zohar <zohar@us.ibm.com>
  Myron Stowe <myron.stowe@redhat.com>
  Neil Horman <nhorman@tuxdriver.com>
  Olivier Sobrie <olivier@sobrie.be>
  Olof Johansson <olof@lixom.net>
  Paolo Bonzini <pbonzini@redhat.com>
  Pekka Enberg <penberg@kernel.org>
  Peter Zijlstra <peterz@infradead.org>
  Prarit Bhargava
  Puneet Kumar <puneetster@chromium.org>
  Rafael J. Wysocki <rafael.j.wysocki@intel.com>
  Rob Pearce <rob@flitspace.org.uk>
  Santosh Shilimkar <santosh.shilimkar@ti.com>
  Stanislaw Gruszka <sgruszka@redhat.com>
  Stanislaw Gruszka <stf_xl@wp.pl>
  Steven Rostedt <rostedt@goodmis.org>
  Takashi Iwai <tiwai@suse.de>
  Tejun Heo <tj@kernel.org>
  Thomas Renninger <trenn@suse.de>
  Tomas Winkler <tomas.winkler@intel.com>
  Toshi Kani <toshi.kani@hp.com>
  Trond Myklebust <Trond.Myklebust@netapp.com>
  Vince Weaver <vincent.weaver@maine.edu>
  Vinod Koul <vinod.koul@intel.com>
  Weston Andros Adamson <dros@netapp.com>
------------------------------------------------------------

jobs:
 build-amd64                                                  pass    
 build-i386                                                   pass    
 build-amd64-pvops                                            pass    
 build-i386-pvops                                             pass    
 test-amd64-amd64-xl                                          broken  
 test-amd64-i386-xl                                           pass    
 test-amd64-i386-rhel6hvm-amd                                 pass    
 test-amd64-i386-qemut-rhel6hvm-amd                           pass    
 test-amd64-i386-qemuu-rhel6hvm-amd                           pass    
 test-amd64-i386-freebsd10-amd64                              broken  
 test-amd64-amd64-xl-qemut-win7-amd64                         fail    
 test-amd64-i386-xl-qemut-win7-amd64                          fail    
 test-amd64-amd64-xl-qemuu-win7-amd64                         fail    
 test-amd64-amd64-xl-win7-amd64                               fail    
 test-amd64-i386-xl-win7-amd64                                fail    
 test-amd64-i386-xl-credit2                                   fail    
 test-amd64-i386-freebsd10-i386                               broken  
 test-amd64-amd64-xl-pcipt-intel                              fail    
 test-amd64-i386-rhel6hvm-intel                               pass    
 test-amd64-i386-qemut-rhel6hvm-intel                         fail    
 test-amd64-i386-qemuu-rhel6hvm-intel                         broken  
 test-amd64-i386-xl-multivcpu                                 pass    
 test-amd64-amd64-pair                                        pass    
 test-amd64-i386-pair                                         pass    
 test-amd64-amd64-xl-sedf-pin                                 pass    
 test-amd64-amd64-pv                                          pass    
 test-amd64-i386-pv                                           pass    
 test-amd64-amd64-xl-sedf                                     pass    
 test-amd64-i386-xl-qemut-winxpsp3-vcpus1                     fail    
 test-amd64-i386-xl-winxpsp3-vcpus1                           fail    
 test-amd64-i386-xend-qemut-winxpsp3                          fail    
 test-amd64-amd64-xl-qemut-winxpsp3                           fail    
 test-amd64-amd64-xl-qemuu-winxpsp3                           fail    
 test-amd64-i386-xend-winxpsp3                                broken  
 test-amd64-amd64-xl-winxpsp3                                 fail    


------------------------------------------------------------
sg-report-flight on woking.cam.xci-test.com
logs: /home/xc_osstest/logs
images: /home/xc_osstest/images

Logs, config files, etc. are available at
    http://www.chiark.greenend.org.uk/~xensrcts/logs

Test harness code can be found at
    http://xenbits.xensource.com/gitweb?p=osstest.git;a=summary


Pushing revision :

+ branch=linux-3.10
+ revision=43d8b1ef8250705d07fadceefa44f91b32e08328
+ . cri-lock-repos
++ . cri-common
+++ . cri-getconfig
+++ umask 002
+++ getconfig Repos
+++ perl -e '
                use Osstest;
                readglobalconfig();
                print $c{"Repos"} or die $!;
        '
++ repos=/export/home/osstest/repos
++ repos_lock=/export/home/osstest/repos/lock
++ '[' x '!=' x/export/home/osstest/repos/lock ']'
++ OSSTEST_REPOS_LOCK_LOCKED=/export/home/osstest/repos/lock
++ exec with-lock-ex -w /export/home/osstest/repos/lock ./ap-push linux-3.10 43d8b1ef8250705d07fadceefa44f91b32e08328
+ branch=linux-3.10
+ revision=43d8b1ef8250705d07fadceefa44f91b32e08328
+ . cri-lock-repos
++ . cri-common
+++ . cri-getconfig
+++ umask 002
+++ getconfig Repos
+++ perl -e '
                use Osstest;
                readglobalconfig();
                print $c{"Repos"} or die $!;
        '
++ repos=/export/home/osstest/repos
++ repos_lock=/export/home/osstest/repos/lock
++ '[' x/export/home/osstest/repos/lock '!=' x/export/home/osstest/repos/lock ']'
+ . cri-common
++ . cri-getconfig
++ umask 002
+ select_xenbranch
+ case "$branch" in
+ tree=linux
+ xenbranch=xen-unstable
+ '[' xlinux = xlinux ']'
+ linuxbranch=linux-3.10
+ : tested/2.6.39.x
+ . ap-common
++ : osstest@xenbits.xensource.com
++ : git://xenbits.xen.org/xen.git
++ : osstest@xenbits.xensource.com:/home/xen/git/xen.git
++ : git://xenbits.xen.org/staging/qemu-xen-unstable.git
++ : git://git.kernel.org
++ : git://git.kernel.org/pub/scm/linux/kernel/git
++ : git
++ : git://xenbits.xen.org/osstest/linux-firmware.git
++ : osstest@xenbits.xensource.com:/home/osstest/ext/linux-firmware.git
++ : git://git.kernel.org/pub/scm/linux/kernel/git/firmware/linux-firmware.git
++ : osstest@xenbits.xensource.com:/home/xen/git/linux-pvops.git
++ : git://xenbits.xen.org/linux-pvops.git
++ : tested/linux-3.4
++ : tested/linux-arm-xen
++ '[' xgit://git.kernel.org/pub/scm/linux/kernel/git/stable/linux-stable.git = x ']'
++ '[' xgit://xenbits.xen.org/linux-pvops.git = x ']'
++ : git://git.kernel.org/pub/scm/linux/kernel/git/konrad/xen.git
++ : tested/2.6.39.x
++ : daily-cron.linux-3.10
++ : daily-cron.linux-3.10
++ : http://hg.uk.xensource.com/carbon/trunk/linux-2.6.27
++ : git://xenbits.xen.org/staging/qemu-upstream-unstable.git
++ : daily-cron.linux-3.10
+ TREE_LINUX=osstest@xenbits.xensource.com:/home/xen/git/linux-pvops.git
+ TREE_QEMU_UPSTREAM=osstest@xenbits.xensource.com:/home/xen/git/qemu-upstream-unstable.git
+ TREE_XEN=osstest@xenbits.xensource.com:/home/xen/git/xen.git
+ info_linux_tree linux-3.10
+ case $1 in
+ : git://git.kernel.org/pub/scm/linux/kernel/git/stable/linux-stable.git
+ : linux-3.10.y
+ : linux-3.10.y
+ : git
+ : git
+ : git://xenbits.xen.org/linux-pvops.git
+ : osstest@xenbits.xensource.com:/home/xen/git/linux-pvops.git
+ : tested/linux-3.10
+ : tested/linux-3.10
+ return 0
+ cd /export/home/osstest/repos/linux
+ git push osstest@xenbits.xensource.com:/home/xen/git/linux-pvops.git 43d8b1ef8250705d07fadceefa44f91b32e08328:tested/linux-3.10
Counting objects: 1   
Counting objects: 279   
Counting objects: 660, done.
Compressing objects:   1% (1/87)   
Compressing objects:   2% (2/87)   
Compressing objects:   3% (3/87)   
Compressing objects:   4% (4/87)   
Compressing objects:   5% (5/87)   
Compressing objects:   6% (6/87)   
Compressing objects:   8% (7/87)   
Compressing objects:   9% (8/87)   
Compressing objects:  10% (9/87)   
Compressing objects:  11% (10/87)   
Compressing objects:  12% (11/87)   
Compressing objects:  13% (12/87)   
Compressing objects:  14% (13/87)   
Compressing objects:  16% (14/87)   
Compressing objects:  17% (15/87)   
Compressing objects:  18% (16/87)   
Compressing objects:  19% (17/87)   
Compressing objects:  20% (18/87)   
Compressing objects:  21% (19/87)   
Compressing objects:  22% (20/87)   
Compressing objects:  24% (21/87)   
Compressing objects:  25% (22/87)   
Compressing objects:  26% (23/87)   
Compressing objects:  27% (24/87)   
Compressing objects:  28% (25/87)   
Compressing objects:  29% (26/87)   
Compressing objects:  31% (27/87)   
Compressing objects:  32% (28/87)   
Compressing objects:  33% (29/87)   
Compressing objects:  34% (30/87)   
Compressing objects:  35% (31/87)   
Compressing objects:  36% (32/87)   
Compressing objects:  37% (33/87)   
Compressing objects:  39% (34/87)   
Compressing objects:  40% (35/87)   
Compressing objects:  41% (36/87)   
Compressing objects:  42% (37/87)   
Compressing objects:  43% (38/87)   
Compressing objects:  44% (39/87)   
Compressing objects:  45% (40/87)   
Compressing objects:  47% (41/87)   
Compressing objects:  48% (42/87)   
Compressing objects:  49% (43/87)   
Compressing objects:  50% (44/87)   
Compressing objects:  51% (45/87)   
Compressing objects:  52% (46/87)   
Compressing objects:  54% (47/87)   
Compressing objects:  55% (48/87)   
Compressing objects:  56% (49/87)   
Compressing objects:  57% (50/87)   
Compressing objects:  58% (51/87)   
Compressing objects:  59% (52/87)   
Compressing objects:  60% (53/87)   
Compressing objects:  62% (54/87)   
Compressing objects:  63% (55/87)   
Compressing objects:  64% (56/87)   
Compressing objects:  65% (57/87)   
Compressing objects:  66% (58/87)   
Compressing objects:  67% (59/87)   
Compressing objects:  68% (60/87)   
Compressing objects:  70% (61/87)   
Compressing objects:  71% (62/87)   
Compressing objects:  72% (63/87)   
Compressing objects:  73% (64/87)   
Compressing objects:  74% (65/87)   
Compressing objects:  75% (66/87)   
Compressing objects:  77% (67/87)   
Compressing objects:  78% (68/87)   
Compressing objects:  79% (69/87)   
Compressing objects:  80% (70/87)   
Compressing objects:  81% (71/87)   
Compressing objects:  82% (72/87)   
Compressing objects:  83% (73/87)   
Compressing objects:  85% (74/87)   
Compressing objects:  86% (75/87)   
Compressing objects:  87% (76/87)   
Compressing objects:  88% (77/87)   
Compressing objects:  89% (78/87)   
Compressing objects:  90% (79/87)   
Compressing objects:  91% (80/87)   
Compressing objects:  93% (81/87)   
Compressing objects:  94% (82/87)   
Compressing objects:  95% (83/87)   
Compressing objects:  96% (84/87)   
Compressing objects:  97% (85/87)   
Compressing objects:  98% (86/87)   
Compressing objects: 100% (87/87)   
Compressing objects: 100% (87/87), done.
Writing objects:   0% (1/503)   
Writing objects:   1% (6/503)   
Writing objects:   2% (11/503)   
Writing objects:   3% (16/503)   
Writing objects:   4% (21/503)   
Writing objects:   5% (26/503)   
Writing objects:   6% (31/503)   
Writing objects:   7% (36/503)   
Writing objects:   8% (41/503)   
Writing objects:   9% (46/503)   
Writing objects:  10% (51/503)   
Writing objects:  11% (56/503)   
Writing objects:  12% (61/503)   
Writing objects:  13% (66/503)   
Writing objects:  14% (71/503)   
Writing objects:  15% (76/503)   
Writing objects:  16% (81/503)   
Writing objects:  17% (86/503)   
Writing objects:  18% (91/503)   
Writing objects:  19% (96/503)   
Writing objects:  20% (101/503)   
Writing objects:  21% (106/503)   
Writing objects:  22% (111/503)   
Writing objects:  23% (116/503)   
Writing objects:  24% (121/503)   
Writing objects:  25% (126/503)   
Writing objects:  26% (131/503)   
Writing objects:  27% (136/503)   
Writing objects:  28% (141/503)   
Writing objects:  29% (146/503)   
Writing objects:  30% (151/503)   
Writing objects:  31% (156/503)   
Writing objects:  32% (161/503)   
Writing objects:  33% (166/503)   
Writing objects:  34% (172/503)   
Writing objects:  35% (177/503)   
Writing objects:  36% (182/503)   
Writing objects:  37% (187/503)   
Writing objects:  38% (193/503)   
Writing objects:  39% (197/503)   
Writing objects:  40% (202/503)   
Writing objects:  41% (207/503)   
Writing objects:  42% (212/503)   
Writing objects:  43% (217/503)   
Writing objects:  44% (222/503)   
Writing objects:  45% (227/503)   
Writing objects:  46% (232/503)   
Writing objects:  47% (237/503)   
Writing objects:  48% (242/503)   
Writing objects:  49% (247/503)   
Writing objects:  50% (252/503)   
Writing objects:  51% (257/503)   
Writing objects:  52% (262/503)   
Writing objects:  53% (267/503)   
Writing objects:  54% (272/503)   
Writing objects:  55% (277/503)   
Writing objects:  56% (282/503)   
Writing objects:  57% (287/503)   
Writing objects:  58% (292/503)   
Writing objects:  59% (297/503)   
Writing objects:  60% (302/503)   
Writing objects:  61% (307/503)   
Writing objects:  62% (312/503)   
Writing objects:  63% (317/503)   
Writing objects:  64% (322/503)   
Writing objects:  65% (327/503)   
Writing objects:  66% (332/503)   
Writing objects:  67% (338/503)   
Writing objects:  68% (343/503)   
Writing objects:  69% (348/503)   
Writing objects:  70% (353/503)   
Writing objects:  71% (358/503)   
Writing objects:  72% (363/503)   
Writing objects:  73% (368/503)   
Writing objects:  74% (373/503)   
Writing objects:  75% (378/503)   
Writing objects:  76% (383/503)   
Writing objects:  77% (388/503)   
Writing objects:  78% (393/503)   
Writing objects:  79% (398/503)   
Writing objects:  80% (403/503)   
Writing objects:  81% (408/503)   
Writing objects:  82% (413/503)   
Writing objects:  83% (418/503)   
Writing objects:  84% (423/503)   
Writing objects:  85% (428/503)   
Writing objects:  86% (433/503)   
Writing objects:  87% (438/503)   
Writing objects:  88% (443/503)   
Writing objects:  89% (448/503)   
Writing objects:  90% (453/503)   
Writing objects:  91% (458/503)   
Writing objects:  92% (463/503)   
Writing objects:  93% (468/503)   
Writing objects:  94% (473/503)   
Writing objects:  95% (478/503)   
Writing objects:  96% (483/503)   
Writing objects:  97% (488/503)   
Writing objects:  98% (493/503)   
Writing objects:  99% (498/503)   
Writing objects: 100% (503/503)   
Writing objects: 100% (503/503), 89.78 KiB, done.
Total 503 (delta 415), reused 503 (delta 415)
To osstest@xenbits.xensource.com:/home/xen/git/linux-pvops.git
   a4c01ca..43d8b1e  43d8b1ef8250705d07fadceefa44f91b32e08328 -> tested/linux-3.10
+ exit 0

^ permalink raw reply	[flat|nested] only message in thread

only message in thread, other threads:[~2013-12-02 21:00 UTC | newest]

Thread overview: (only message) (download: mbox.gz follow: Atom feed
-- links below jump to the message on this page --
2013-12-02 21:00 [linux-3.10 test] 22216: tolerable trouble: broken/fail/pass - PUSHED xen.org

This is a public inbox, see mirroring instructions
for how to clone and mirror all data and code used for this inbox;
as well as URLs for NNTP newsgroup(s).