* [xen-unstable test] 22217: regressions - trouble: blocked/broken/fail/pass
@ 2013-12-03 1:31 xen.org
0 siblings, 0 replies; only message in thread
From: xen.org @ 2013-12-03 1:31 UTC (permalink / raw)
To: xen-devel; +Cc: ian.jackson
[-- Attachment #1: Type: text/plain, Size: 6221 bytes --]
flight 22217 xen-unstable real [real]
http://www.chiark.greenend.org.uk/~xensrcts/logs/22217/
Regressions :-(
Tests which did not succeed and are blocking,
including tests which could not be run:
build-armhf 4 xen-build fail REGR. vs. 22106
build-armhf-pvops 4 kernel-build fail REGR. vs. 22106
test-amd64-amd64-xl-qemuu-winxpsp3 8 guest-saverestore fail REGR. vs. 22106
test-amd64-i386-xl-win7-amd64 7 windows-install fail REGR. vs. 22106
Regressions which are regarded as allowable (not blocking):
test-amd64-i386-freebsd10-i386 3 host-install(3) broken blocked in 22106
Tests which did not succeed, but are not blocking:
test-amd64-i386-freebsd10-amd64 7 freebsd-install fail never pass
test-amd64-amd64-xl-pcipt-intel 9 guest-start fail never pass
test-armhf-armhf-xl 1 xen-build-check(1) blocked n/a
test-amd64-i386-xend-winxpsp3 16 leak-check/check fail never pass
test-amd64-amd64-xl-qemuu-win7-amd64 13 guest-stop fail never pass
test-amd64-i386-xl-qemut-win7-amd64 13 guest-stop fail never pass
test-amd64-amd64-xl-qemut-winxpsp3 13 guest-stop fail never pass
test-amd64-amd64-xl-win7-amd64 13 guest-stop fail never pass
test-amd64-i386-xl-qemut-winxpsp3-vcpus1 13 guest-stop fail never pass
test-amd64-i386-xend-qemut-winxpsp3 16 leak-check/check fail never pass
test-amd64-amd64-xl-qemut-win7-amd64 13 guest-stop fail never pass
test-amd64-i386-xl-winxpsp3-vcpus1 13 guest-stop fail never pass
test-amd64-amd64-xl-winxpsp3 13 guest-stop fail never pass
version targeted for testing:
xen 26b35b9ace97f433fcf4c5dfbdfb573d1075255f
baseline version:
xen e439e0b289e3590f84836e4f9bbdfa560c7af6ef
------------------------------------------------------------
People who touched revisions under test:
Andrew Cooper <andrew.cooper3@citrix.com>
Anthony PERARD <anthony.perard@citrix.com>
Anup Patel <anup.patel@linaro.org>
Eddie Dong <eddie.dong@intel.com>
Feng Wu <feng.wu@intel.com>
George Dunlap <george.dunlap@eu.citrix.com>
Ian Campbell <ian.campbell@citrix.com>
Ian Jackson <ian.jackson@eu.citrix.com>
Jan Beulich <jbeulich@suse.com>
Jean-Yves Migeon <jym@NetBSD.org>
Julien Grall <julien.grall@linaro.org>
Julien Grall<julien.grall@linaro.org>
Matthew Daley <mattd@bugfuzz.com>
Mukesh Rathor <mukesh.rathor@oracle.com>
Oleksandr Dmytryshyn <oleksandr.dmytryshyn@globallogic.com>
Paul Durrant <paul.durrant@citrix.com>
Pranavkumar Sawargaonkar <pranavkumar@linaro.org>
Roger Pau Monné <roger.pau@citrix.com>
Stefano Stabellini <stefano.stabellini@eu.citrix.com>
Tim Deegan <tim@xen.org>
Wei Liu <wei.liu2@citrix.com>
------------------------------------------------------------
jobs:
build-amd64 pass
build-armhf fail
build-i386 pass
build-amd64-oldkern pass
build-i386-oldkern pass
build-amd64-pvops pass
build-armhf-pvops fail
build-i386-pvops pass
test-amd64-amd64-xl pass
test-armhf-armhf-xl blocked
test-amd64-i386-xl pass
test-amd64-i386-rhel6hvm-amd pass
test-amd64-i386-qemut-rhel6hvm-amd pass
test-amd64-i386-qemuu-rhel6hvm-amd pass
test-amd64-i386-freebsd10-amd64 fail
test-amd64-amd64-xl-qemut-win7-amd64 fail
test-amd64-i386-xl-qemut-win7-amd64 fail
test-amd64-amd64-xl-qemuu-win7-amd64 fail
test-amd64-amd64-xl-win7-amd64 fail
test-amd64-i386-xl-win7-amd64 fail
test-amd64-i386-xl-credit2 pass
test-amd64-i386-freebsd10-i386 broken
test-amd64-amd64-xl-pcipt-intel fail
test-amd64-i386-rhel6hvm-intel pass
test-amd64-i386-qemut-rhel6hvm-intel pass
test-amd64-i386-qemuu-rhel6hvm-intel pass
test-amd64-i386-xl-multivcpu pass
test-amd64-amd64-pair pass
test-amd64-i386-pair pass
test-amd64-amd64-xl-sedf-pin pass
test-amd64-amd64-pv pass
test-amd64-i386-pv pass
test-amd64-amd64-xl-sedf pass
test-amd64-i386-xl-qemut-winxpsp3-vcpus1 fail
test-amd64-i386-xl-winxpsp3-vcpus1 fail
test-amd64-i386-xend-qemut-winxpsp3 fail
test-amd64-amd64-xl-qemut-winxpsp3 fail
test-amd64-amd64-xl-qemuu-winxpsp3 fail
test-amd64-i386-xend-winxpsp3 fail
test-amd64-amd64-xl-winxpsp3 fail
------------------------------------------------------------
sg-report-flight on woking.cam.xci-test.com
logs: /home/xc_osstest/logs
images: /home/xc_osstest/images
Logs, config files, etc. are available at
http://www.chiark.greenend.org.uk/~xensrcts/logs
Test harness code can be found at
http://xenbits.xensource.com/gitweb?p=osstest.git;a=summary
Not pushing.
(No revision log; it would be 831 lines long.)
[-- Attachment #2: Type: text/plain, Size: 126 bytes --]
_______________________________________________
Xen-devel mailing list
Xen-devel@lists.xen.org
http://lists.xen.org/xen-devel
^ permalink raw reply [flat|nested] only message in thread
only message in thread, other threads:[~2013-12-03 1:31 UTC | newest]
Thread overview: (only message) (download: mbox.gz follow: Atom feed
-- links below jump to the message on this page --
2013-12-03 1:31 [xen-unstable test] 22217: regressions - trouble: blocked/broken/fail/pass xen.org
This is a public inbox, see mirroring instructions
for how to clone and mirror all data and code used for this inbox;
as well as URLs for NNTP newsgroup(s).