xen-devel.lists.xenproject.org archive mirror
 help / color / mirror / Atom feed
* [xen-4.3-testing test] 22270: regressions - FAIL
@ 2013-12-04  7:09 xen.org
  2013-12-04 11:33 ` Ian Jackson
  0 siblings, 1 reply; 2+ messages in thread
From: xen.org @ 2013-12-04  7:09 UTC (permalink / raw)
  To: xen-devel; +Cc: ian.jackson

flight 22270 xen-4.3-testing real [real]
http://www.chiark.greenend.org.uk/~xensrcts/logs/22270/

Regressions :-(

Tests which did not succeed and are blocking,
including tests which could not be run:
 build-amd64-pvops             4 kernel-build              fail REGR. vs. 22152
 build-amd64-oldkern           4 xen-build                 fail REGR. vs. 22152
 build-amd64                   4 xen-build                 fail REGR. vs. 22152

Tests which did not succeed, but are not blocking:
 test-amd64-i386-freebsd10-i386  1 xen-build-check(1)           blocked  n/a
 test-amd64-i386-freebsd10-amd64  1 xen-build-check(1)           blocked  n/a
 test-amd64-amd64-xl-pcipt-intel  1 xen-build-check(1)           blocked  n/a
 test-amd64-amd64-pv           1 xen-build-check(1)           blocked  n/a
 test-amd64-amd64-xl-sedf      1 xen-build-check(1)           blocked  n/a
 test-amd64-amd64-xl           1 xen-build-check(1)           blocked  n/a
 test-amd64-i386-pv            1 xen-build-check(1)           blocked  n/a
 test-amd64-i386-rhel6hvm-intel  1 xen-build-check(1)           blocked  n/a
 test-amd64-i386-qemut-rhel6hvm-intel  1 xen-build-check(1)         blocked n/a
 test-amd64-i386-qemuu-rhel6hvm-intel  1 xen-build-check(1)         blocked n/a
 test-amd64-i386-xl            1 xen-build-check(1)           blocked  n/a
 test-amd64-i386-xl-multivcpu  1 xen-build-check(1)           blocked  n/a
 test-amd64-i386-rhel6hvm-amd  1 xen-build-check(1)           blocked  n/a
 test-amd64-i386-xl-credit2    1 xen-build-check(1)           blocked  n/a
 test-amd64-amd64-xl-sedf-pin  1 xen-build-check(1)           blocked  n/a
 test-amd64-i386-qemut-rhel6hvm-amd  1 xen-build-check(1)           blocked n/a
 test-amd64-i386-pair          1 xen-build-check(1)           blocked  n/a
 test-amd64-i386-qemuu-rhel6hvm-amd  1 xen-build-check(1)           blocked n/a
 test-amd64-amd64-pair         1 xen-build-check(1)           blocked  n/a
 test-armhf-armhf-xl           5 xen-boot                     fail   never pass
 test-amd64-amd64-xl-qemuu-win7-amd64  1 xen-build-check(1)         blocked n/a
 test-amd64-i386-xend-winxpsp3  1 xen-build-check(1)           blocked  n/a
 test-amd64-i386-xl-win7-amd64  1 xen-build-check(1)           blocked  n/a
 test-amd64-i386-xl-qemut-win7-amd64  1 xen-build-check(1)          blocked n/a
 test-amd64-amd64-xl-win7-amd64  1 xen-build-check(1)           blocked  n/a
 test-amd64-i386-xl-winxpsp3-vcpus1  1 xen-build-check(1)           blocked n/a
 test-amd64-i386-xl-qemut-winxpsp3-vcpus1  1 xen-build-check(1)     blocked n/a
 test-amd64-i386-xend-qemut-winxpsp3  1 xen-build-check(1)          blocked n/a
 test-amd64-amd64-xl-qemut-winxpsp3  1 xen-build-check(1)           blocked n/a
 test-amd64-amd64-xl-qemut-win7-amd64  1 xen-build-check(1)         blocked n/a
 test-amd64-amd64-xl-winxpsp3  1 xen-build-check(1)           blocked  n/a
 test-amd64-amd64-xl-qemuu-winxpsp3  1 xen-build-check(1)           blocked n/a

version targeted for testing:
 xen                  922dc04b354fdf45dfd176552098853c79e3033a
baseline version:
 xen                  86e80b6701270f3ac035f81004a77168d3241ffd

------------------------------------------------------------
People who touched revisions under test:
  Ian Campbell <ian.campbell@citrix.com>
  Jan Beulich <jbeulich@suse.com>
  Suravee Suthikulpanit <suravee.suthikulpanit@amd.com>
------------------------------------------------------------

jobs:
 build-amd64                                                  fail    
 build-armhf                                                  pass    
 build-i386                                                   pass    
 build-amd64-oldkern                                          fail    
 build-i386-oldkern                                           pass    
 build-amd64-pvops                                            fail    
 build-armhf-pvops                                            pass    
 build-i386-pvops                                             pass    
 test-amd64-amd64-xl                                          blocked 
 test-armhf-armhf-xl                                          fail    
 test-amd64-i386-xl                                           blocked 
 test-amd64-i386-rhel6hvm-amd                                 blocked 
 test-amd64-i386-qemut-rhel6hvm-amd                           blocked 
 test-amd64-i386-qemuu-rhel6hvm-amd                           blocked 
 test-amd64-i386-freebsd10-amd64                              blocked 
 test-amd64-amd64-xl-qemut-win7-amd64                         blocked 
 test-amd64-i386-xl-qemut-win7-amd64                          blocked 
 test-amd64-amd64-xl-qemuu-win7-amd64                         blocked 
 test-amd64-amd64-xl-win7-amd64                               blocked 
 test-amd64-i386-xl-win7-amd64                                blocked 
 test-amd64-i386-xl-credit2                                   blocked 
 test-amd64-i386-freebsd10-i386                               blocked 
 test-amd64-amd64-xl-pcipt-intel                              blocked 
 test-amd64-i386-rhel6hvm-intel                               blocked 
 test-amd64-i386-qemut-rhel6hvm-intel                         blocked 
 test-amd64-i386-qemuu-rhel6hvm-intel                         blocked 
 test-amd64-i386-xl-multivcpu                                 blocked 
 test-amd64-amd64-pair                                        blocked 
 test-amd64-i386-pair                                         blocked 
 test-amd64-amd64-xl-sedf-pin                                 blocked 
 test-amd64-amd64-pv                                          blocked 
 test-amd64-i386-pv                                           blocked 
 test-amd64-amd64-xl-sedf                                     blocked 
 test-amd64-i386-xl-qemut-winxpsp3-vcpus1                     blocked 
 test-amd64-i386-xl-winxpsp3-vcpus1                           blocked 
 test-amd64-i386-xend-qemut-winxpsp3                          blocked 
 test-amd64-amd64-xl-qemut-winxpsp3                           blocked 
 test-amd64-amd64-xl-qemuu-winxpsp3                           blocked 
 test-amd64-i386-xend-winxpsp3                                blocked 
 test-amd64-amd64-xl-winxpsp3                                 blocked 


------------------------------------------------------------
sg-report-flight on woking.cam.xci-test.com
logs: /home/xc_osstest/logs
images: /home/xc_osstest/images

Logs, config files, etc. are available at
    http://www.chiark.greenend.org.uk/~xensrcts/logs

Test harness code can be found at
    http://xenbits.xensource.com/gitweb?p=osstest.git;a=summary


Not pushing.

------------------------------------------------------------
commit 922dc04b354fdf45dfd176552098853c79e3033a
Author: Jan Beulich <jbeulich@suse.com>
Date:   Tue Dec 3 14:12:34 2013 +0100

    x86/AMD: work around erratum 793
    
    The recommendation is to set a bit in an MSR - do this if the firmware
    didn't, considering that otherwise we expose ourselves to a guest
    induced DoS.
    
    This is CVE-2013-6885 / XSA-82.
    
    Signed-off-by: Jan Beulich <jbeulich@suse.com>
    Acked-by: Suravee Suthikulpanit <suravee.suthikulpanit@amd.com>
    Acked-by: Ian Campbell <ian.campbell@citrix.com>
    master commit: 98162f256ee33994a9881a720419dda9ad4c03a8
    master date: 2013-12-03 09:49:54 +0100
(qemu changes not included)

^ permalink raw reply	[flat|nested] 2+ messages in thread

* Re: [xen-4.3-testing test] 22270: regressions - FAIL
  2013-12-04  7:09 [xen-4.3-testing test] 22270: regressions - FAIL xen.org
@ 2013-12-04 11:33 ` Ian Jackson
  0 siblings, 0 replies; 2+ messages in thread
From: Ian Jackson @ 2013-12-04 11:33 UTC (permalink / raw)
  To: xen-devel

xen.org writes ("[xen-4.3-testing test] 22270: regressions - FAIL"):
> flight 22270 xen-4.3-testing real [real]
> http://www.chiark.greenend.org.uk/~xensrcts/logs/22270/
> 
> Regressions :-(
> 
> Tests which did not succeed and are blocking,
> including tests which could not be run:

>  build-amd64                   4 xen-build                 fail REGR. vs. 22152

Occasional kernel bug (in the Debian stock kernel - nothing to do with
us) wedged the build host.  This will be responsible for a number of
build failures.

Ian.

Dec  4 03:08:09.108176 lace-bug login: [  360.716022] INFO: task kjournald:382 blocked for more than 120 seconds.
Dec  4 03:13:59.964181 [  360.722649] "echo 0 > /proc/sys/kernel/hung_task_timeout_secs" disables this message.
Dec  4 03:13:59.972165 [  360.730565] INFO: task flush-254:0:836 blocked for more than 120 seconds.
Dec  4 03:13:59.984144 [  360.737363] "echo 0 > /proc/sys/kernel/hung_task_timeout_secs" disables this message.
Dec  4 03:13:59.984192 [  360.745356] INFO: task resize2fs:15004 blocked for more than 120 seconds.
Dec  4 03:13:59.992163 [  360.752145] "echo 0 > /proc/sys/kernel/hung_task_timeout_secs" disables this message.
Dec  4 03:14:00.004160 [  360.760092] INFO: task git:17223 blocked for more than 120 seconds.
Dec  4 03:14:00.004199 [  360.766371] "echo 0 > /proc/sys/kernel/hung_task_timeout_secs" disables this message.
Dec  4 03:14:00.012175 [  360.774272] INFO: task git-remote-http:17352 blocked for more than 120 seconds.
Dec  4 03:14:00.024162 [  360.781593] "echo 0 > /proc/sys/kernel/hung_task_timeout_secs" disables this message.
Dec  4 03:14:00.032157 [  360.789538] INFO: task git:21697 blocked for more than 120 seconds.
Dec  4 03:14:00.032196 [  360.795811] "echo 0 > /proc/sys/kernel/hung_task_timeout_secs" disables this message.
Dec  4 03:14:00.044172 [  360.803711] INFO: task git:23779 blocked for more than 120 seconds.
Dec  4 03:14:00.052154 [  360.809985] "echo 0 > /proc/sys/kernel/hung_task_timeout_secs" disables this message.
Dec  4 03:14:00.064155 [  360.817929] INFO: task gcc:29246 blocked for more than 120 seconds.
Dec  4 03:14:00.064193 [  360.824206] "echo 0 > /proc/sys/kernel/hung_task_timeout_secs" disables this message.
Dec  4 03:14:00.076161 [  360.832131] INFO: task as:29251 blocked for more than 120 seconds.
Dec  4 03:14:00.084141 [  360.838319] "echo 0 > /proc/sys/kernel/hung_task_timeout_secs" disables this message.
Dec  4 03:14:00.084190 [  480.844018] INFO: task kjournald:382 blocked for more than 120 seconds.
Dec  4 03:16:00.096188 [  480.850645] "echo 0 > /proc/sys/kernel/hung_task_timeout_secs" disables this message.

^ permalink raw reply	[flat|nested] 2+ messages in thread

end of thread, other threads:[~2013-12-04 11:33 UTC | newest]

Thread overview: 2+ messages (download: mbox.gz follow: Atom feed
-- links below jump to the message on this page --
2013-12-04  7:09 [xen-4.3-testing test] 22270: regressions - FAIL xen.org
2013-12-04 11:33 ` Ian Jackson

This is a public inbox, see mirroring instructions
for how to clone and mirror all data and code used for this inbox;
as well as URLs for NNTP newsgroup(s).