From mboxrd@z Thu Jan 1 00:00:00 1970 From: xen.org Subject: [linux-3.10 test] 22349: regressions - FAIL Date: Mon, 9 Dec 2013 12:23:53 +0000 Message-ID: Mime-Version: 1.0 Content-Type: text/plain; charset="us-ascii" Content-Transfer-Encoding: 7bit Return-path: List-Unsubscribe: , List-Post: List-Help: List-Subscribe: , Sender: xen-devel-bounces@lists.xen.org Errors-To: xen-devel-bounces@lists.xen.org To: xen-devel@lists.xensource.com Cc: ian.jackson@eu.citrix.com List-Id: xen-devel@lists.xenproject.org flight 22349 linux-3.10 real [real] http://www.chiark.greenend.org.uk/~xensrcts/logs/22349/ Regressions :-( Tests which did not succeed and are blocking, including tests which could not be run: test-amd64-i386-xl-win7-amd64 7 windows-install fail REGR. vs. 22300 Regressions which are regarded as allowable (not blocking): test-amd64-i386-pair 17 guest-migrate/src_host/dst_host fail like 22300 Tests which did not succeed, but are not blocking: test-amd64-amd64-xl-pcipt-intel 9 guest-start fail never pass test-amd64-i386-xl-qemut-winxpsp3-vcpus1 13 guest-stop fail never pass test-amd64-i386-xend-qemut-winxpsp3 16 leak-check/check fail never pass test-amd64-i386-xl-winxpsp3-vcpus1 13 guest-stop fail never pass test-amd64-i386-xl-qemut-win7-amd64 13 guest-stop fail never pass test-amd64-amd64-xl-win7-amd64 13 guest-stop fail never pass test-amd64-amd64-xl-winxpsp3 13 guest-stop fail never pass test-amd64-i386-xend-winxpsp3 16 leak-check/check fail never pass test-amd64-amd64-xl-qemuu-winxpsp3 13 guest-stop fail never pass test-amd64-amd64-xl-qemuu-win7-amd64 13 guest-stop fail never pass test-amd64-amd64-xl-qemut-win7-amd64 13 guest-stop fail never pass test-amd64-amd64-xl-qemut-winxpsp3 13 guest-stop fail never pass version targeted for testing: linux 184c20bbc978eb7a2e1d3637b7864208822c7ebc baseline version: linux 538069756ce13f9d0e0ccb7a17b6935a0bfb7cad ------------------------------------------------------------ People who touched revisions under test: Alex Deucher Alex Williamson Alexei Starovoitov Amir Vadai Andreas Henriksson Andrew Morton Andrey Vagin Ben Myers Benjamin LaHaise Chris Ball Chris Metcalf Dan Carpenter Dan Williams Daniel Borkmann Dave Jones David Chang David S. Miller Ding Tianhong Duan Jiong Dwight Engen Eric Dumazet Eric Wong Fan Du Felix Fietkau Greg Kroah-Hartman Hannes Frederic Sowa Hayes Wang Jan Stancek Jason Wang Jens Axboe Jiri Kosina Jiri Pirko Joerg Roedel John Stultz Jukka Rissanen Julian Anastasov Julian Stecklina KOBAYASHI Yoshitake Linus Torvalds Marcelo Ricardo Leitner Mateusz Guzik Mel Gorman Miroslav Lichvar Neil Horman Nikolay Aleksandrov Pavel Emelyanov Pierre Ossman Salam Noureddine Sasha Levin Shawn Landden Simon Wood soren.brinkmann@xilinx.com Stephen Boyd Sujith Manoharan Thomas Gleixner Tomi Valkeinen Tomoki Sekiyama Veaceslav Falico Vlad Yasevich Yang Yingliang Ying Xue Yuchung Cheng ------------------------------------------------------------ jobs: build-amd64 pass build-i386 pass build-amd64-pvops pass build-i386-pvops pass test-amd64-amd64-xl pass test-amd64-i386-xl pass test-amd64-i386-rhel6hvm-amd pass test-amd64-i386-qemut-rhel6hvm-amd pass test-amd64-i386-qemuu-rhel6hvm-amd pass test-amd64-i386-freebsd10-amd64 pass test-amd64-amd64-xl-qemut-win7-amd64 fail test-amd64-i386-xl-qemut-win7-amd64 fail test-amd64-amd64-xl-qemuu-win7-amd64 fail test-amd64-amd64-xl-win7-amd64 fail test-amd64-i386-xl-win7-amd64 fail test-amd64-i386-xl-credit2 pass test-amd64-i386-freebsd10-i386 pass test-amd64-amd64-xl-pcipt-intel fail test-amd64-i386-rhel6hvm-intel pass test-amd64-i386-qemut-rhel6hvm-intel pass test-amd64-i386-qemuu-rhel6hvm-intel pass test-amd64-i386-xl-multivcpu pass test-amd64-amd64-pair pass test-amd64-i386-pair fail test-amd64-amd64-xl-sedf-pin pass test-amd64-amd64-pv pass test-amd64-i386-pv pass test-amd64-amd64-xl-sedf pass test-amd64-i386-xl-qemut-winxpsp3-vcpus1 fail test-amd64-i386-xl-winxpsp3-vcpus1 fail test-amd64-i386-xend-qemut-winxpsp3 fail test-amd64-amd64-xl-qemut-winxpsp3 fail test-amd64-amd64-xl-qemuu-winxpsp3 fail test-amd64-i386-xend-winxpsp3 fail test-amd64-amd64-xl-winxpsp3 fail ------------------------------------------------------------ sg-report-flight on woking.cam.xci-test.com logs: /home/xc_osstest/logs images: /home/xc_osstest/images Logs, config files, etc. are available at http://www.chiark.greenend.org.uk/~xensrcts/logs Test harness code can be found at http://xenbits.xensource.com/gitweb?p=osstest.git;a=summary Not pushing. (No revision log; it would be 1677 lines long.)