xen-devel.lists.xenproject.org archive mirror
 help / color / mirror / Atom feed
* [linux-3.10 test] 22349: regressions - FAIL
@ 2013-12-09 12:23 xen.org
  0 siblings, 0 replies; only message in thread
From: xen.org @ 2013-12-09 12:23 UTC (permalink / raw)
  To: xen-devel; +Cc: ian.jackson

flight 22349 linux-3.10 real [real]
http://www.chiark.greenend.org.uk/~xensrcts/logs/22349/

Regressions :-(

Tests which did not succeed and are blocking,
including tests which could not be run:
 test-amd64-i386-xl-win7-amd64  7 windows-install          fail REGR. vs. 22300

Regressions which are regarded as allowable (not blocking):
 test-amd64-i386-pair        17 guest-migrate/src_host/dst_host fail like 22300

Tests which did not succeed, but are not blocking:
 test-amd64-amd64-xl-pcipt-intel  9 guest-start                 fail never pass
 test-amd64-i386-xl-qemut-winxpsp3-vcpus1 13 guest-stop         fail never pass
 test-amd64-i386-xend-qemut-winxpsp3 16 leak-check/check        fail never pass
 test-amd64-i386-xl-winxpsp3-vcpus1 13 guest-stop               fail never pass
 test-amd64-i386-xl-qemut-win7-amd64 13 guest-stop              fail never pass
 test-amd64-amd64-xl-win7-amd64 13 guest-stop                   fail never pass
 test-amd64-amd64-xl-winxpsp3 13 guest-stop                   fail   never pass
 test-amd64-i386-xend-winxpsp3 16 leak-check/check             fail  never pass
 test-amd64-amd64-xl-qemuu-winxpsp3 13 guest-stop               fail never pass
 test-amd64-amd64-xl-qemuu-win7-amd64 13 guest-stop             fail never pass
 test-amd64-amd64-xl-qemut-win7-amd64 13 guest-stop             fail never pass
 test-amd64-amd64-xl-qemut-winxpsp3 13 guest-stop               fail never pass

version targeted for testing:
 linux                184c20bbc978eb7a2e1d3637b7864208822c7ebc
baseline version:
 linux                538069756ce13f9d0e0ccb7a17b6935a0bfb7cad

------------------------------------------------------------
People who touched revisions under test:
  Alex Deucher <alexander.deucher@amd.com>
  Alex Williamson <alex.williamson@redhat.com>
  Alexei Starovoitov <ast@plumgrid.com>
  Amir Vadai <amirv@mellanox.com>
  Andreas Henriksson <andreas@fatal.se>
  Andrew Morton <akpm@linux-foundation.org>
  Andrey Vagin <avagin@openvz.org>
  Ben Myers <bpm@sgi.com>
  Benjamin LaHaise <bcrl@kvack.org>
  Chris Ball <cjb@laptop.org>
  Chris Metcalf <cmetcalf@tilera.com>
  Dan Carpenter <dan.carpenter@oracle.com>
  Dan Williams <dcbw@redhat.com>
  Daniel Borkmann <dborkman@redhat.com>
  Dave Jones <davej@fedoraproject.org>
  David Chang <dchang@suse.com>
  David S. Miller <davem@davemloft.net>
  Ding Tianhong <dingtianhong@huawei.com>
  Duan Jiong <duanj.fnst@cn.fujitsu.com>
  Dwight Engen <dwight.engen@oracle.com>
  Eric Dumazet <edumazet@google.com>
  Eric Wong <normalperson@yhbt.net>
  Fan Du <fan.du@windriver.com>
  Felix Fietkau <nbd@openwrt.org>
  Greg Kroah-Hartman <gregkh@linuxfoundation.org>
  Hannes Frederic Sowa <hannes@stressinduktion.org>
  Hayes Wang <hayeswang@realtek.com>
  Jan Stancek <jstancek@redhat.com>
  Jason Wang <jasowang@redhat.com>
  Jens Axboe <axboe@kernel.dk>
  Jiri Kosina <jkosina@suse.cz>
  Jiri Pirko <jiri@resnulli.us>
  Joerg Roedel <joro@8bytes.org>
  John Stultz <john.stultz@linaro.org>
  Jukka Rissanen <jukka.rissanen@linux.intel.com>
  Julian Anastasov <ja@ssi.bg>
  Julian Stecklina <jsteckli@os.inf.tu-dresden.de>
  KOBAYASHI Yoshitake <yoshitake.kobayashi@toshiba.co.jp>
  Linus Torvalds <torvalds@linux-foundation.org>
  Marcelo Ricardo Leitner <mleitner@redhat.com>
  Mateusz Guzik <mguzik@redhat.com>
  Mel Gorman <mgorman@suse.de>
  Miroslav Lichvar <mlichvar@redhat.com>
  Neil Horman <nhorman@tuxdriver.com>
  Nikolay Aleksandrov <nikolay@redhat.com>
  Pavel Emelyanov <xemul@parallels.com>
  Pierre Ossman <pierre@ossman.eu>
  Salam Noureddine <noureddine@aristanetworks.com>
  Sasha Levin <sasha.levin@oracle.com>
  Shawn Landden <shawn@churchofgit.com>
  Simon Wood <simon@mungewell.org>
  soren.brinkmann@xilinx.com
  Stephen Boyd <sboyd@codeaurora.org>
  Sujith Manoharan <sujith@msujith.org>
  Thomas Gleixner <tglx@linutronix.de>
  Tomi Valkeinen <tomi.valkeinen@ti.com>
  Tomoki Sekiyama <tomoki.sekiyama@hds.com>
  Veaceslav Falico <vfalico@redhat.com>
  Vlad Yasevich <vyasevic@redhat.com>
  Yang Yingliang <yangyingliang@huawei.com>
  Ying Xue <ying.xue@windriver.com>
  Yuchung Cheng <ycheng@google.com>
------------------------------------------------------------

jobs:
 build-amd64                                                  pass    
 build-i386                                                   pass    
 build-amd64-pvops                                            pass    
 build-i386-pvops                                             pass    
 test-amd64-amd64-xl                                          pass    
 test-amd64-i386-xl                                           pass    
 test-amd64-i386-rhel6hvm-amd                                 pass    
 test-amd64-i386-qemut-rhel6hvm-amd                           pass    
 test-amd64-i386-qemuu-rhel6hvm-amd                           pass    
 test-amd64-i386-freebsd10-amd64                              pass    
 test-amd64-amd64-xl-qemut-win7-amd64                         fail    
 test-amd64-i386-xl-qemut-win7-amd64                          fail    
 test-amd64-amd64-xl-qemuu-win7-amd64                         fail    
 test-amd64-amd64-xl-win7-amd64                               fail    
 test-amd64-i386-xl-win7-amd64                                fail    
 test-amd64-i386-xl-credit2                                   pass    
 test-amd64-i386-freebsd10-i386                               pass    
 test-amd64-amd64-xl-pcipt-intel                              fail    
 test-amd64-i386-rhel6hvm-intel                               pass    
 test-amd64-i386-qemut-rhel6hvm-intel                         pass    
 test-amd64-i386-qemuu-rhel6hvm-intel                         pass    
 test-amd64-i386-xl-multivcpu                                 pass    
 test-amd64-amd64-pair                                        pass    
 test-amd64-i386-pair                                         fail    
 test-amd64-amd64-xl-sedf-pin                                 pass    
 test-amd64-amd64-pv                                          pass    
 test-amd64-i386-pv                                           pass    
 test-amd64-amd64-xl-sedf                                     pass    
 test-amd64-i386-xl-qemut-winxpsp3-vcpus1                     fail    
 test-amd64-i386-xl-winxpsp3-vcpus1                           fail    
 test-amd64-i386-xend-qemut-winxpsp3                          fail    
 test-amd64-amd64-xl-qemut-winxpsp3                           fail    
 test-amd64-amd64-xl-qemuu-winxpsp3                           fail    
 test-amd64-i386-xend-winxpsp3                                fail    
 test-amd64-amd64-xl-winxpsp3                                 fail    


------------------------------------------------------------
sg-report-flight on woking.cam.xci-test.com
logs: /home/xc_osstest/logs
images: /home/xc_osstest/images

Logs, config files, etc. are available at
    http://www.chiark.greenend.org.uk/~xensrcts/logs

Test harness code can be found at
    http://xenbits.xensource.com/gitweb?p=osstest.git;a=summary


Not pushing.

(No revision log; it would be 1677 lines long.)

^ permalink raw reply	[flat|nested] only message in thread

only message in thread, other threads:[~2013-12-09 12:23 UTC | newest]

Thread overview: (only message) (download: mbox.gz follow: Atom feed
-- links below jump to the message on this page --
2013-12-09 12:23 [linux-3.10 test] 22349: regressions - FAIL xen.org

This is a public inbox, see mirroring instructions
for how to clone and mirror all data and code used for this inbox;
as well as URLs for NNTP newsgroup(s).