* [linux-3.10 test] 22355: tolerable FAIL - PUSHED
@ 2013-12-09 22:45 xen.org
0 siblings, 0 replies; only message in thread
From: xen.org @ 2013-12-09 22:45 UTC (permalink / raw)
To: xen-devel; +Cc: ian.jackson
flight 22355 linux-3.10 real [real]
http://www.chiark.greenend.org.uk/~xensrcts/logs/22355/
Failures :-/ but no regressions.
Tests which are failing intermittently (not blocking):
test-amd64-i386-qemuu-rhel6hvm-amd 7 redhat-install fail pass in 22349
test-amd64-i386-freebsd10-i386 7 freebsd-install fail pass in 22349
Regressions which are regarded as allowable (not blocking):
test-amd64-i386-pair 17 guest-migrate/src_host/dst_host fail like 22300
test-amd64-i386-xl-win7-amd64 7 windows-install fail in 22349 like 22356-bisect
Tests which did not succeed, but are not blocking:
test-amd64-amd64-xl-pcipt-intel 9 guest-start fail never pass
test-amd64-i386-xl-qemut-winxpsp3-vcpus1 13 guest-stop fail never pass
test-amd64-i386-xend-qemut-winxpsp3 16 leak-check/check fail never pass
test-amd64-i386-xl-qemut-win7-amd64 13 guest-stop fail never pass
test-amd64-amd64-xl-win7-amd64 13 guest-stop fail never pass
test-amd64-amd64-xl-winxpsp3 13 guest-stop fail never pass
test-amd64-i386-xl-winxpsp3-vcpus1 13 guest-stop fail never pass
test-amd64-i386-xend-winxpsp3 16 leak-check/check fail never pass
test-amd64-amd64-xl-qemuu-winxpsp3 13 guest-stop fail never pass
test-amd64-amd64-xl-qemuu-win7-amd64 13 guest-stop fail never pass
test-amd64-i386-xl-win7-amd64 13 guest-stop fail never pass
test-amd64-amd64-xl-qemut-win7-amd64 13 guest-stop fail never pass
test-amd64-amd64-xl-qemut-winxpsp3 13 guest-stop fail never pass
version targeted for testing:
linux 184c20bbc978eb7a2e1d3637b7864208822c7ebc
baseline version:
linux 538069756ce13f9d0e0ccb7a17b6935a0bfb7cad
------------------------------------------------------------
People who touched revisions under test:
Alex Deucher <alexander.deucher@amd.com>
Alex Williamson <alex.williamson@redhat.com>
Alexei Starovoitov <ast@plumgrid.com>
Amir Vadai <amirv@mellanox.com>
Andreas Henriksson <andreas@fatal.se>
Andrew Morton <akpm@linux-foundation.org>
Andrey Vagin <avagin@openvz.org>
Ben Myers <bpm@sgi.com>
Benjamin LaHaise <bcrl@kvack.org>
Chris Ball <cjb@laptop.org>
Chris Metcalf <cmetcalf@tilera.com>
Dan Carpenter <dan.carpenter@oracle.com>
Dan Williams <dcbw@redhat.com>
Daniel Borkmann <dborkman@redhat.com>
Dave Jones <davej@fedoraproject.org>
David Chang <dchang@suse.com>
David S. Miller <davem@davemloft.net>
Ding Tianhong <dingtianhong@huawei.com>
Duan Jiong <duanj.fnst@cn.fujitsu.com>
Dwight Engen <dwight.engen@oracle.com>
Eric Dumazet <edumazet@google.com>
Eric Wong <normalperson@yhbt.net>
Fan Du <fan.du@windriver.com>
Felix Fietkau <nbd@openwrt.org>
Greg Kroah-Hartman <gregkh@linuxfoundation.org>
Hannes Frederic Sowa <hannes@stressinduktion.org>
Hayes Wang <hayeswang@realtek.com>
Jan Stancek <jstancek@redhat.com>
Jason Wang <jasowang@redhat.com>
Jens Axboe <axboe@kernel.dk>
Jiri Kosina <jkosina@suse.cz>
Jiri Pirko <jiri@resnulli.us>
Joerg Roedel <joro@8bytes.org>
John Stultz <john.stultz@linaro.org>
Jukka Rissanen <jukka.rissanen@linux.intel.com>
Julian Anastasov <ja@ssi.bg>
Julian Stecklina <jsteckli@os.inf.tu-dresden.de>
KOBAYASHI Yoshitake <yoshitake.kobayashi@toshiba.co.jp>
Linus Torvalds <torvalds@linux-foundation.org>
Marcelo Ricardo Leitner <mleitner@redhat.com>
Mateusz Guzik <mguzik@redhat.com>
Mel Gorman <mgorman@suse.de>
Miroslav Lichvar <mlichvar@redhat.com>
Neil Horman <nhorman@tuxdriver.com>
Nikolay Aleksandrov <nikolay@redhat.com>
Pavel Emelyanov <xemul@parallels.com>
Pierre Ossman <pierre@ossman.eu>
Salam Noureddine <noureddine@aristanetworks.com>
Sasha Levin <sasha.levin@oracle.com>
Shawn Landden <shawn@churchofgit.com>
Simon Wood <simon@mungewell.org>
soren.brinkmann@xilinx.com
Stephen Boyd <sboyd@codeaurora.org>
Sujith Manoharan <sujith@msujith.org>
Thomas Gleixner <tglx@linutronix.de>
Tomi Valkeinen <tomi.valkeinen@ti.com>
Tomoki Sekiyama <tomoki.sekiyama@hds.com>
Veaceslav Falico <vfalico@redhat.com>
Vlad Yasevich <vyasevic@redhat.com>
Yang Yingliang <yangyingliang@huawei.com>
Ying Xue <ying.xue@windriver.com>
Yuchung Cheng <ycheng@google.com>
------------------------------------------------------------
jobs:
build-amd64 pass
build-i386 pass
build-amd64-pvops pass
build-i386-pvops pass
test-amd64-amd64-xl pass
test-amd64-i386-xl pass
test-amd64-i386-rhel6hvm-amd pass
test-amd64-i386-qemut-rhel6hvm-amd pass
test-amd64-i386-qemuu-rhel6hvm-amd fail
test-amd64-i386-freebsd10-amd64 pass
test-amd64-amd64-xl-qemut-win7-amd64 fail
test-amd64-i386-xl-qemut-win7-amd64 fail
test-amd64-amd64-xl-qemuu-win7-amd64 fail
test-amd64-amd64-xl-win7-amd64 fail
test-amd64-i386-xl-win7-amd64 fail
test-amd64-i386-xl-credit2 pass
test-amd64-i386-freebsd10-i386 fail
test-amd64-amd64-xl-pcipt-intel fail
test-amd64-i386-rhel6hvm-intel pass
test-amd64-i386-qemut-rhel6hvm-intel pass
test-amd64-i386-qemuu-rhel6hvm-intel pass
test-amd64-i386-xl-multivcpu pass
test-amd64-amd64-pair pass
test-amd64-i386-pair fail
test-amd64-amd64-xl-sedf-pin pass
test-amd64-amd64-pv pass
test-amd64-i386-pv pass
test-amd64-amd64-xl-sedf pass
test-amd64-i386-xl-qemut-winxpsp3-vcpus1 fail
test-amd64-i386-xl-winxpsp3-vcpus1 fail
test-amd64-i386-xend-qemut-winxpsp3 fail
test-amd64-amd64-xl-qemut-winxpsp3 fail
test-amd64-amd64-xl-qemuu-winxpsp3 fail
test-amd64-i386-xend-winxpsp3 fail
test-amd64-amd64-xl-winxpsp3 fail
------------------------------------------------------------
sg-report-flight on woking.cam.xci-test.com
logs: /home/xc_osstest/logs
images: /home/xc_osstest/images
Logs, config files, etc. are available at
http://www.chiark.greenend.org.uk/~xensrcts/logs
Test harness code can be found at
http://xenbits.xensource.com/gitweb?p=osstest.git;a=summary
Pushing revision :
+ branch=linux-3.10
+ revision=184c20bbc978eb7a2e1d3637b7864208822c7ebc
+ . cri-lock-repos
++ . cri-common
+++ . cri-getconfig
+++ umask 002
+++ getconfig Repos
+++ perl -e '
use Osstest;
readglobalconfig();
print $c{"Repos"} or die $!;
'
++ repos=/export/home/osstest/repos
++ repos_lock=/export/home/osstest/repos/lock
++ '[' x '!=' x/export/home/osstest/repos/lock ']'
++ OSSTEST_REPOS_LOCK_LOCKED=/export/home/osstest/repos/lock
++ exec with-lock-ex -w /export/home/osstest/repos/lock ./ap-push linux-3.10 184c20bbc978eb7a2e1d3637b7864208822c7ebc
+ branch=linux-3.10
+ revision=184c20bbc978eb7a2e1d3637b7864208822c7ebc
+ . cri-lock-repos
++ . cri-common
+++ . cri-getconfig
+++ umask 002
+++ getconfig Repos
+++ perl -e '
use Osstest;
readglobalconfig();
print $c{"Repos"} or die $!;
'
++ repos=/export/home/osstest/repos
++ repos_lock=/export/home/osstest/repos/lock
++ '[' x/export/home/osstest/repos/lock '!=' x/export/home/osstest/repos/lock ']'
+ . cri-common
++ . cri-getconfig
++ umask 002
+ select_xenbranch
+ case "$branch" in
+ tree=linux
+ xenbranch=xen-unstable
+ '[' xlinux = xlinux ']'
+ linuxbranch=linux-3.10
+ : tested/2.6.39.x
+ . ap-common
++ : osstest@xenbits.xensource.com
++ : git://xenbits.xen.org/xen.git
++ : osstest@xenbits.xensource.com:/home/xen/git/xen.git
++ : git://xenbits.xen.org/staging/qemu-xen-unstable.git
++ : git://git.kernel.org
++ : git://git.kernel.org/pub/scm/linux/kernel/git
++ : git
++ : git://xenbits.xen.org/osstest/linux-firmware.git
++ : osstest@xenbits.xensource.com:/home/osstest/ext/linux-firmware.git
++ : git://git.kernel.org/pub/scm/linux/kernel/git/firmware/linux-firmware.git
++ : osstest@xenbits.xensource.com:/home/xen/git/linux-pvops.git
++ : git://xenbits.xen.org/linux-pvops.git
++ : tested/linux-3.4
++ : tested/linux-arm-xen
++ '[' xgit://git.kernel.org/pub/scm/linux/kernel/git/stable/linux-stable.git = x ']'
++ '[' xgit://xenbits.xen.org/linux-pvops.git = x ']'
++ : git://git.kernel.org/pub/scm/linux/kernel/git/konrad/xen.git
++ : tested/2.6.39.x
++ : daily-cron.linux-3.10
++ : daily-cron.linux-3.10
++ : http://hg.uk.xensource.com/carbon/trunk/linux-2.6.27
++ : git://xenbits.xen.org/staging/qemu-upstream-unstable.git
++ : daily-cron.linux-3.10
+ TREE_LINUX=osstest@xenbits.xensource.com:/home/xen/git/linux-pvops.git
+ TREE_QEMU_UPSTREAM=osstest@xenbits.xensource.com:/home/xen/git/qemu-upstream-unstable.git
+ TREE_XEN=osstest@xenbits.xensource.com:/home/xen/git/xen.git
+ info_linux_tree linux-3.10
+ case $1 in
+ : git://git.kernel.org/pub/scm/linux/kernel/git/stable/linux-stable.git
+ : linux-3.10.y
+ : linux-3.10.y
+ : git
+ : git
+ : git://xenbits.xen.org/linux-pvops.git
+ : osstest@xenbits.xensource.com:/home/xen/git/linux-pvops.git
+ : tested/linux-3.10
+ : tested/linux-3.10
+ return 0
+ cd /export/home/osstest/repos/linux
+ git push osstest@xenbits.xensource.com:/home/xen/git/linux-pvops.git 184c20bbc978eb7a2e1d3637b7864208822c7ebc:tested/linux-3.10
Counting objects: 1
Counting objects: 179
Counting objects: 622, done.
Compressing objects: 1% (1/60)
Compressing objects: 3% (2/60)
Compressing objects: 5% (3/60)
Compressing objects: 6% (4/60)
Compressing objects: 8% (5/60)
Compressing objects: 10% (6/60)
Compressing objects: 11% (7/60)
Compressing objects: 13% (8/60)
Compressing objects: 15% (9/60)
Compressing objects: 16% (10/60)
Compressing objects: 18% (11/60)
Compressing objects: 20% (12/60)
Compressing objects: 21% (13/60)
Compressing objects: 23% (14/60)
Compressing objects: 25% (15/60)
Compressing objects: 26% (16/60)
Compressing objects: 28% (17/60)
Compressing objects: 30% (18/60)
Compressing objects: 31% (19/60)
Compressing objects: 33% (20/60)
Compressing objects: 35% (21/60)
Compressing objects: 36% (22/60)
Compressing objects: 38% (23/60)
Compressing objects: 40% (24/60)
Compressing objects: 41% (25/60)
Compressing objects: 43% (26/60)
Compressing objects: 45% (27/60)
Compressing objects: 46% (28/60)
Compressing objects: 48% (29/60)
Compressing objects: 50% (30/60)
Compressing objects: 51% (31/60)
Compressing objects: 53% (32/60)
Compressing objects: 55% (33/60)
Compressing objects: 56% (34/60)
Compressing objects: 58% (35/60)
Compressing objects: 60% (36/60)
Compressing objects: 61% (37/60)
Compressing objects: 63% (38/60)
Compressing objects: 65% (39/60)
Compressing objects: 66% (40/60)
Compressing objects: 68% (41/60)
Compressing objects: 70% (42/60)
Compressing objects: 71% (43/60)
Compressing objects: 73% (44/60)
Compressing objects: 75% (45/60)
Compressing objects: 76% (46/60)
Compressing objects: 78% (47/60)
Compressing objects: 80% (48/60)
Compressing objects: 81% (49/60)
Compressing objects: 83% (50/60)
Compressing objects: 85% (51/60)
Compressing objects: 86% (52/60)
Compressing objects: 88% (53/60)
Compressing objects: 90% (54/60)
Compressing objects: 91% (55/60)
Compressing objects: 93% (56/60)
Compressing objects: 95% (57/60)
Compressing objects: 96% (58/60)
Compressing objects: 98% (59/60)
Compressing objects: 100% (60/60)
Compressing objects: 100% (60/60), done.
Writing objects: 0% (1/441)
Writing objects: 1% (5/441)
Writing objects: 2% (9/441)
Writing objects: 3% (14/441)
Writing objects: 4% (18/441)
Writing objects: 5% (23/441)
Writing objects: 6% (27/441)
Writing objects: 7% (31/441)
Writing objects: 8% (36/441)
Writing objects: 9% (40/441)
Writing objects: 10% (45/441)
Writing objects: 11% (49/441)
Writing objects: 12% (53/441)
Writing objects: 13% (58/441)
Writing objects: 14% (62/441)
Writing objects: 15% (67/441)
Writing objects: 16% (72/441)
Writing objects: 17% (75/441)
Writing objects: 18% (80/441)
Writing objects: 19% (84/441)
Writing objects: 20% (89/441)
Writing objects: 21% (93/441)
Writing objects: 22% (98/441)
Writing objects: 23% (102/441)
Writing objects: 24% (106/441)
Writing objects: 25% (111/441)
Writing objects: 26% (115/441)
Writing objects: 27% (120/441)
Writing objects: 28% (124/441)
Writing objects: 29% (128/441)
Writing objects: 30% (133/441)
Writing objects: 31% (137/441)
Writing objects: 32% (142/441)
Writing objects: 33% (146/441)
Writing objects: 34% (150/441)
Writing objects: 35% (155/441)
Writing objects: 36% (159/441)
Writing objects: 37% (164/441)
Writing objects: 38% (168/441)
Writing objects: 39% (172/441)
Writing objects: 40% (178/441)
Writing objects: 41% (182/441)
Writing objects: 42% (186/441)
Writing objects: 43% (190/441)
Writing objects: 44% (195/441)
Writing objects: 45% (199/441)
Writing objects: 46% (203/441)
Writing objects: 47% (208/441)
Writing objects: 48% (212/441)
Writing objects: 49% (217/441)
Writing objects: 50% (221/441)
Writing objects: 51% (225/441)
Writing objects: 52% (230/441)
Writing objects: 53% (234/441)
Writing objects: 54% (239/441)
Writing objects: 55% (243/441)
Writing objects: 56% (247/441)
Writing objects: 57% (252/441)
Writing objects: 58% (256/441)
Writing objects: 59% (261/441)
Writing objects: 60% (265/441)
Writing objects: 61% (270/441)
Writing objects: 62% (274/441)
Writing objects: 63% (278/441)
Writing objects: 64% (283/441)
Writing objects: 65% (287/441)
Writing objects: 66% (292/441)
Writing objects: 67% (296/441)
Writing objects: 68% (300/441)
Writing objects: 69% (305/441)
Writing objects: 70% (309/441)
Writing objects: 71% (314/441)
Writing objects: 72% (318/441)
Writing objects: 73% (322/441)
Writing objects: 74% (327/441)
Writing objects: 75% (331/441)
Writing objects: 76% (336/441)
Writing objects: 77% (340/441)
Writing objects: 78% (344/441)
Writing objects: 79% (349/441)
Writing objects: 80% (353/441)
Writing objects: 81% (358/441)
Writing objects: 82% (362/441)
Writing objects: 83% (367/441)
Writing objects: 84% (371/441)
Writing objects: 85% (375/441)
Writing objects: 86% (380/441)
Writing objects: 87% (384/441)
Writing objects: 88% (389/441)
Writing objects: 89% (393/441)
Writing objects: 90% (397/441)
Writing objects: 91% (402/441)
Writing objects: 92% (406/441)
Writing objects: 93% (411/441)
Writing objects: 94% (415/441)
Writing objects: 95% (419/441)
Writing objects: 96% (424/441)
Writing objects: 97% (428/441)
Writing objects: 98% (433/441)
Writing objects: 99% (437/441)
Writing objects: 100% (441/441)
Writing objects: 100% (441/441), 72.72 KiB, done.
Total 441 (delta 381), reused 441 (delta 381)
To osstest@xenbits.xensource.com:/home/xen/git/linux-pvops.git
5380697..184c20b 184c20bbc978eb7a2e1d3637b7864208822c7ebc -> tested/linux-3.10
+ exit 0
^ permalink raw reply [flat|nested] only message in thread
only message in thread, other threads:[~2013-12-09 22:45 UTC | newest]
Thread overview: (only message) (download: mbox.gz follow: Atom feed
-- links below jump to the message on this page --
2013-12-09 22:45 [linux-3.10 test] 22355: tolerable FAIL - PUSHED xen.org
This is a public inbox, see mirroring instructions
for how to clone and mirror all data and code used for this inbox;
as well as URLs for NNTP newsgroup(s).