xen-devel.lists.xenproject.org archive mirror
 help / color / mirror / Atom feed
From: xen.org <ian.jackson@eu.citrix.com>
To: xen-devel@lists.xensource.com
Cc: ian.jackson@eu.citrix.com
Subject: [linux-3.4 test] 22410: regressions - FAIL
Date: Thu, 12 Dec 2013 20:24:23 +0000	[thread overview]
Message-ID: <osstest-22410-mainreport@xen.org> (raw)

flight 22410 linux-3.4 real [real]
http://www.chiark.greenend.org.uk/~xensrcts/logs/22410/

Regressions :-(

Tests which did not succeed and are blocking,
including tests which could not be run:
 test-amd64-i386-xl-winxpsp3-vcpus1 12 guest-localmigrate/x10 fail REGR. vs. 22343

Regressions which are regarded as allowable (not blocking):
 test-amd64-amd64-xl-sedf-pin  7 debian-install            fail REGR. vs. 22343
 test-amd64-amd64-xl-win7-amd64 12 guest-localmigrate/x10       fail like 22343
 test-amd64-amd64-xl-qemuu-win7-amd64 12 guest-localmigrate/x10 fail like 22339
 test-amd64-i386-xl-win7-amd64  7 windows-install              fail  like 22339
 test-amd64-amd64-xl-winxpsp3  7 windows-install              fail   like 22343
 test-amd64-amd64-xl-qemuu-winxpsp3  7 windows-install          fail like 22339
 test-amd64-amd64-xl-qemut-winxpsp3  7 windows-install          fail like 22343

Tests which did not succeed, but are not blocking:
 test-amd64-i386-xl-qemut-winxpsp3-vcpus1 13 guest-stop         fail never pass
 test-amd64-amd64-xl-qemut-win7-amd64 13 guest-stop             fail never pass
 test-amd64-i386-xl-qemut-win7-amd64 13 guest-stop              fail never pass
 test-amd64-amd64-xl-pcipt-intel  9 guest-start                 fail never pass
 test-amd64-i386-xend-qemut-winxpsp3 16 leak-check/check        fail never pass
 test-amd64-i386-xend-winxpsp3 16 leak-check/check             fail  never pass

version targeted for testing:
 linux                827f121bfdb8f89c9239c3be09dc107cf442b14e
baseline version:
 linux                50b673d2fefba609f4a84e889277c5e12ce6a93d

------------------------------------------------------------
People who touched revisions under test:
  Alan Cox <alan@linux.intel.com>
  Anatolij Gustschin <agust@denx.de>
  Andrew Morton <akpm@linux-foundation.org>
  Bo Shen <voice.shen@atmel.com>
  Charles Keepax <ckeepax@opensource.wolfsonmicro.com>
  Colin Leitner <colin.leitner@gmail.com>
  Dan Williams <dan.j.williams@intel.com>
  David Cluytens <david.cluytens@gmail.com>
  David S. Miller <davem@davemloft.net>
  Dmitry Torokhov <dmitry.torokhov@gmail.com>
  Greg Kroah-Hartman <gregkh@linuxfoundation.org>
  Heiko Stuebner <heiko@sntech.de>
  Herbert Xu <herbert@gondor.apana.org.au>
  Horia Geanta <horia.geanta@freescale.com>
  James Bottomley <JBottomley@Parallels.com>
  James Ralston <james.d.ralston@intel.com>
  Jeff Garzik <jgarzik@redhat.com>
  Johan Hovold <jhovold@gmail.com>
  Laxman Dewangan <ldewangan@nvidia.com>
  Linus Walleij <linus.walleij@linaro.org>
  Liu Gang <Gang.Liu@freescale.com>
  Mark Brown <broonie@linaro.org>
  Praveen Murali <pmurali@logicube.com>
  Richard Weinberger <richard@nod.at>
  Scott Wood <scottwood@freescale.com>
  Sergei Trofimovich <slyfox@gentoo.org>
  Seth Heasley <seth.heasley@intel.com>
  Shawn Landden <shawn@churchofgit.com>
  Stephen M. Cameron <scameron@beardog.cce.hp.com>
  Thomas Gleixner <tglx@linutronix.de>
  Tom Gundersen <teg@jklm.no>
  Tom Lendacky <thomas.lendacky@amd.com>
  Trond Myklebust <Trond.Myklebust@netapp.com>
  wenxiong@linux.vnet.ibm.com
  Will Deacon <will.deacon@arm.com>
  Wolfram Sang <w.sang@pengutronix.de>
------------------------------------------------------------

jobs:
 build-amd64                                                  pass    
 build-i386                                                   pass    
 build-amd64-pvops                                            pass    
 build-i386-pvops                                             pass    
 test-amd64-amd64-xl                                          pass    
 test-amd64-i386-xl                                           pass    
 test-amd64-i386-rhel6hvm-amd                                 pass    
 test-amd64-i386-qemut-rhel6hvm-amd                           pass    
 test-amd64-i386-qemuu-rhel6hvm-amd                           pass    
 test-amd64-i386-freebsd10-amd64                              pass    
 test-amd64-amd64-xl-qemut-win7-amd64                         fail    
 test-amd64-i386-xl-qemut-win7-amd64                          fail    
 test-amd64-amd64-xl-qemuu-win7-amd64                         fail    
 test-amd64-amd64-xl-win7-amd64                               fail    
 test-amd64-i386-xl-win7-amd64                                fail    
 test-amd64-i386-xl-credit2                                   pass    
 test-amd64-i386-freebsd10-i386                               pass    
 test-amd64-amd64-xl-pcipt-intel                              fail    
 test-amd64-i386-rhel6hvm-intel                               pass    
 test-amd64-i386-qemut-rhel6hvm-intel                         pass    
 test-amd64-i386-qemuu-rhel6hvm-intel                         pass    
 test-amd64-i386-xl-multivcpu                                 pass    
 test-amd64-amd64-pair                                        pass    
 test-amd64-i386-pair                                         pass    
 test-amd64-amd64-xl-sedf-pin                                 fail    
 test-amd64-amd64-pv                                          pass    
 test-amd64-i386-pv                                           pass    
 test-amd64-amd64-xl-sedf                                     pass    
 test-amd64-i386-xl-qemut-winxpsp3-vcpus1                     fail    
 test-amd64-i386-xl-winxpsp3-vcpus1                           fail    
 test-amd64-i386-xend-qemut-winxpsp3                          fail    
 test-amd64-amd64-xl-qemut-winxpsp3                           fail    
 test-amd64-amd64-xl-qemuu-winxpsp3                           fail    
 test-amd64-i386-xend-winxpsp3                                fail    
 test-amd64-amd64-xl-winxpsp3                                 fail    


------------------------------------------------------------
sg-report-flight on woking.cam.xci-test.com
logs: /home/xc_osstest/logs
images: /home/xc_osstest/images

Logs, config files, etc. are available at
    http://www.chiark.greenend.org.uk/~xensrcts/logs

Test harness code can be found at
    http://xenbits.xensource.com/gitweb?p=osstest.git;a=summary


Not pushing.

(No revision log; it would be 651 lines long.)

                 reply	other threads:[~2013-12-12 20:24 UTC|newest]

Thread overview: [no followups] expand[flat|nested]  mbox.gz  Atom feed

Reply instructions:

You may reply publicly to this message via plain-text email
using any one of the following methods:

* Save the following mbox file, import it into your mail client,
  and reply-to-all from there: mbox

  Avoid top-posting and favor interleaved quoting:
  https://en.wikipedia.org/wiki/Posting_style#Interleaved_style

* Reply using the --to, --cc, and --in-reply-to
  switches of git-send-email(1):

  git send-email \
    --in-reply-to=osstest-22410-mainreport@xen.org \
    --to=ian.jackson@eu.citrix.com \
    --cc=xen-devel@lists.xensource.com \
    /path/to/YOUR_REPLY

  https://kernel.org/pub/software/scm/git/docs/git-send-email.html

* If your mail client supports setting the In-Reply-To header
  via mailto: links, try the mailto: link
Be sure your reply has a Subject: header at the top and a blank line before the message body.
This is a public inbox, see mirroring instructions
for how to clone and mirror all data and code used for this inbox;
as well as URLs for NNTP newsgroup(s).