xen-devel.lists.xenproject.org archive mirror
 help / color / mirror / Atom feed
From: xen.org <ian.jackson@eu.citrix.com>
To: xen-devel@lists.xensource.com
Cc: ian.jackson@eu.citrix.com
Subject: [xen-unstable test] 24846: regressions - trouble: blocked/broken/fail/pass
Date: Tue, 11 Feb 2014 21:32:08 +0000	[thread overview]
Message-ID: <osstest-24846-mainreport@xen.org> (raw)

flight 24846 xen-unstable real [real]
http://www.chiark.greenend.org.uk/~xensrcts/logs/24846/

Regressions :-(

Tests which did not succeed and are blocking,
including tests which could not be run:
 build-i386                    3 host-build-prep           fail REGR. vs. 24839

Tests which did not succeed, but are not blocking:
 test-amd64-amd64-xl-pcipt-intel  9 guest-start                 fail never pass
 test-amd64-i386-qemut-rhel6hvm-intel  1 xen-build-check(1)         blocked n/a
 test-armhf-armhf-xl           9 guest-start                  fail   never pass
 test-amd64-i386-rhel6hvm-amd  1 xen-build-check(1)           blocked  n/a
 test-amd64-i386-xl-multivcpu  1 xen-build-check(1)           blocked  n/a
 test-amd64-i386-qemuu-rhel6hvm-amd  1 xen-build-check(1)           blocked n/a
 test-amd64-i386-qemut-rhel6hvm-amd  1 xen-build-check(1)           blocked n/a
 test-amd64-i386-freebsd10-i386  1 xen-build-check(1)           blocked  n/a
 test-amd64-i386-freebsd10-amd64  1 xen-build-check(1)           blocked  n/a
 test-amd64-i386-xend-winxpsp3 16 leak-check/check             fail  never pass
 test-amd64-i386-xl            1 xen-build-check(1)           blocked  n/a
 test-amd64-amd64-xl-qemuu-win7-amd64 13 guest-stop             fail never pass
 test-amd64-i386-xl-credit2    1 xen-build-check(1)           blocked  n/a
 test-amd64-i386-xl-qemut-win7-amd64  1 xen-build-check(1)          blocked n/a
 test-amd64-amd64-xl-win7-amd64 13 guest-stop                   fail never pass
 test-amd64-i386-rhel6hvm-intel  1 xen-build-check(1)           blocked  n/a
 test-amd64-i386-qemuu-rhel6hvm-intel  1 xen-build-check(1)         blocked n/a
 test-amd64-amd64-xl-qemut-winxpsp3 13 guest-stop               fail never pass
 test-amd64-amd64-xl-winxpsp3 13 guest-stop                   fail   never pass
 test-amd64-i386-xl-qemut-winxpsp3-vcpus1  1 xen-build-check(1)     blocked n/a
 test-amd64-i386-xend-qemut-winxpsp3 16 leak-check/check        fail never pass
 test-amd64-i386-pair          1 xen-build-check(1)           blocked  n/a
 test-amd64-i386-xl-qemuu-winxpsp3-vcpus1  1 xen-build-check(1)     blocked n/a
 test-amd64-i386-xl-winxpsp3-vcpus1  1 xen-build-check(1)           blocked n/a
 test-amd64-i386-xl-qemuu-win7-amd64  1 xen-build-check(1)          blocked n/a
 test-amd64-amd64-xl-qemuu-winxpsp3 13 guest-stop               fail never pass
 test-amd64-amd64-xl-qemut-win7-amd64 13 guest-stop             fail never pass
 test-amd64-i386-xl-win7-amd64  1 xen-build-check(1)           blocked  n/a

version targeted for testing:
 xen                  3b2f92c1f8567461562fac9922fbad223dc8c6cf
baseline version:
 xen                  06bbcaf48d09c18a41c482866941ddd5d2846b44

------------------------------------------------------------
People who touched revisions under test:
  Anup Patel <anup.patel@linaro.org>
  Daniel De Graaf <dgdegra@tycho.nsa.gov>
  David Scott <dave.scott@citrix.com>
  Don Slutz <dslutz@verizon.com>
  Ian Campbell <ian.campbell@citrix.com>
  Jan Beulich <jbeulich@suse.com>
  Julien Grall <julien.grall@linaro.org>
  Pranavkumar Sawargaonkar <pranavkumar@linaro.org>
------------------------------------------------------------

jobs:
 build-amd64-xend                                             pass    
 build-i386-xend                                              pass    
 build-amd64                                                  pass    
 build-armhf                                                  pass    
 build-i386                                                   broken  
 build-amd64-oldkern                                          pass    
 build-i386-oldkern                                           pass    
 build-amd64-pvops                                            pass    
 build-armhf-pvops                                            pass    
 build-i386-pvops                                             pass    
 test-amd64-amd64-xl                                          pass    
 test-armhf-armhf-xl                                          fail    
 test-amd64-i386-xl                                           blocked 
 test-amd64-i386-rhel6hvm-amd                                 blocked 
 test-amd64-i386-qemut-rhel6hvm-amd                           blocked 
 test-amd64-i386-qemuu-rhel6hvm-amd                           blocked 
 test-amd64-i386-freebsd10-amd64                              blocked 
 test-amd64-amd64-xl-qemut-win7-amd64                         fail    
 test-amd64-i386-xl-qemut-win7-amd64                          blocked 
 test-amd64-amd64-xl-qemuu-win7-amd64                         fail    
 test-amd64-i386-xl-qemuu-win7-amd64                          blocked 
 test-amd64-amd64-xl-win7-amd64                               fail    
 test-amd64-i386-xl-win7-amd64                                blocked 
 test-amd64-i386-xl-credit2                                   blocked 
 test-amd64-i386-freebsd10-i386                               blocked 
 test-amd64-amd64-xl-pcipt-intel                              fail    
 test-amd64-i386-rhel6hvm-intel                               blocked 
 test-amd64-i386-qemut-rhel6hvm-intel                         blocked 
 test-amd64-i386-qemuu-rhel6hvm-intel                         blocked 
 test-amd64-i386-xl-multivcpu                                 blocked 
 test-amd64-amd64-pair                                        pass    
 test-amd64-i386-pair                                         blocked 
 test-amd64-amd64-xl-sedf-pin                                 pass    
 test-amd64-amd64-pv                                          pass    
 test-amd64-i386-pv                                           pass    
 test-amd64-amd64-xl-sedf                                     pass    
 test-amd64-i386-xl-qemut-winxpsp3-vcpus1                     blocked 
 test-amd64-i386-xl-qemuu-winxpsp3-vcpus1                     blocked 
 test-amd64-i386-xl-winxpsp3-vcpus1                           blocked 
 test-amd64-i386-xend-qemut-winxpsp3                          fail    
 test-amd64-amd64-xl-qemut-winxpsp3                           fail    
 test-amd64-amd64-xl-qemuu-winxpsp3                           fail    
 test-amd64-i386-xend-winxpsp3                                fail    
 test-amd64-amd64-xl-winxpsp3                                 fail    


------------------------------------------------------------
sg-report-flight on woking.cam.xci-test.com
logs: /home/xc_osstest/logs
images: /home/xc_osstest/images

Logs, config files, etc. are available at
    http://www.chiark.greenend.org.uk/~xensrcts/logs

Test harness code can be found at
    http://xenbits.xensource.com/gitweb?p=osstest.git;a=summary


Not pushing.

------------------------------------------------------------
commit 3b2f92c1f8567461562fac9922fbad223dc8c6cf
Author: Julien Grall <julien.grall@linaro.org>
Date:   Mon Feb 10 17:34:46 2014 +0000

    xen/arm: Correctly boot with an initrd and no linux command line
    
    When DOM0 device tree is building, the properties for initrd will
    only be added if there is a linux command line. This will result to a panic
    later:
    
    (XEN) *** LOADING DOMAIN 0 ***
    (XEN) Populate P2M 0x20000000->0x40000000 (1:1 mapping for dom0)
    (XEN) Loading kernel from boot module 2
    (XEN) Loading zImage from 0000000001000000 to 0000000027c00000-0000000027eafb48
    (XEN) Loading dom0 initrd from 0000000002000000 to 0x0000000028200000-0x0000000028c00000
    (XEN)
    (XEN) ****************************************
    (XEN) Panic on CPU 0:
    (XEN) Cannot fix up "linux,initrd-start" property
    (XEN) ****************************************
    (XEN)
    
    Signed-off-by: Julien Grall <julien.grall@linaro.org>
    Acked-by: Ian Campbell <ian.campbell@citrix.com>

commit 3413b6a923839446c51a7612b19c5dc33b8aa6bc
Author: Don Slutz <dslutz@verizon.com>
Date:   Fri Feb 7 16:51:51 2014 -0500

    xenlight_stubs.c: Allow it to build with ocaml 3.09.3
    
    This code was copied from:
    
    http://docs.camlcity.org/docs/godisrc/oasis-ocaml-fd-1.1.1.tar.gz/ocaml-fd-1.1.1/lib/fd_stubs.c
    
    Signed-off-by: Don Slutz <dslutz@verizon.com>
    Acked-by: David Scott <dave.scott@citrix.com>
    Acked-by: Ian Campbell <ian.campbell@citrix.com>

commit 117501c67ac00ad7850eedf25f870fe36579f71c
Author: Pranavkumar Sawargaonkar <pranavkumar@linaro.org>
Date:   Fri Feb 7 18:27:16 2014 +0530

    xen: arm: arm64: Fix memory cloberring issues during VFP save restore.
    
    This patch addresses memory cloberring issue mentioed by Julien Grall
    with my earlier patch -
    Commit Id: 712eb2e04da2cbcd9908f74ebd47c6df60d6d12f
    
    Discussion related to this fix -
    http://www.gossamer-threads.com/lists/xen/devel/316247
    
    Signed-off-by: Pranavkumar Sawargaonkar <pranavkumar@linaro.org>
    Signed-off-by: Anup Patel <anup.patel@linaro.org>
    Acked-by: Julien Grall <julien.grall@linaro.org>
    Acked-by: Ian Campbell <ian.campbell@citrix.com>

commit ebe867052e0f782139147015c4e91b37aa5e68f1
Author: Jan Beulich <jbeulich@suse.com>
Date:   Tue Feb 11 11:14:10 2014 +0100

    flask: check permissions first thing in flask_security_set_bool()
    
    Nothing else should be done if the caller isn't permitted to set
    boolean values.
    
    Signed-off-by: Jan Beulich <jbeulich@suse.com>
    Reviewed-by: Andrew Cooper <andrew.cooper3@citrix.com>
    Acked-by: Daniel De Graaf <dgdegra@tycho.nsa.gov>

commit 31f3620be0e3158c205a3669135f9c4bfa40b1c7
Author: Jan Beulich <jbeulich@suse.com>
Date:   Tue Feb 11 11:13:22 2014 +0100

    flask: fix error propagation from flask_security_set_bool()
    
    The function should return an error when flask_security_make_bools()
    fails as well as when the input ID is out of range.
    
    Signed-off-by: Jan Beulich <jbeulich@suse.com>
    Reviewed-by: Andrew Cooper <andrew.cooper3@citrix.com>
    Acked-by: Daniel De Graaf <dgdegra@tycho.nsa.gov>

commit 57c9f2caf05de41913b3e4eb48c0c3ad6c18dd3f
Author: Jan Beulich <jbeulich@suse.com>
Date:   Tue Feb 11 11:11:48 2014 +0100

    flask: fix memory leaks
    
    Plus, in the case of security_preserve_bools(), prevent double freeing
    in the case of security_get_bools() failing.
    
    Signed-off-by: Jan Beulich <jbeulich@suse.com>
    Reviewed-by: Andrew Cooper <andrew.cooper3@citrix.com>
    Acked-by: Daniel De Graaf <dgdegra@tycho.nsa.gov>
(qemu changes not included)

                 reply	other threads:[~2014-02-11 21:32 UTC|newest]

Thread overview: [no followups] expand[flat|nested]  mbox.gz  Atom feed

Reply instructions:

You may reply publicly to this message via plain-text email
using any one of the following methods:

* Save the following mbox file, import it into your mail client,
  and reply-to-all from there: mbox

  Avoid top-posting and favor interleaved quoting:
  https://en.wikipedia.org/wiki/Posting_style#Interleaved_style

* Reply using the --to, --cc, and --in-reply-to
  switches of git-send-email(1):

  git send-email \
    --in-reply-to=osstest-24846-mainreport@xen.org \
    --to=ian.jackson@eu.citrix.com \
    --cc=xen-devel@lists.xensource.com \
    /path/to/YOUR_REPLY

  https://kernel.org/pub/software/scm/git/docs/git-send-email.html

* If your mail client supports setting the In-Reply-To header
  via mailto: links, try the mailto: link
Be sure your reply has a Subject: header at the top and a blank line before the message body.
This is a public inbox, see mirroring instructions
for how to clone and mirror all data and code used for this inbox;
as well as URLs for NNTP newsgroup(s).