* [xen-unstable test] 24867: regressions - FAIL
@ 2014-02-13 23:02 xen.org
0 siblings, 0 replies; only message in thread
From: xen.org @ 2014-02-13 23:02 UTC (permalink / raw)
To: xen-devel; +Cc: ian.jackson
flight 24867 xen-unstable real [real]
http://www.chiark.greenend.org.uk/~xensrcts/logs/24867/
Regressions :-(
Tests which did not succeed and are blocking,
including tests which could not be run:
build-i386-oldkern 4 xen-build fail REGR. vs. 24862
Regressions which are regarded as allowable (not blocking):
test-amd64-amd64-xl-sedf-pin 10 guest-saverestore fail like 24862
Tests which did not succeed, but are not blocking:
test-amd64-amd64-xl-pcipt-intel 9 guest-start fail never pass
test-armhf-armhf-xl 9 guest-start fail never pass
test-amd64-i386-xend-winxpsp3 16 leak-check/check fail never pass
test-amd64-amd64-xl-qemuu-win7-amd64 13 guest-stop fail never pass
test-amd64-i386-xl-qemut-win7-amd64 13 guest-stop fail never pass
test-amd64-amd64-xl-win7-amd64 13 guest-stop fail never pass
test-amd64-amd64-xl-qemut-winxpsp3 13 guest-stop fail never pass
test-amd64-amd64-xl-winxpsp3 13 guest-stop fail never pass
test-amd64-i386-xend-qemut-winxpsp3 16 leak-check/check fail never pass
test-amd64-i386-xl-qemut-winxpsp3-vcpus1 13 guest-stop fail never pass
test-amd64-i386-xl-qemuu-winxpsp3-vcpus1 13 guest-stop fail never pass
test-amd64-i386-xl-winxpsp3-vcpus1 13 guest-stop fail never pass
test-amd64-i386-xl-qemuu-win7-amd64 13 guest-stop fail never pass
test-amd64-amd64-xl-qemuu-winxpsp3 13 guest-stop fail never pass
test-amd64-amd64-xl-qemut-win7-amd64 13 guest-stop fail never pass
test-amd64-i386-xl-win7-amd64 13 guest-stop fail never pass
version targeted for testing:
xen 1278b09cc5a38da4efbe0de37a7f9fab9d19f913
baseline version:
xen d883c179a74111a6804baf8cb8224235242a88fc
------------------------------------------------------------
People who touched revisions under test:
Boris Ostrovsky <boris.ostrovsky@oracle.com>
Daniel De Graaf <dgdegra@tycho.nsa.gov>
Ian Campbell <ian.campbell@citrix.com>
Ian Jackson <ian.jackson@eu.citrix.com>
------------------------------------------------------------
jobs:
build-amd64-xend pass
build-i386-xend pass
build-amd64 pass
build-armhf pass
build-i386 pass
build-amd64-oldkern pass
build-i386-oldkern fail
build-amd64-pvops pass
build-armhf-pvops pass
build-i386-pvops pass
test-amd64-amd64-xl pass
test-armhf-armhf-xl fail
test-amd64-i386-xl pass
test-amd64-i386-rhel6hvm-amd pass
test-amd64-i386-qemut-rhel6hvm-amd pass
test-amd64-i386-qemuu-rhel6hvm-amd pass
test-amd64-i386-freebsd10-amd64 pass
test-amd64-amd64-xl-qemut-win7-amd64 fail
test-amd64-i386-xl-qemut-win7-amd64 fail
test-amd64-amd64-xl-qemuu-win7-amd64 fail
test-amd64-i386-xl-qemuu-win7-amd64 fail
test-amd64-amd64-xl-win7-amd64 fail
test-amd64-i386-xl-win7-amd64 fail
test-amd64-i386-xl-credit2 pass
test-amd64-i386-freebsd10-i386 pass
test-amd64-amd64-xl-pcipt-intel fail
test-amd64-i386-rhel6hvm-intel pass
test-amd64-i386-qemut-rhel6hvm-intel pass
test-amd64-i386-qemuu-rhel6hvm-intel pass
test-amd64-i386-xl-multivcpu pass
test-amd64-amd64-pair pass
test-amd64-i386-pair pass
test-amd64-amd64-xl-sedf-pin fail
test-amd64-amd64-pv pass
test-amd64-i386-pv pass
test-amd64-amd64-xl-sedf pass
test-amd64-i386-xl-qemut-winxpsp3-vcpus1 fail
test-amd64-i386-xl-qemuu-winxpsp3-vcpus1 fail
test-amd64-i386-xl-winxpsp3-vcpus1 fail
test-amd64-i386-xend-qemut-winxpsp3 fail
test-amd64-amd64-xl-qemut-winxpsp3 fail
test-amd64-amd64-xl-qemuu-winxpsp3 fail
test-amd64-i386-xend-winxpsp3 fail
test-amd64-amd64-xl-winxpsp3 fail
------------------------------------------------------------
sg-report-flight on woking.cam.xci-test.com
logs: /home/xc_osstest/logs
images: /home/xc_osstest/images
Logs, config files, etc. are available at
http://www.chiark.greenend.org.uk/~xensrcts/logs
Test harness code can be found at
http://xenbits.xensource.com/gitweb?p=osstest.git;a=summary
Not pushing.
------------------------------------------------------------
commit 1278b09cc5a38da4efbe0de37a7f9fab9d19f913
Author: Daniel De Graaf <dgdegra@tycho.nsa.gov>
Date: Tue Feb 11 10:25:17 2014 -0500
docs/vtpm: fix auto-shutdown reference
The automatic shutdown feature of the vTPM was removed because it
interfered with pv-grub measurement support and was also not triggered
if the guest did not use the vTPM. Virtual TPM domains will need to be
shut down or destroyed on guest shutdown via a script or other user
action.
This also fixes an incorrect reference to the vTPM being PV-only.
Signed-off-by: Daniel De Graaf <dgdegra@tycho.nsa.gov>
Acked-by: Ian Campbell <ian.campbell@citrix.com>
commit 001bdcee7bc19be3e047d227b4d940c04972eb02
Author: Boris Ostrovsky <boris.ostrovsky@oracle.com>
Date: Thu Feb 13 10:49:55 2014 +0100
x86/pci: Store VF's memory space displacement in a 64-bit value
VF's memory space offset can be greater than 4GB and therefore needs
to be stored in a 64-bit variable.
Signed-off-by: Boris Ostrovsky <boris.ostrovsky@oracle.com>
commit 3ac3817762d1a8b39fa45998ec8c40cabfcfc802
Author: Ian Campbell <ian.campbell@citrix.com>
Date: Wed Feb 12 14:27:37 2014 +0000
xl: suppress suspend/resume functions on platforms which do not support it.
ARM does not (currently) support migration, so stop offering tasty looking
treats like "xl migrate".
Apart from the UI improvement my intention is to use this in osstest to detect
whether to attempt the save/restore/migrate tests.
Other than the additions of the #define/#ifdef there is a tiny bit of code
motion ("dump-core" in the command list and core_dump_domain in the
implementations) which serves to put ifdeffable bits next to each other.
Signed-off-by: Ian Campbell <ian.campbell@citrix.com>
Acked-by: Ian Jackson <ian.jackson@eu.citrix.com>
(qemu changes not included)
^ permalink raw reply [flat|nested] only message in thread
only message in thread, other threads:[~2014-02-13 23:02 UTC | newest]
Thread overview: (only message) (download: mbox.gz follow: Atom feed
-- links below jump to the message on this page --
2014-02-13 23:02 [xen-unstable test] 24867: regressions - FAIL xen.org
This is a public inbox, see mirroring instructions
for how to clone and mirror all data and code used for this inbox;
as well as URLs for NNTP newsgroup(s).