From mboxrd@z Thu Jan 1 00:00:00 1970 From: xen.org Subject: [linux-3.10 test] 24878: tolerable FAIL - PUSHED Date: Fri, 14 Feb 2014 15:41:36 +0000 Message-ID: Mime-Version: 1.0 Content-Type: multipart/mixed; boundary="===============4265193807059029291==" Return-path: List-Unsubscribe: , List-Post: List-Help: List-Subscribe: , Sender: xen-devel-bounces@lists.xen.org Errors-To: xen-devel-bounces@lists.xen.org To: xen-devel@lists.xensource.com Cc: ian.jackson@eu.citrix.com List-Id: xen-devel@lists.xenproject.org --===============4265193807059029291== Content-Type: text/plain flight 24878 linux-3.10 real [real] http://www.chiark.greenend.org.uk/~xensrcts/logs/24878/ Failures :-/ but no regressions. Regressions which are regarded as allowable (not blocking): test-amd64-amd64-xl-win7-amd64 7 windows-install fail like 24797 test-amd64-amd64-xl-qemut-winxpsp3 7 windows-install fail like 24797 test-amd64-amd64-xl-qemuu-winxpsp3 7 windows-install fail like 24797 Tests which did not succeed, but are not blocking: test-amd64-amd64-xl-pcipt-intel 9 guest-start fail never pass test-amd64-i386-xend-winxpsp3 16 leak-check/check fail never pass test-armhf-armhf-xl 5 xen-boot fail never pass test-amd64-i386-xl-qemut-winxpsp3-vcpus1 13 guest-stop fail never pass test-amd64-i386-xl-qemuu-win7-amd64 13 guest-stop fail never pass test-amd64-i386-xl-win7-amd64 13 guest-stop fail never pass test-amd64-amd64-xl-qemut-win7-amd64 13 guest-stop fail never pass test-amd64-amd64-xl-qemuu-win7-amd64 13 guest-stop fail never pass test-amd64-amd64-xl-winxpsp3 13 guest-stop fail never pass test-amd64-i386-xend-qemut-winxpsp3 16 leak-check/check fail never pass test-amd64-i386-xl-qemuu-winxpsp3-vcpus1 13 guest-stop fail never pass test-amd64-i386-xl-qemut-win7-amd64 13 guest-stop fail never pass test-amd64-i386-xl-winxpsp3-vcpus1 13 guest-stop fail never pass version targeted for testing: linux 29b5f720990fafc302a034468455426dd662e101 baseline version: linux 1569265782ef26ed77ce45ebeb0676f11d4c114a ------------------------------------------------------------ People who touched revisions under test: "David S. Miller" Akash Goel AKASHI Takahiro Al Viro Alex Deucher Alex Williamson Andrew Morton Antti Palosaari Ben Skeggs Bjorn Helgaas Boaz Harrosh Borislav Petkov Brecht Machiels Brennan Shacklett Brian Norris Chris Ball Chris Metcalf Chris Wilson Christoph Lameter Chuck Anderson Dan Duval Daniel Santos Daniel Vetter Dave Airlie David Rientjes Dirk Brandewie Eric Paris Florian Fainelli Geert Uytterhoeven Greg Kroah-Hartman Heiko Carstens Ira Weiny James Ralston Jiri Slaby Joe Thornber Johannes Weiner John Stultz Jonas Gorski Josh Triplett Kamil Debski Len Brown Li Zefan Linus Torvalds Ludovic Desroches Luiz Capitulino Maarten Lankhorst Malcolm Priestley Marek Olšák Marek Szyprowski Mark Brown Mauro Carvalho Chehab Max Filippov Michael Grzeschik Michel Dänzer Mike Snitzer Miklos Szeredi Mikulas Patocka Naoya Horiguchi Nell Hardcastle Nicolas Ferre Olivier Grenie Patrick Boettcher Paul Moore Pekka Enberg Rafael J. Wysocki Ray Jui Richard Guy Briggs Roland Dreier Samuel Ortiz Sasha Levin Seth Heasley Seungwon Jeon Srinivas Pandruvada Stanislaw Gruszka Steven Rostedt Takashi Iwai Tejun Heo Tetsuo Handa Todd Previte Trond Myklebust Viresh Kumar Wanlong Gao Weston Andros Adamson Weston Andros Adamson Wolfram Sang ------------------------------------------------------------ jobs: build-amd64-xend pass build-i386-xend pass build-amd64 pass build-armhf pass build-i386 pass build-amd64-pvops pass build-armhf-pvops pass build-i386-pvops pass test-amd64-amd64-xl pass test-armhf-armhf-xl fail test-amd64-i386-xl pass test-amd64-i386-rhel6hvm-amd pass test-amd64-i386-qemut-rhel6hvm-amd pass test-amd64-i386-qemuu-rhel6hvm-amd pass test-amd64-i386-freebsd10-amd64 pass test-amd64-amd64-xl-qemut-win7-amd64 fail test-amd64-i386-xl-qemut-win7-amd64 fail test-amd64-amd64-xl-qemuu-win7-amd64 fail test-amd64-i386-xl-qemuu-win7-amd64 fail test-amd64-amd64-xl-win7-amd64 fail test-amd64-i386-xl-win7-amd64 fail test-amd64-i386-xl-credit2 pass test-amd64-i386-freebsd10-i386 pass test-amd64-amd64-xl-pcipt-intel fail test-amd64-i386-rhel6hvm-intel pass test-amd64-i386-qemut-rhel6hvm-intel pass test-amd64-i386-qemuu-rhel6hvm-intel pass test-amd64-i386-xl-multivcpu pass test-amd64-amd64-pair pass test-amd64-i386-pair pass test-amd64-amd64-xl-sedf-pin pass test-amd64-amd64-pv pass test-amd64-i386-pv pass test-amd64-amd64-xl-sedf pass test-amd64-i386-xl-qemut-winxpsp3-vcpus1 fail test-amd64-i386-xl-qemuu-winxpsp3-vcpus1 fail test-amd64-i386-xl-winxpsp3-vcpus1 fail test-amd64-i386-xend-qemut-winxpsp3 fail test-amd64-amd64-xl-qemut-winxpsp3 fail test-amd64-amd64-xl-qemuu-winxpsp3 fail test-amd64-i386-xend-winxpsp3 fail test-amd64-amd64-xl-winxpsp3 fail ------------------------------------------------------------ sg-report-flight on woking.cam.xci-test.com logs: /home/xc_osstest/logs images: /home/xc_osstest/images Logs, config files, etc. are available at http://www.chiark.greenend.org.uk/~xensrcts/logs Test harness code can be found at http://xenbits.xensource.com/gitweb?p=osstest.git;a=summary Pushing revision : + branch=linux-3.10 + revision=29b5f720990fafc302a034468455426dd662e101 + . cri-lock-repos ++ . cri-common +++ . cri-getconfig +++ umask 002 +++ getconfig Repos +++ perl -e ' use Osstest; readglobalconfig(); print $c{"Repos"} or die $!; ' ++ repos=/export/home/osstest/repos ++ repos_lock=/export/home/osstest/repos/lock ++ '[' x '!=' x/export/home/osstest/repos/lock ']' ++ OSSTEST_REPOS_LOCK_LOCKED=/export/home/osstest/repos/lock ++ exec with-lock-ex -w /export/home/osstest/repos/lock ./ap-push linux-3.10 29b5f720990fafc302a034468455426dd662e101 + branch=linux-3.10 + revision=29b5f720990fafc302a034468455426dd662e101 + . cri-lock-repos ++ . cri-common +++ . cri-getconfig +++ umask 002 +++ getconfig Repos +++ perl -e ' use Osstest; readglobalconfig(); print $c{"Repos"} or die $!; ' ++ repos=/export/home/osstest/repos ++ repos_lock=/export/home/osstest/repos/lock ++ '[' x/export/home/osstest/repos/lock '!=' x/export/home/osstest/repos/lock ']' + . cri-common ++ . cri-getconfig ++ umask 002 + select_xenbranch + case "$branch" in + tree=linux + xenbranch=xen-unstable + '[' xlinux = xlinux ']' + linuxbranch=linux-3.10 + : tested/2.6.39.x + . ap-common ++ : osstest@xenbits.xensource.com ++ : git://xenbits.xen.org/xen.git ++ : osstest@xenbits.xensource.com:/home/xen/git/xen.git ++ : git://xenbits.xen.org/staging/qemu-xen-unstable.git ++ : git://git.kernel.org ++ : git://git.kernel.org/pub/scm/linux/kernel/git ++ : git ++ : git://xenbits.xen.org/osstest/linux-firmware.git ++ : osstest@xenbits.xensource.com:/home/osstest/ext/linux-firmware.git ++ : git://git.kernel.org/pub/scm/linux/kernel/git/firmware/linux-firmware.git ++ : osstest@xenbits.xensource.com:/home/xen/git/linux-pvops.git ++ : git://xenbits.xen.org/linux-pvops.git ++ : tested/linux-3.4 ++ : tested/linux-arm-xen ++ '[' xgit://git.kernel.org/pub/scm/linux/kernel/git/stable/linux-stable.git = x ']' ++ '[' xgit://git.kernel.org/pub/scm/linux/kernel/git/stable/linux-stable.git = x ']' ++ : git://git.kernel.org/pub/scm/linux/kernel/git/konrad/xen.git ++ : tested/2.6.39.x ++ : daily-cron.linux-3.10 ++ : daily-cron.linux-3.10 ++ : http://hg.uk.xensource.com/carbon/trunk/linux-2.6.27 ++ : git://xenbits.xen.org/staging/qemu-upstream-unstable.git ++ : daily-cron.linux-3.10 + TREE_LINUX=osstest@xenbits.xensource.com:/home/xen/git/linux-pvops.git + TREE_QEMU_UPSTREAM=osstest@xenbits.xensource.com:/home/xen/git/qemu-upstream-unstable.git + TREE_XEN=osstest@xenbits.xensource.com:/home/xen/git/xen.git + info_linux_tree linux-3.10 + case $1 in + : git://git.kernel.org/pub/scm/linux/kernel/git/stable/linux-stable.git + : linux-3.10.y + : linux-3.10.y + : git + : git + : git://xenbits.xen.org/linux-pvops.git + : osstest@xenbits.xensource.com:/home/xen/git/linux-pvops.git + : tested/linux-3.10 + : tested/linux-3.10 + return 0 + cd /export/home/osstest/repos/linux + git push osstest@xenbits.xensource.com:/home/xen/git/linux-pvops.git 29b5f720990fafc302a034468455426dd662e101:tested/linux-3.10 Counting objects: 1 Counting objects: 77 Counting objects: 108 Counting objects: 168 Counting objects: 291 Counting objects: 575 Counting objects: 651, done. Compressing objects: 1% (1/95) Compressing objects: 2% (2/95) Compressing objects: 3% (3/95) Compressing objects: 4% (4/95) Compressing objects: 5% (5/95) Compressing objects: 6% (6/95) Compressing objects: 7% (7/95) Compressing objects: 8% (8/95) Compressing objects: 9% (9/95) Compressing objects: 10% (10/95) Compressing objects: 11% (11/95) Compressing objects: 12% (12/95) Compressing objects: 13% (13/95) Compressing objects: 14% (14/95) Compressing objects: 15% (15/95) Compressing objects: 16% (16/95) Compressing objects: 17% (17/95) Compressing objects: 18% (18/95) Compressing objects: 20% (19/95) Compressing objects: 21% (20/95) Compressing objects: 22% (21/95) Compressing objects: 23% (22/95) Compressing objects: 24% (23/95) Compressing objects: 25% (24/95) Compressing objects: 26% (25/95) Compressing objects: 27% (26/95) Compressing objects: 28% (27/95) Compressing objects: 29% (28/95) Compressing objects: 30% (29/95) Compressing objects: 31% (30/95) Compressing objects: 32% (31/95) Compressing objects: 33% (32/95) Compressing objects: 34% (33/95) Compressing objects: 35% (34/95) Compressing objects: 36% (35/95) Compressing objects: 37% (36/95) Compressing objects: 38% (37/95) Compressing objects: 40% (38/95) Compressing objects: 41% (39/95) Compressing objects: 42% (40/95) Compressing objects: 43% (41/95) Compressing objects: 44% (42/95) Compressing objects: 45% (43/95) Compressing objects: 46% (44/95) Compressing objects: 47% (45/95) Compressing objects: 48% (46/95) Compressing objects: 49% (47/95) Compressing objects: 50% (48/95) Compressing objects: 51% (49/95) Compressing objects: 52% (50/95) Compressing objects: 53% (51/95) Compressing objects: 54% (52/95) Compressing objects: 55% (53/95) Compressing objects: 56% (54/95) Compressing objects: 57% (55/95) Compressing objects: 58% (56/95) Compressing objects: 60% (57/95) Compressing objects: 61% (58/95) Compressing objects: 62% (59/95) Compressing objects: 63% (60/95) Compressing objects: 64% (61/95) Compressing objects: 65% (62/95) Compressing objects: 66% (63/95) Compressing objects: 67% (64/95) Compressing objects: 68% (65/95) Compressing objects: 69% (66/95) Compressing objects: 70% (67/95) Compressing objects: 71% (68/95) Compressing objects: 72% (69/95) Compressing objects: 73% (70/95) Compressing objects: 74% (71/95) Compressing objects: 75% (72/95) Compressing objects: 76% (73/95) Compressing objects: 77% (74/95) Compressing objects: 78% (75/95) Compressing objects: 80% (76/95) Compressing objects: 81% (77/95) Compressing objects: 82% (78/95) Compressing objects: 83% (79/95) Compressing objects: 84% (80/95) Compressing objects: 85% (81/95) Compressing objects: 86% (82/95) Compressing objects: 87% (83/95) Compressing objects: 88% (84/95) Compressing objects: 89% (85/95) Compressing objects: 90% (86/95) Compressing objects: 91% (87/95) Compressing objects: 92% (88/95) Compressing objects: 93% (89/95) Compressing objects: 94% (90/95) Compressing objects: 95% (91/95) Compressing objects: 96% (92/95) Compressing objects: 97% (93/95) Compressing objects: 98% (94/95) Compressing objects: 100% (95/95) Compressing objects: 100% (95/95), done. Writing objects: 0% (1/495) Writing objects: 1% (5/495) Writing objects: 2% (10/495) Writing objects: 3% (15/495) Writing objects: 4% (20/495) Writing objects: 5% (25/495) Writing objects: 6% (30/495) Writing objects: 7% (35/495) Writing objects: 8% (40/495) Writing objects: 9% (45/495) Writing objects: 10% (50/495) Writing objects: 11% (55/495) Writing objects: 12% (61/495) Writing objects: 13% (65/495) Writing objects: 14% (70/495) Writing objects: 15% (75/495) Writing objects: 16% (80/495) Writing objects: 17% (85/495) Writing objects: 18% (90/495) Writing objects: 19% (95/495) Writing objects: 20% (99/495) Writing objects: 21% (104/495) Writing objects: 22% (109/495) Writing objects: 23% (114/495) Writing objects: 24% (119/495) Writing objects: 25% (124/495) Writing objects: 26% (129/495) Writing objects: 27% (134/495) Writing objects: 28% (139/495) Writing objects: 29% (144/495) Writing objects: 30% (149/495) Writing objects: 31% (155/495) Writing objects: 32% (159/495) Writing objects: 33% (164/495) Writing objects: 34% (169/495) Writing objects: 35% (174/495) Writing objects: 36% (179/495) Writing objects: 37% (184/495) Writing objects: 38% (189/495) Writing objects: 39% (194/495) Writing objects: 40% (198/495) Writing objects: 41% (203/495) Writing objects: 42% (208/495) Writing objects: 43% (213/495) Writing objects: 44% (218/495) Writing objects: 45% (223/495) Writing objects: 46% (228/495) Writing objects: 47% (233/495) Writing objects: 48% (238/495) Writing objects: 49% (243/495) Writing objects: 50% (248/495) Writing objects: 51% (253/495) Writing objects: 52% (258/495) Writing objects: 53% (263/495) Writing objects: 54% (268/495) Writing objects: 55% (273/495) Writing objects: 56% (278/495) Writing objects: 57% (283/495) Writing objects: 58% (288/495) Writing objects: 59% (293/495) Writing objects: 60% (297/495) Writing objects: 61% (302/495) Writing objects: 62% (307/495) Writing objects: 63% (312/495) Writing objects: 64% (317/495) Writing objects: 65% (322/495) Writing objects: 66% (327/495) Writing objects: 67% (332/495) Writing objects: 68% (337/495) Writing objects: 69% (342/495) Writing objects: 70% (347/495) Writing objects: 71% (352/495) Writing objects: 72% (357/495) Writing objects: 73% (362/495) Writing objects: 74% (367/495) Writing objects: 75% (372/495) Writing objects: 76% (377/495) Writing objects: 77% (382/495) Writing objects: 78% (387/495) Writing objects: 79% (392/495) Writing objects: 80% (396/495) Writing objects: 81% (401/495) Writing objects: 82% (406/495) Writing objects: 83% (411/495) Writing objects: 84% (416/495) Writing objects: 85% (421/495) Writing objects: 86% (426/495) Writing objects: 87% (431/495) Writing objects: 88% (436/495) Writing objects: 89% (441/495) Writing objects: 90% (446/495) Writing objects: 91% (451/495) Writing objects: 92% (456/495) Writing objects: 93% (461/495) Writing objects: 94% (466/495) Writing objects: 95% (471/495) Writing objects: 96% (476/495) Writing objects: 97% (481/495) Writing objects: 98% (486/495) Writing objects: 99% (491/495) Writing objects: 100% (495/495) Writing objects: 100% (495/495), 90.72 KiB, done. Total 495 (delta 400), reused 495 (delta 400) To osstest@xenbits.xensource.com:/home/xen/git/linux-pvops.git 1569265..29b5f72 29b5f720990fafc302a034468455426dd662e101 -> tested/linux-3.10 + exit 0 --===============4265193807059029291== Content-Type: text/plain; charset="us-ascii" MIME-Version: 1.0 Content-Transfer-Encoding: 7bit Content-Disposition: inline _______________________________________________ Xen-devel mailing list Xen-devel@lists.xen.org http://lists.xen.org/xen-devel --===============4265193807059029291==--