From: xen.org <ian.jackson@eu.citrix.com>
To: xen-devel@lists.xensource.com
Cc: ian.jackson@eu.citrix.com
Subject: [xen-4.2-testing test] 24973: regressions - trouble: blocked/broken/fail/pass
Date: Sun, 16 Feb 2014 04:44:59 +0000 [thread overview]
Message-ID: <osstest-24973-mainreport@xen.org> (raw)
flight 24973 xen-4.2-testing real [real]
http://www.chiark.greenend.org.uk/~xensrcts/logs/24973/
Regressions :-(
Tests which did not succeed and are blocking,
including tests which could not be run:
test-amd64-amd64-pv 9 guest-start fail REGR. vs. 24865
build-i386 2 host-install(2) broken REGR. vs. 24865
test-amd64-i386-pv 9 guest-start fail in 24904 REGR. vs. 24865
test-i386-i386-pv 9 guest-start fail in 24904 REGR. vs. 24865
build-amd64-oldkern 4 xen-build fail in 24904 REGR. vs. 24865
test-amd64-i386-xend-winxpsp3 7 windows-install fail in 24904 REGR. vs. 24865
Tests which are failing intermittently (not blocking):
test-amd64-amd64-xl-sedf 3 host-install(3) broken pass in 24904
test-amd64-i386-xl-credit2 14 guest-localmigrate/x10 fail in 24904 pass in 24887
test-amd64-i386-xl-winxpsp3-vcpus1 7 windows-install fail in 24904 pass in 24887
test-amd64-amd64-xl-sedf-pin 14 guest-localmigrate/x10 fail in 24887 pass in 24973
Regressions which are regarded as allowable (not blocking):
test-amd64-i386-xend-qemut-winxpsp3 7 windows-install fail in 24904 like 24917-bisect
Tests which did not succeed, but are not blocking:
test-amd64-amd64-xl-pcipt-intel 9 guest-start fail never pass
test-amd64-i386-pv 1 xen-build-check(1) blocked n/a
test-amd64-i386-qemuu-rhel6hvm-amd 1 xen-build-check(1) blocked n/a
test-amd64-i386-qemuu-rhel6hvm-intel 1 xen-build-check(1) blocked n/a
test-amd64-i386-rhel6hvm-amd 1 xen-build-check(1) blocked n/a
test-amd64-i386-qemut-rhel6hvm-amd 1 xen-build-check(1) blocked n/a
test-amd64-i386-xl-multivcpu 1 xen-build-check(1) blocked n/a
test-amd64-i386-xl 1 xen-build-check(1) blocked n/a
test-i386-i386-pv 1 xen-build-check(1) blocked n/a
test-i386-i386-xl 1 xen-build-check(1) blocked n/a
test-amd64-i386-qemut-rhel6hvm-intel 1 xen-build-check(1) blocked n/a
test-amd64-i386-qemuu-freebsd10-i386 1 xen-build-check(1) blocked n/a
test-amd64-i386-xend-qemut-winxpsp3 1 xen-build-check(1) blocked n/a
test-amd64-i386-pair 1 xen-build-check(1) blocked n/a
test-i386-i386-pair 1 xen-build-check(1) blocked n/a
test-amd64-i386-xl-qemut-winxpsp3-vcpus1 1 xen-build-check(1) blocked n/a
test-amd64-amd64-xl-winxpsp3 13 guest-stop fail never pass
test-i386-i386-xl-qemut-winxpsp3 1 xen-build-check(1) blocked n/a
test-amd64-amd64-xl-qemut-win7-amd64 13 guest-stop fail never pass
test-amd64-i386-xl-qemuu-winxpsp3-vcpus1 1 xen-build-check(1) blocked n/a
test-amd64-i386-xl-qemut-win7-amd64 1 xen-build-check(1) blocked n/a
test-amd64-amd64-xl-qemuu-win7-amd64 13 guest-stop fail never pass
test-amd64-amd64-xl-win7-amd64 13 guest-stop fail never pass
test-amd64-i386-xl-credit2 1 xen-build-check(1) blocked n/a
test-amd64-i386-xl-win7-amd64 1 xen-build-check(1) blocked n/a
test-amd64-i386-xl-qemuu-win7-amd64 1 xen-build-check(1) blocked n/a
test-amd64-i386-rhel6hvm-intel 1 xen-build-check(1) blocked n/a
test-amd64-i386-qemuu-freebsd10-amd64 1 xen-build-check(1) blocked n/a
test-amd64-i386-xend-winxpsp3 1 xen-build-check(1) blocked n/a
test-amd64-amd64-xl-qemuu-winxpsp3 13 guest-stop fail never pass
test-i386-i386-xl-qemuu-winxpsp3 1 xen-build-check(1) blocked n/a
test-i386-i386-xl-winxpsp3 1 xen-build-check(1) blocked n/a
test-amd64-amd64-xl-qemut-winxpsp3 13 guest-stop fail never pass
test-amd64-i386-xl-winxpsp3-vcpus1 1 xen-build-check(1) blocked n/a
test-amd64-i386-xl-qemut-winxpsp3-vcpus1 13 guest-stop fail in 24904 never pass
test-i386-i386-xl-qemut-winxpsp3 13 guest-stop fail in 24904 never pass
test-amd64-i386-xl-qemuu-winxpsp3-vcpus1 13 guest-stop fail in 24904 never pass
test-amd64-i386-xl-qemut-win7-amd64 13 guest-stop fail in 24904 never pass
test-amd64-i386-xl-win7-amd64 13 guest-stop fail in 24904 never pass
test-amd64-i386-xl-qemuu-win7-amd64 13 guest-stop fail in 24904 never pass
test-i386-i386-xl-qemuu-winxpsp3 13 guest-stop fail in 24904 never pass
test-i386-i386-xl-winxpsp3 13 guest-stop fail in 24904 never pass
test-amd64-i386-xl-winxpsp3-vcpus1 13 guest-stop fail in 24887 never pass
version targeted for testing:
xen 6d83fd0a975731653efb0c470a4eeed6a44b99cd
baseline version:
xen 640b31535ab8fe07911d0b90ae4adbe6078026c9
------------------------------------------------------------
People who touched revisions under test:
------------------------------------------------------------
jobs:
build-amd64 pass
build-i386 broken
build-amd64-oldkern pass
build-i386-oldkern pass
build-amd64-pvops pass
build-i386-pvops pass
test-amd64-amd64-xl pass
test-amd64-i386-xl blocked
test-i386-i386-xl blocked
test-amd64-i386-rhel6hvm-amd blocked
test-amd64-i386-qemut-rhel6hvm-amd blocked
test-amd64-i386-qemuu-rhel6hvm-amd blocked
test-amd64-i386-qemuu-freebsd10-amd64 blocked
test-amd64-amd64-xl-qemut-win7-amd64 fail
test-amd64-i386-xl-qemut-win7-amd64 blocked
test-amd64-amd64-xl-qemuu-win7-amd64 fail
test-amd64-i386-xl-qemuu-win7-amd64 blocked
test-amd64-amd64-xl-win7-amd64 fail
test-amd64-i386-xl-win7-amd64 blocked
test-amd64-i386-xl-credit2 blocked
test-amd64-i386-qemuu-freebsd10-i386 blocked
test-amd64-amd64-xl-pcipt-intel fail
test-amd64-i386-rhel6hvm-intel blocked
test-amd64-i386-qemut-rhel6hvm-intel blocked
test-amd64-i386-qemuu-rhel6hvm-intel blocked
test-amd64-i386-xl-multivcpu blocked
test-amd64-amd64-pair pass
test-amd64-i386-pair blocked
test-i386-i386-pair blocked
test-amd64-amd64-xl-sedf-pin pass
test-amd64-amd64-pv fail
test-amd64-i386-pv blocked
test-i386-i386-pv blocked
test-amd64-amd64-xl-sedf broken
test-amd64-i386-xl-qemut-winxpsp3-vcpus1 blocked
test-amd64-i386-xl-qemuu-winxpsp3-vcpus1 blocked
test-amd64-i386-xl-winxpsp3-vcpus1 blocked
test-amd64-i386-xend-qemut-winxpsp3 blocked
test-amd64-amd64-xl-qemut-winxpsp3 fail
test-i386-i386-xl-qemut-winxpsp3 blocked
test-amd64-amd64-xl-qemuu-winxpsp3 fail
test-i386-i386-xl-qemuu-winxpsp3 blocked
test-amd64-i386-xend-winxpsp3 blocked
test-amd64-amd64-xl-winxpsp3 fail
test-i386-i386-xl-winxpsp3 blocked
------------------------------------------------------------
sg-report-flight on woking.cam.xci-test.com
logs: /home/xc_osstest/logs
images: /home/xc_osstest/images
Logs, config files, etc. are available at
http://www.chiark.greenend.org.uk/~xensrcts/logs
Test harness code can be found at
http://xenbits.xensource.com/gitweb?p=osstest.git;a=summary
Not pushing.
------------------------------------------------------------
commit 6d83fd0a975731653efb0c470a4eeed6a44b99cd
Author: Jan Beulich <jbeulich@suse.com>
Date: Fri Feb 14 16:24:39 2014 +0100
update Xen version to 4.2.4
(qemu changes not included)
reply other threads:[~2014-02-16 4:44 UTC|newest]
Thread overview: [no followups] expand[flat|nested] mbox.gz Atom feed
Reply instructions:
You may reply publicly to this message via plain-text email
using any one of the following methods:
* Save the following mbox file, import it into your mail client,
and reply-to-all from there: mbox
Avoid top-posting and favor interleaved quoting:
https://en.wikipedia.org/wiki/Posting_style#Interleaved_style
* Reply using the --to, --cc, and --in-reply-to
switches of git-send-email(1):
git send-email \
--in-reply-to=osstest-24973-mainreport@xen.org \
--to=ian.jackson@eu.citrix.com \
--cc=xen-devel@lists.xensource.com \
/path/to/YOUR_REPLY
https://kernel.org/pub/software/scm/git/docs/git-send-email.html
* If your mail client supports setting the In-Reply-To header
via mailto: links, try the mailto: link
Be sure your reply has a Subject: header at the top and a blank line
before the message body.
This is a public inbox, see mirroring instructions
for how to clone and mirror all data and code used for this inbox;
as well as URLs for NNTP newsgroup(s).