* [xen-4.2-testing test] 25061: regressions - trouble: broken/fail/pass
@ 2014-02-17 0:58 xen.org
0 siblings, 0 replies; only message in thread
From: xen.org @ 2014-02-17 0:58 UTC (permalink / raw)
To: xen-devel; +Cc: ian.jackson
flight 25061 xen-4.2-testing real [real]
http://www.chiark.greenend.org.uk/~xensrcts/logs/25061/
Regressions :-(
Tests which did not succeed and are blocking,
including tests which could not be run:
test-amd64-i386-pv 9 guest-start fail REGR. vs. 24865
test-amd64-amd64-pv 9 guest-start fail REGR. vs. 24865
test-i386-i386-pv 9 guest-start fail REGR. vs. 24865
build-amd64-oldkern 4 xen-build fail REGR. vs. 24865
build-i386-oldkern 4 xen-build fail REGR. vs. 24865
Tests which are failing intermittently (not blocking):
test-amd64-i386-qemuu-rhel6hvm-intel 3 host-install(3) broken pass in 24904
test-amd64-i386-xl-multivcpu 3 host-install(3) broken pass in 24904
test-amd64-i386-qemut-rhel6hvm-intel 3 host-install(3) broken pass in 25011
test-amd64-amd64-xl-sedf 3 host-install(3) broken pass in 24904
test-amd64-i386-xl-credit2 3 host-install(3) broken pass in 25011
test-amd64-i386-xl-winxpsp3-vcpus1 3 host-install(3) broken pass in 24904
test-amd64-i386-xl-credit2 14 guest-localmigrate/x10 fail in 24904 pass in 25011
test-amd64-i386-xl-winxpsp3-vcpus1 7 windows-install fail in 24904 pass in 24887
test-i386-i386-xl 3 host-install(3) broken in 25011 pass in 25061
test-amd64-amd64-xl-sedf-pin 14 guest-localmigrate/x10 fail in 24887 pass in 25061
Regressions which are regarded as allowable (not blocking):
test-amd64-i386-xend-qemut-winxpsp3 7 windows-install fail like 24917-bisect
test-amd64-i386-xend-winxpsp3 7 windows-install fail like 25060-bisect
Tests which did not succeed, but are not blocking:
test-amd64-amd64-xl-pcipt-intel 9 guest-start fail never pass
test-amd64-i386-xl-qemut-winxpsp3-vcpus1 13 guest-stop fail never pass
test-amd64-amd64-xl-winxpsp3 13 guest-stop fail never pass
test-i386-i386-xl-qemut-winxpsp3 13 guest-stop fail never pass
test-amd64-amd64-xl-qemut-win7-amd64 13 guest-stop fail never pass
test-amd64-i386-xl-qemuu-winxpsp3-vcpus1 13 guest-stop fail never pass
test-amd64-i386-xl-qemut-win7-amd64 13 guest-stop fail never pass
test-amd64-amd64-xl-qemuu-win7-amd64 13 guest-stop fail never pass
test-amd64-amd64-xl-win7-amd64 13 guest-stop fail never pass
test-amd64-i386-xl-win7-amd64 13 guest-stop fail never pass
test-amd64-i386-xl-qemuu-win7-amd64 13 guest-stop fail never pass
test-amd64-amd64-xl-qemuu-winxpsp3 13 guest-stop fail never pass
test-i386-i386-xl-qemuu-winxpsp3 13 guest-stop fail never pass
test-i386-i386-xl-winxpsp3 13 guest-stop fail never pass
test-amd64-amd64-xl-qemut-winxpsp3 13 guest-stop fail never pass
test-amd64-i386-xl-winxpsp3-vcpus1 13 guest-stop fail in 24887 never pass
version targeted for testing:
xen 6d83fd0a975731653efb0c470a4eeed6a44b99cd
baseline version:
xen 640b31535ab8fe07911d0b90ae4adbe6078026c9
------------------------------------------------------------
People who touched revisions under test:
------------------------------------------------------------
jobs:
build-amd64 pass
build-i386 pass
build-amd64-oldkern fail
build-i386-oldkern fail
build-amd64-pvops pass
build-i386-pvops pass
test-amd64-amd64-xl pass
test-amd64-i386-xl pass
test-i386-i386-xl pass
test-amd64-i386-rhel6hvm-amd pass
test-amd64-i386-qemut-rhel6hvm-amd pass
test-amd64-i386-qemuu-rhel6hvm-amd pass
test-amd64-i386-qemuu-freebsd10-amd64 pass
test-amd64-amd64-xl-qemut-win7-amd64 fail
test-amd64-i386-xl-qemut-win7-amd64 fail
test-amd64-amd64-xl-qemuu-win7-amd64 fail
test-amd64-i386-xl-qemuu-win7-amd64 fail
test-amd64-amd64-xl-win7-amd64 fail
test-amd64-i386-xl-win7-amd64 fail
test-amd64-i386-xl-credit2 broken
test-amd64-i386-qemuu-freebsd10-i386 pass
test-amd64-amd64-xl-pcipt-intel fail
test-amd64-i386-rhel6hvm-intel pass
test-amd64-i386-qemut-rhel6hvm-intel broken
test-amd64-i386-qemuu-rhel6hvm-intel broken
test-amd64-i386-xl-multivcpu broken
test-amd64-amd64-pair pass
test-amd64-i386-pair pass
test-i386-i386-pair pass
test-amd64-amd64-xl-sedf-pin pass
test-amd64-amd64-pv fail
test-amd64-i386-pv fail
test-i386-i386-pv fail
test-amd64-amd64-xl-sedf broken
test-amd64-i386-xl-qemut-winxpsp3-vcpus1 fail
test-amd64-i386-xl-qemuu-winxpsp3-vcpus1 fail
test-amd64-i386-xl-winxpsp3-vcpus1 broken
test-amd64-i386-xend-qemut-winxpsp3 fail
test-amd64-amd64-xl-qemut-winxpsp3 fail
test-i386-i386-xl-qemut-winxpsp3 fail
test-amd64-amd64-xl-qemuu-winxpsp3 fail
test-i386-i386-xl-qemuu-winxpsp3 fail
test-amd64-i386-xend-winxpsp3 fail
test-amd64-amd64-xl-winxpsp3 fail
test-i386-i386-xl-winxpsp3 fail
------------------------------------------------------------
sg-report-flight on woking.cam.xci-test.com
logs: /home/xc_osstest/logs
images: /home/xc_osstest/images
Logs, config files, etc. are available at
http://www.chiark.greenend.org.uk/~xensrcts/logs
Test harness code can be found at
http://xenbits.xensource.com/gitweb?p=osstest.git;a=summary
Not pushing.
------------------------------------------------------------
commit 6d83fd0a975731653efb0c470a4eeed6a44b99cd
Author: Jan Beulich <jbeulich@suse.com>
Date: Fri Feb 14 16:24:39 2014 +0100
update Xen version to 4.2.4
(qemu changes not included)
^ permalink raw reply [flat|nested] only message in thread
only message in thread, other threads:[~2014-02-17 0:58 UTC | newest]
Thread overview: (only message) (download: mbox.gz follow: Atom feed
-- links below jump to the message on this page --
2014-02-17 0:58 [xen-4.2-testing test] 25061: regressions - trouble: broken/fail/pass xen.org
This is a public inbox, see mirroring instructions
for how to clone and mirror all data and code used for this inbox;
as well as URLs for NNTP newsgroup(s).