From mboxrd@z Thu Jan 1 00:00:00 1970 From: xen.org Subject: [xen-unstable test] 25331: regressions - FAIL Date: Fri, 28 Feb 2014 21:22:51 +0000 Message-ID: Mime-Version: 1.0 Content-Type: text/plain; charset="us-ascii" Content-Transfer-Encoding: 7bit Return-path: List-Unsubscribe: , List-Post: List-Help: List-Subscribe: , Sender: xen-devel-bounces@lists.xen.org Errors-To: xen-devel-bounces@lists.xen.org To: xen-devel@lists.xensource.com Cc: ian.jackson@eu.citrix.com List-Id: xen-devel@lists.xenproject.org flight 25331 xen-unstable real [real] http://www.chiark.greenend.org.uk/~xensrcts/logs/25331/ Regressions :-( Tests which did not succeed and are blocking, including tests which could not be run: build-amd64-oldkern 4 xen-build fail REGR. vs. 25275 build-i386 4 xen-build fail REGR. vs. 25281 Tests which are failing intermittently (not blocking): test-amd64-amd64-xl-qemut-winxpsp3 4 xen-install fail pass in 25325 test-amd64-i386-xl-qemuu-win7-amd64 7 windows-install fail in 25325 pass in 25322 test-amd64-i386-xl-multivcpu 17 guest-start.2 fail in 25322 pass in 25325 test-amd64-amd64-xl-sedf-pin 11 guest-saverestore fail in 25322 pass in 25331 Regressions which are regarded as allowable (not blocking): test-amd64-amd64-xl-qemut-win7-amd64 7 windows-install fail in 25325 like 25275 Tests which did not succeed, but are not blocking: test-armhf-armhf-xl 10 migrate-support-check fail never pass test-amd64-i386-rhel6hvm-amd 1 xen-build-check(1) blocked n/a test-amd64-amd64-xl-pcipt-intel 9 guest-start fail never pass test-amd64-i386-qemuu-rhel6hvm-amd 1 xen-build-check(1) blocked n/a test-amd64-i386-qemut-rhel6hvm-amd 1 xen-build-check(1) blocked n/a test-amd64-i386-qemut-rhel6hvm-intel 1 xen-build-check(1) blocked n/a test-amd64-i386-xl-credit2 1 xen-build-check(1) blocked n/a test-amd64-i386-qemuu-rhel6hvm-intel 1 xen-build-check(1) blocked n/a test-amd64-i386-xl-multivcpu 1 xen-build-check(1) blocked n/a test-amd64-i386-xl 1 xen-build-check(1) blocked n/a test-amd64-i386-freebsd10-amd64 1 xen-build-check(1) blocked n/a test-amd64-i386-freebsd10-i386 1 xen-build-check(1) blocked n/a test-amd64-i386-rhel6hvm-intel 1 xen-build-check(1) blocked n/a test-amd64-i386-xl-qemuu-winxpsp3-vcpus1 1 xen-build-check(1) blocked n/a test-amd64-i386-xend-qemut-winxpsp3 17 leak-check/check fail never pass test-amd64-i386-xend-winxpsp3 17 leak-check/check fail never pass test-amd64-i386-pair 1 xen-build-check(1) blocked n/a test-amd64-amd64-xl-qemuu-win7-amd64 14 guest-stop fail never pass test-amd64-i386-xl-winxpsp3-vcpus1 1 xen-build-check(1) blocked n/a test-amd64-amd64-xl-qemuu-winxpsp3 14 guest-stop fail never pass test-amd64-i386-xl-win7-amd64 1 xen-build-check(1) blocked n/a test-amd64-i386-xl-qemut-win7-amd64 1 xen-build-check(1) blocked n/a test-amd64-i386-xl-qemut-winxpsp3-vcpus1 1 xen-build-check(1) blocked n/a test-amd64-amd64-xl-winxpsp3 14 guest-stop fail never pass test-amd64-i386-xl-qemuu-win7-amd64 1 xen-build-check(1) blocked n/a test-amd64-amd64-xl-qemut-win7-amd64 14 guest-stop fail never pass test-amd64-amd64-xl-win7-amd64 14 guest-stop fail never pass test-amd64-i386-xl-qemuu-winxpsp3-vcpus1 14 guest-stop fail in 25325 never pass test-amd64-i386-xl-winxpsp3-vcpus1 14 guest-stop fail in 25325 never pass test-amd64-i386-xl-win7-amd64 14 guest-stop fail in 25325 never pass test-amd64-i386-xl-qemut-win7-amd64 14 guest-stop fail in 25325 never pass test-amd64-amd64-xl-qemut-winxpsp3 14 guest-stop fail in 25325 never pass test-amd64-i386-xl-qemut-winxpsp3-vcpus1 14 guest-stop fail in 25325 never pass test-amd64-i386-xl-qemuu-win7-amd64 14 guest-stop fail in 25322 never pass version targeted for testing: xen 7bedbbb5c31ec7d7e653b4fc606c9871661d5e89 baseline version: xen 869f5b6deab53bc924798df4dacfae92ee198cb4 ------------------------------------------------------------ People who touched revisions under test: Andres Lagar-Cavilla Andrew Cooper Aravind Gopalakrishnan Daniel De Graaf Fabio Fantoni Frediano Ziglio Ian Cambell Ian Campbell Ian Jackson Jan Beulich Jan Beulich Julien Grall Keir Fraser Liu Jinsong Suravee Suthikulpanit Tamas K Lengyel Thomas Lendacky Tim Deegan Xiantoa Zhang Xudong Hao Yang Zhang ------------------------------------------------------------ jobs: build-amd64-xend pass build-i386-xend pass build-amd64 pass build-armhf pass build-i386 fail build-amd64-oldkern fail build-i386-oldkern pass build-amd64-pvops pass build-armhf-pvops pass build-i386-pvops pass test-amd64-amd64-xl pass test-armhf-armhf-xl pass test-amd64-i386-xl blocked test-amd64-i386-rhel6hvm-amd blocked test-amd64-i386-qemut-rhel6hvm-amd blocked test-amd64-i386-qemuu-rhel6hvm-amd blocked test-amd64-i386-freebsd10-amd64 blocked test-amd64-amd64-xl-qemut-win7-amd64 fail test-amd64-i386-xl-qemut-win7-amd64 blocked test-amd64-amd64-xl-qemuu-win7-amd64 fail test-amd64-i386-xl-qemuu-win7-amd64 blocked test-amd64-amd64-xl-win7-amd64 fail test-amd64-i386-xl-win7-amd64 blocked test-amd64-i386-xl-credit2 blocked test-amd64-i386-freebsd10-i386 blocked test-amd64-amd64-xl-pcipt-intel fail test-amd64-i386-rhel6hvm-intel blocked test-amd64-i386-qemut-rhel6hvm-intel blocked test-amd64-i386-qemuu-rhel6hvm-intel blocked test-amd64-i386-xl-multivcpu blocked test-amd64-amd64-pair pass test-amd64-i386-pair blocked test-amd64-amd64-xl-sedf-pin pass test-amd64-amd64-pv pass test-amd64-i386-pv pass test-amd64-amd64-xl-sedf pass test-amd64-i386-xl-qemut-winxpsp3-vcpus1 blocked test-amd64-i386-xl-qemuu-winxpsp3-vcpus1 blocked test-amd64-i386-xl-winxpsp3-vcpus1 blocked test-amd64-i386-xend-qemut-winxpsp3 fail test-amd64-amd64-xl-qemut-winxpsp3 fail test-amd64-amd64-xl-qemuu-winxpsp3 fail test-amd64-i386-xend-winxpsp3 fail test-amd64-amd64-xl-winxpsp3 fail ------------------------------------------------------------ sg-report-flight on woking.cam.xci-test.com logs: /home/xc_osstest/logs images: /home/xc_osstest/images Logs, config files, etc. are available at http://www.chiark.greenend.org.uk/~xensrcts/logs Test harness code can be found at http://xenbits.xensource.com/gitweb?p=osstest.git;a=summary Not pushing. (No revision log; it would be 448 lines long.)