xen-devel.lists.xenproject.org archive mirror
 help / color / mirror / Atom feed
* [qemu-upstream-4.4-testing baseline test] 25336: tolerable FAIL
@ 2014-03-01  6:09 xen.org
  0 siblings, 0 replies; only message in thread
From: xen.org @ 2014-03-01  6:09 UTC (permalink / raw)
  To: xen-devel; +Cc: ian.jackson

"Old" tested version had not actually been tested; therefore in this
flight we test it, rather than a new candidate.  The baseline, if
any, is the most recent actually tested revision.

flight 25336 qemu-upstream-4.4-testing real [real]
http://www.chiark.greenend.org.uk/~xensrcts/logs/25336/

Failures :-/ but no regressions.

Tests which did not succeed, but are not blocking:
 build-i386-oldkern            4 xen-build                    fail   never pass
 build-amd64-oldkern           4 xen-build                    fail   never pass
 test-amd64-i386-xl-qemuu-winxpsp3-vcpus1 14 guest-stop         fail never pass
 test-amd64-i386-xl-qemuu-win7-amd64 14 guest-stop              fail never pass
 test-amd64-i386-xend-qemuu-winxpsp3 17 leak-check/check        fail never pass
 test-amd64-amd64-xl-qemuu-win7-amd64 14 guest-stop             fail never pass
 test-amd64-amd64-xl-qemuu-winxpsp3 14 guest-stop               fail never pass

version targeted for testing:
 qemuu                65fc9b78ba3d868a26952db0d8e51cecf01d47b4
baseline version:
 qemuu                65fc9b78ba3d868a26952db0d8e51cecf01d47b4

jobs:
 build-amd64-xend                                             pass    
 build-i386-xend                                              pass    
 build-amd64                                                  pass    
 build-i386                                                   pass    
 build-amd64-oldkern                                          fail    
 build-i386-oldkern                                           fail    
 build-amd64-pvops                                            pass    
 build-i386-pvops                                             pass    
 test-amd64-i386-qemuu-rhel6hvm-amd                           pass    
 test-amd64-amd64-xl-qemuu-win7-amd64                         fail    
 test-amd64-i386-xl-qemuu-win7-amd64                          fail    
 test-amd64-i386-qemuu-rhel6hvm-intel                         pass    
 test-amd64-i386-xl-qemuu-winxpsp3-vcpus1                     fail    
 test-amd64-i386-xend-qemuu-winxpsp3                          fail    
 test-amd64-amd64-xl-qemuu-winxpsp3                           fail    


------------------------------------------------------------
sg-report-flight on woking.cam.xci-test.com
logs: /home/xc_osstest/logs
images: /home/xc_osstest/images

Logs, config files, etc. are available at
    http://www.chiark.greenend.org.uk/~xensrcts/logs

Test harness code can be found at
    http://xenbits.xensource.com/gitweb?p=osstest.git;a=summary


Published tested tree is already up to date.

^ permalink raw reply	[flat|nested] only message in thread

only message in thread, other threads:[~2014-03-01  6:09 UTC | newest]

Thread overview: (only message) (download: mbox.gz follow: Atom feed
-- links below jump to the message on this page --
2014-03-01  6:09 [qemu-upstream-4.4-testing baseline test] 25336: tolerable FAIL xen.org

This is a public inbox, see mirroring instructions
for how to clone and mirror all data and code used for this inbox;
as well as URLs for NNTP newsgroup(s).