* [xen-unstable test] 25360: regressions - FAIL
@ 2014-03-06 21:38 xen.org
0 siblings, 0 replies; only message in thread
From: xen.org @ 2014-03-06 21:38 UTC (permalink / raw)
To: xen-devel; +Cc: ian.jackson
flight 25360 xen-unstable real [real]
http://www.chiark.greenend.org.uk/~xensrcts/logs/25360/
Regressions :-(
Tests which did not succeed and are blocking,
including tests which could not be run:
test-amd64-amd64-xl-winxpsp3 12 guest-localmigrate.2 fail REGR. vs. 25353
test-amd64-i386-xl-qemuu-win7-amd64 7 windows-install fail REGR. vs. 25357
Regressions which are regarded as allowable (not blocking):
test-armhf-armhf-xl 9 guest-start fail like 25357
test-amd64-amd64-xl-sedf 15 guest-localmigrate/x10 fail REGR. vs. 25357
Tests which did not succeed, but are not blocking:
test-amd64-amd64-xl-pcipt-intel 9 guest-start fail never pass
test-amd64-i386-xend-qemut-winxpsp3 17 leak-check/check fail never pass
test-amd64-i386-xend-winxpsp3 17 leak-check/check fail never pass
test-amd64-i386-xl-qemuu-winxpsp3-vcpus1 14 guest-stop fail never pass
test-amd64-amd64-xl-qemuu-win7-amd64 14 guest-stop fail never pass
test-amd64-amd64-xl-win7-amd64 14 guest-stop fail never pass
test-amd64-i386-xl-winxpsp3-vcpus1 14 guest-stop fail never pass
test-amd64-amd64-xl-qemuu-winxpsp3 14 guest-stop fail never pass
test-amd64-i386-xl-qemut-win7-amd64 14 guest-stop fail never pass
test-amd64-amd64-xl-qemut-winxpsp3 14 guest-stop fail never pass
test-amd64-i386-xl-qemut-winxpsp3-vcpus1 14 guest-stop fail never pass
test-amd64-i386-xl-win7-amd64 14 guest-stop fail never pass
test-amd64-amd64-xl-qemut-win7-amd64 14 guest-stop fail never pass
version targeted for testing:
xen 891219a9d3958860b915021f622f7119b9b880d8
baseline version:
xen ceff76a5be3caaca028ea8a6cbce5744eaf2b2db
------------------------------------------------------------
People who touched revisions under test:
Andres Lagar-Cavilla <andres@lagarcavilla.org>
Jan Beulich <jbeulich@suse.com>
Keir Fraser <keir@xen.org>
Tim Deegan <tim@xen.org>
------------------------------------------------------------
jobs:
build-amd64-xend pass
build-i386-xend pass
build-amd64 pass
build-armhf pass
build-i386 pass
build-amd64-oldkern pass
build-i386-oldkern pass
build-amd64-pvops pass
build-armhf-pvops pass
build-i386-pvops pass
test-amd64-amd64-xl pass
test-armhf-armhf-xl fail
test-amd64-i386-xl pass
test-amd64-i386-rhel6hvm-amd pass
test-amd64-i386-qemut-rhel6hvm-amd pass
test-amd64-i386-qemuu-rhel6hvm-amd pass
test-amd64-i386-freebsd10-amd64 pass
test-amd64-amd64-xl-qemut-win7-amd64 fail
test-amd64-i386-xl-qemut-win7-amd64 fail
test-amd64-amd64-xl-qemuu-win7-amd64 fail
test-amd64-i386-xl-qemuu-win7-amd64 fail
test-amd64-amd64-xl-win7-amd64 fail
test-amd64-i386-xl-win7-amd64 fail
test-amd64-i386-xl-credit2 pass
test-amd64-i386-freebsd10-i386 pass
test-amd64-amd64-xl-pcipt-intel fail
test-amd64-i386-rhel6hvm-intel pass
test-amd64-i386-qemut-rhel6hvm-intel pass
test-amd64-i386-qemuu-rhel6hvm-intel pass
test-amd64-i386-xl-multivcpu pass
test-amd64-amd64-pair pass
test-amd64-i386-pair pass
test-amd64-amd64-xl-sedf-pin pass
test-amd64-amd64-pv pass
test-amd64-i386-pv pass
test-amd64-amd64-xl-sedf fail
test-amd64-i386-xl-qemut-winxpsp3-vcpus1 fail
test-amd64-i386-xl-qemuu-winxpsp3-vcpus1 fail
test-amd64-i386-xl-winxpsp3-vcpus1 fail
test-amd64-i386-xend-qemut-winxpsp3 fail
test-amd64-amd64-xl-qemut-winxpsp3 fail
test-amd64-amd64-xl-qemuu-winxpsp3 fail
test-amd64-i386-xend-winxpsp3 fail
test-amd64-amd64-xl-winxpsp3 fail
------------------------------------------------------------
sg-report-flight on woking.cam.xci-test.com
logs: /home/xc_osstest/logs
images: /home/xc_osstest/images
Logs, config files, etc. are available at
http://www.chiark.greenend.org.uk/~xensrcts/logs
Test harness code can be found at
http://xenbits.xensource.com/gitweb?p=osstest.git;a=summary
Not pushing.
------------------------------------------------------------
commit 891219a9d3958860b915021f622f7119b9b880d8
Author: Tim Deegan <tim@xen.org>
Date: Thu Feb 27 15:06:33 2014 +0000
x86/hvm: assert that we we saved a sane number of MSRs.
Just as a backstop measure against later changes that add MSRs to the
save function without updating the count in the init function.
Signed-off-by: Tim Deegan <tim@xen.org>
Acked-by: Jan Beulich <jbeulich@suse.com>
commit bd1913d8734686cb869778e03273cc8133973aff
Author: Tim Deegan <tim@xen.org>
Date: Thu Nov 28 15:40:48 2013 +0000
bitmaps/bitops: Clarify tests for small constant size.
No semantic changes, just makes the control flow a bit clearer.
I was looking at this bcause the (-!__builtin_constant_p(x) | x__)
formula is too clever for Coverity, but in fact it always takes me a
minute or two to understand it too. :)
Signed-off-by: Tim Deegan <tim@xen.org>
Acked-by: Jan Beulich <jbeulich@suse.com>
commit c66713c93c00d0e6f4b9904c3363ba5a4a45a7d3
Author: Tim Deegan <tim@xen.org>
Date: Thu Nov 28 15:02:39 2013 +0000
x86/mem_sharing: drop unused variable.
Coverity CID 1087198
Signed-off-by: Tim Deegan <tim@xen.org>
Reviewed-by: Andrew Cooper <andrew.cooper3@citrix.com>
Acked-by: Andres Lagar-Cavilla <andres@lagarcavilla.org>
commit 985cd75eea0d55964a9ba675306559bf390035cc
Author: Tim Deegan <tim@xen.org>
Date: Thu Nov 28 14:59:07 2013 +0000
x86/shadow: Drop shadow_mode_trap_reads()
This was never actually implemented, and is confusing coverity.
Coverity CID 1090354
Signed-off-by: Tim Deegan <tim@xen.org>
commit 034a5199c620596c9fc95a8cb7de122a922dc428
Author: Tim Deegan <tim@xen.org>
Date: Thu Nov 28 14:33:06 2013 +0000
common/vsprintf: Explicitly treat negative lengths as 'unlimited'
The old code relied on implictly casting negative numbers to size_t
making a very large limit, which was correct but non-obvious.
Coverity CID 1128575
Signed-off-by: Tim Deegan <tim@xen.org>
Reviewed-by: Andrew Cooper <andrew.cooper3@citrix.com>
Acked-by: Keir Fraser <keir@xen.org>
(qemu changes not included)
^ permalink raw reply [flat|nested] only message in thread
only message in thread, other threads:[~2014-03-06 21:38 UTC | newest]
Thread overview: (only message) (download: mbox.gz follow: Atom feed
-- links below jump to the message on this page --
2014-03-06 21:38 [xen-unstable test] 25360: regressions - FAIL xen.org
This is a public inbox, see mirroring instructions
for how to clone and mirror all data and code used for this inbox;
as well as URLs for NNTP newsgroup(s).