From mboxrd@z Thu Jan 1 00:00:00 1970 From: xen.org Subject: [xen-unstable test] 25406: regressions - FAIL Date: Thu, 13 Mar 2014 16:48:48 +0000 Message-ID: Mime-Version: 1.0 Content-Type: multipart/mixed; boundary="===============7834893170431824875==" Return-path: List-Unsubscribe: , List-Post: List-Help: List-Subscribe: , Sender: xen-devel-bounces@lists.xen.org Errors-To: xen-devel-bounces@lists.xen.org To: xen-devel@lists.xensource.com Cc: ian.jackson@eu.citrix.com List-Id: xen-devel@lists.xenproject.org --===============7834893170431824875== Content-Type: text/plain flight 25406 xen-unstable real [real] http://www.chiark.greenend.org.uk/~xensrcts/logs/25406/ Regressions :-( Tests which did not succeed and are blocking, including tests which could not be run: test-amd64-i386-freebsd10-amd64 10 guest-saverestore fail REGR. vs. 25400 test-amd64-i386-freebsd10-i386 10 guest-saverestore fail REGR. vs. 25400 test-amd64-i386-xend-qemut-winxpsp3 9 guest-saverestore fail REGR. vs. 25400 test-amd64-i386-xl-qemut-winxpsp3-vcpus1 9 guest-saverestore fail REGR. vs. 25400 test-amd64-i386-xend-winxpsp3 9 guest-saverestore fail REGR. vs. 25400 test-amd64-i386-xl-qemuu-winxpsp3-vcpus1 9 guest-saverestore fail REGR. vs. 25400 test-amd64-i386-xl-winxpsp3-vcpus1 9 guest-saverestore fail REGR. vs. 25400 test-amd64-amd64-xl-qemuu-win7-amd64 9 guest-saverestore fail REGR. vs. 25400 test-amd64-amd64-xl-qemuu-winxpsp3 9 guest-saverestore fail REGR. vs. 25400 test-amd64-i386-xl-qemut-win7-amd64 9 guest-saverestore fail REGR. vs. 25400 test-amd64-i386-xl-win7-amd64 9 guest-saverestore fail REGR. vs. 25400 test-amd64-amd64-xl-qemut-winxpsp3 9 guest-saverestore fail REGR. vs. 25400 test-amd64-amd64-xl-winxpsp3 9 guest-saverestore fail REGR. vs. 25400 test-amd64-amd64-xl-qemut-win7-amd64 9 guest-saverestore fail REGR. vs. 25400 test-amd64-i386-xl-qemuu-win7-amd64 9 guest-saverestore fail REGR. vs. 25396 test-amd64-amd64-xl-win7-amd64 9 guest-saverestore fail REGR. vs. 25400 Tests which did not succeed, but are not blocking: test-armhf-armhf-xl 10 migrate-support-check fail never pass test-amd64-amd64-xl-pcipt-intel 9 guest-start fail never pass version targeted for testing: xen 6e0f51c60487d74495aaba03728040050b6d885d baseline version: xen dd2ef9d50d89c49e57d68318422b4ed2c2d426d5 ------------------------------------------------------------ People who touched revisions under test: Andrew Cooper Aravind Gopalakrishnan Chen Baozi David Vrabel Don Slutz George Dunlap Ian Campbell Ian Jackson Jan Beulich Joby Poriyath Julien Grall Keir Fraser Konrad Rzeszutek Wilk Matthew Daley Mukesh Rathor Olaf Hering Roger Pau Monné Stefano Stabellini Wei Liu ------------------------------------------------------------ jobs: build-amd64-xend pass build-i386-xend pass build-amd64 pass build-armhf pass build-i386 pass build-amd64-oldkern pass build-i386-oldkern pass build-amd64-pvops pass build-armhf-pvops pass build-i386-pvops pass test-amd64-amd64-xl pass test-armhf-armhf-xl pass test-amd64-i386-xl pass test-amd64-i386-rhel6hvm-amd pass test-amd64-i386-qemut-rhel6hvm-amd pass test-amd64-i386-qemuu-rhel6hvm-amd pass test-amd64-i386-freebsd10-amd64 fail test-amd64-amd64-xl-qemut-win7-amd64 fail test-amd64-i386-xl-qemut-win7-amd64 fail test-amd64-amd64-xl-qemuu-win7-amd64 fail test-amd64-i386-xl-qemuu-win7-amd64 fail test-amd64-amd64-xl-win7-amd64 fail test-amd64-i386-xl-win7-amd64 fail test-amd64-i386-xl-credit2 pass test-amd64-i386-freebsd10-i386 fail test-amd64-amd64-xl-pcipt-intel fail test-amd64-i386-rhel6hvm-intel pass test-amd64-i386-qemut-rhel6hvm-intel pass test-amd64-i386-qemuu-rhel6hvm-intel pass test-amd64-i386-xl-multivcpu pass test-amd64-amd64-pair pass test-amd64-i386-pair pass test-amd64-amd64-xl-sedf-pin pass test-amd64-amd64-pv pass test-amd64-i386-pv pass test-amd64-amd64-xl-sedf pass test-amd64-i386-xl-qemut-winxpsp3-vcpus1 fail test-amd64-i386-xl-qemuu-winxpsp3-vcpus1 fail test-amd64-i386-xl-winxpsp3-vcpus1 fail test-amd64-i386-xend-qemut-winxpsp3 fail test-amd64-amd64-xl-qemut-winxpsp3 fail test-amd64-amd64-xl-qemuu-winxpsp3 fail test-amd64-i386-xend-winxpsp3 fail test-amd64-amd64-xl-winxpsp3 fail ------------------------------------------------------------ sg-report-flight on osstest.cam.xci-test.com logs: /home/xc_osstest/logs images: /home/xc_osstest/images Logs, config files, etc. are available at http://www.chiark.greenend.org.uk/~xensrcts/logs Test harness code can be found at http://xenbits.xensource.com/gitweb?p=osstest.git;a=summary Not pushing. (No revision log; it would be 529 lines long.) --===============7834893170431824875== Content-Type: text/plain; charset="us-ascii" MIME-Version: 1.0 Content-Transfer-Encoding: 7bit Content-Disposition: inline _______________________________________________ Xen-devel mailing list Xen-devel@lists.xen.org http://lists.xen.org/xen-devel --===============7834893170431824875==--