xen-devel.lists.xenproject.org archive mirror
 help / color / mirror / Atom feed
From: xen.org <Ian.Jackson@eu.citrix.com>
To: xen-devel@lists.xensource.com
Cc: ian.jackson@eu.citrix.com
Subject: [linux-linus test] 25478: regressions - FAIL
Date: Fri, 14 Mar 2014 16:42:57 +0000	[thread overview]
Message-ID: <osstest-25478-mainreport@xen.org> (raw)

flight 25478 linux-linus real [real]
http://www.chiark.greenend.org.uk/~xensrcts/logs/25478/

Regressions :-(

Tests which did not succeed and are blocking,
including tests which could not be run:
 test-amd64-i386-pair   17 guest-migrate/src_host/dst_host fail REGR. vs. 12557

Regressions which are regarded as allowable (not blocking):
 test-amd64-amd64-xl-sedf-pin  7 debian-install            fail REGR. vs. 12557
 test-amd64-amd64-xl-qemuu-win7-amd64  7 windows-install  fail blocked in 12557

Tests which did not succeed, but are not blocking:
 test-amd64-amd64-xl-pcipt-intel  9 guest-start                 fail never pass
 test-armhf-armhf-xl          10 migrate-support-check        fail   never pass
 test-amd64-i386-xend-winxpsp3 17 leak-check/check             fail  never pass
 test-amd64-amd64-xl-winxpsp3 14 guest-stop                   fail   never pass
 test-amd64-i386-xl-qemuu-win7-amd64 14 guest-stop              fail never pass
 test-amd64-i386-xl-win7-amd64 14 guest-stop                   fail  never pass
 test-amd64-i386-xend-qemut-winxpsp3 17 leak-check/check        fail never pass
 test-amd64-amd64-xl-win7-amd64 14 guest-stop                   fail never pass
 test-amd64-i386-xl-qemut-winxpsp3-vcpus1 14 guest-stop         fail never pass
 test-amd64-amd64-xl-qemut-winxpsp3 14 guest-stop               fail never pass
 test-amd64-i386-xl-winxpsp3-vcpus1 14 guest-stop               fail never pass
 test-amd64-i386-xl-qemut-win7-amd64 14 guest-stop              fail never pass
 test-amd64-amd64-xl-qemut-win7-amd64 14 guest-stop             fail never pass
 test-amd64-i386-xl-qemuu-winxpsp3-vcpus1 14 guest-stop         fail never pass
 test-amd64-amd64-xl-qemuu-winxpsp3 14 guest-stop               fail never pass

version targeted for testing:
 linux                c60f7d5a8e7c639de5d9dfe07e1e91d302d506e4
baseline version:
 linux                c16fa4f2ad19908a47c63d8fa436a1178438c7e7

------------------------------------------------------------
7112 people touched revisions under test,
not listing them all
------------------------------------------------------------

jobs:
 build-amd64-xend                                             pass    
 build-i386-xend                                              pass    
 build-amd64                                                  pass    
 build-armhf                                                  pass    
 build-i386                                                   pass    
 build-amd64-pvops                                            pass    
 build-armhf-pvops                                            pass    
 build-i386-pvops                                             pass    
 test-amd64-amd64-xl                                          pass    
 test-armhf-armhf-xl                                          pass    
 test-amd64-i386-xl                                           pass    
 test-amd64-i386-rhel6hvm-amd                                 pass    
 test-amd64-i386-qemut-rhel6hvm-amd                           pass    
 test-amd64-i386-qemuu-rhel6hvm-amd                           pass    
 test-amd64-i386-freebsd10-amd64                              pass    
 test-amd64-amd64-xl-qemut-win7-amd64                         fail    
 test-amd64-i386-xl-qemut-win7-amd64                          fail    
 test-amd64-amd64-xl-qemuu-win7-amd64                         fail    
 test-amd64-i386-xl-qemuu-win7-amd64                          fail    
 test-amd64-amd64-xl-win7-amd64                               fail    
 test-amd64-i386-xl-win7-amd64                                fail    
 test-amd64-i386-xl-credit2                                   pass    
 test-amd64-i386-freebsd10-i386                               pass    
 test-amd64-amd64-xl-pcipt-intel                              fail    
 test-amd64-i386-rhel6hvm-intel                               pass    
 test-amd64-i386-qemut-rhel6hvm-intel                         pass    
 test-amd64-i386-qemuu-rhel6hvm-intel                         pass    
 test-amd64-i386-xl-multivcpu                                 pass    
 test-amd64-amd64-pair                                        pass    
 test-amd64-i386-pair                                         fail    
 test-amd64-amd64-xl-sedf-pin                                 fail    
 test-amd64-amd64-pv                                          pass    
 test-amd64-i386-pv                                           pass    
 test-amd64-amd64-xl-sedf                                     pass    
 test-amd64-i386-xl-qemut-winxpsp3-vcpus1                     fail    
 test-amd64-i386-xl-qemuu-winxpsp3-vcpus1                     fail    
 test-amd64-i386-xl-winxpsp3-vcpus1                           fail    
 test-amd64-i386-xend-qemut-winxpsp3                          fail    
 test-amd64-amd64-xl-qemut-winxpsp3                           fail    
 test-amd64-amd64-xl-qemuu-winxpsp3                           fail    
 test-amd64-i386-xend-winxpsp3                                fail    
 test-amd64-amd64-xl-winxpsp3                                 fail    


------------------------------------------------------------
sg-report-flight on osstest.cam.xci-test.com
logs: /home/xc_osstest/logs
images: /home/xc_osstest/images

Logs, config files, etc. are available at
    http://www.chiark.greenend.org.uk/~xensrcts/logs

Test harness code can be found at
    http://xenbits.xensource.com/gitweb?p=osstest.git;a=summary


Not pushing.

(No revision log; it would be 2405737 lines long.)

         reply	other threads:[~2014-03-14 16:42 UTC|newest]

Thread overview: 22+ messages / expand[flat|nested]  mbox.gz  Atom feed  top
2014-03-27 18:00 [linux-linus test] 25677: regressions - FAIL xen.org
2014-03-14 16:42 ` xen.org [this message]
2014-03-14 17:07   ` [linux-linus test] 25478: " Ian Campbell
2014-03-14 18:23     ` Konrad Rzeszutek Wilk
2014-03-17 11:08       ` Ian Campbell
2014-03-17 19:36         ` Konrad Rzeszutek Wilk
2014-03-18  9:28           ` Ian Campbell
2014-03-18  9:43             ` Ian Campbell
2014-03-18  9:29           ` Ian Campbell
2014-03-18 10:55             ` David Vrabel
2014-03-18 11:04               ` Ian Campbell
2014-03-18 11:10                 ` Ian Campbell
2014-03-18 11:25                   ` David Vrabel
2014-03-18 11:29                     ` Ian Campbell
     [not found]                       ` <53283118.5050706@citrix.com>
     [not found]                         ` <1395143026.12847.47.camel@kazak.uk.xensource.com>
2014-04-10 15:37                           ` [linux-linus test] 25478: regressions - FAIL [and 1 more messages] Ian Jackson
2014-04-16 10:12                             ` Ian Jackson
2014-04-16 10:53                               ` David Vrabel
2014-04-16 11:47                                 ` Ian Jackson
2014-04-16 13:48                                   ` David Vrabel
2014-03-17 12:01     ` [linux-linus test] 25478: regressions - FAIL David Vrabel
2014-03-17 12:23       ` Ian Campbell
2014-03-17 19:38       ` Konrad Rzeszutek Wilk

Reply instructions:

You may reply publicly to this message via plain-text email
using any one of the following methods:

* Save the following mbox file, import it into your mail client,
  and reply-to-all from there: mbox

  Avoid top-posting and favor interleaved quoting:
  https://en.wikipedia.org/wiki/Posting_style#Interleaved_style

* Reply using the --to, --cc, and --in-reply-to
  switches of git-send-email(1):

  git send-email \
    --in-reply-to=osstest-25478-mainreport@xen.org \
    --to=ian.jackson@eu.citrix.com \
    --cc=xen-devel@lists.xensource.com \
    /path/to/YOUR_REPLY

  https://kernel.org/pub/software/scm/git/docs/git-send-email.html

* If your mail client supports setting the In-Reply-To header
  via mailto: links, try the mailto: link
Be sure your reply has a Subject: header at the top and a blank line before the message body.
This is a public inbox, see mirroring instructions
for how to clone and mirror all data and code used for this inbox;
as well as URLs for NNTP newsgroup(s).