xen-devel.lists.xenproject.org archive mirror
 help / color / mirror / Atom feed
* [xen-unstable test] 25628: tolerable FAIL
@ 2014-03-24  8:08 xen.org
  2014-03-24 11:54 ` [PATCH] make-flight: drop another stray xend test from 4.5 onwards (Was: Re: [xen-unstable test] 25628: tolerable FAIL) Ian Campbell
  0 siblings, 1 reply; 5+ messages in thread
From: xen.org @ 2014-03-24  8:08 UTC (permalink / raw)
  To: xen-devel; +Cc: ian.jackson

flight 25628 xen-unstable real [real]
http://www.chiark.greenend.org.uk/~xensrcts/logs/25628/

Failures :-/ but no regressions.

Tests which are failing intermittently (not blocking):
 test-amd64-amd64-xl-sedf     11 guest-saverestore           fail pass in 25626
 test-amd64-amd64-xl-sedf-pin 11 guest-saverestore  fail in 25626 pass in 25628

Regressions which are regarded as allowable (not blocking):
 test-amd64-i386-xl-qemuu-winxpsp3-vcpus1 11 guest-saverestore.2 fail like 25619

Tests which did not succeed, but are not blocking:
 test-armhf-armhf-xl          10 migrate-support-check        fail   never pass
 test-amd64-amd64-xl-pcipt-intel  9 guest-start                 fail never pass
 test-amd64-amd64-pv           1 xen-build-check(1)           blocked  n/a
 test-amd64-i386-pv            1 xen-build-check(1)           blocked  n/a
 test-amd64-i386-xl-qemut-winxpsp3 14 guest-stop                fail never pass
 test-amd64-i386-xl-qemuu-winxpsp3 14 guest-stop                fail never pass
 test-amd64-i386-xl-qemut-winxpsp3-vcpus1 14 guest-stop         fail never pass
 test-amd64-amd64-xl-qemuu-win7-amd64 14 guest-stop             fail never pass
 test-amd64-i386-xl-winxpsp3-vcpus1 14 guest-stop               fail never pass
 test-amd64-amd64-xl-qemuu-winxpsp3 14 guest-stop               fail never pass
 test-amd64-i386-xl-win7-amd64 14 guest-stop                   fail  never pass
 test-amd64-i386-xl-qemut-win7-amd64 14 guest-stop              fail never pass
 test-amd64-amd64-xl-qemut-winxpsp3 14 guest-stop               fail never pass
 test-amd64-amd64-xl-winxpsp3 14 guest-stop                   fail   never pass
 test-amd64-i386-xl-winxpsp3  14 guest-stop                   fail   never pass
 test-amd64-amd64-xl-qemut-win7-amd64 14 guest-stop             fail never pass
 test-amd64-i386-xl-qemuu-win7-amd64 14 guest-stop              fail never pass
 test-amd64-amd64-xl-win7-amd64 14 guest-stop                   fail never pass
 test-amd64-i386-xl-qemuu-winxpsp3-vcpus1 14 guest-stop fail in 25626 never pass

version targeted for testing:
 xen                  4787f667bcee205c56a27da59b766a53e1e929eb
baseline version:
 xen                  4787f667bcee205c56a27da59b766a53e1e929eb

jobs:
 build-amd64                                                  pass    
 build-armhf                                                  pass    
 build-i386                                                   pass    
 build-amd64-oldkern                                          pass    
 build-i386-oldkern                                           pass    
 build-amd64-pvops                                            pass    
 build-armhf-pvops                                            pass    
 build-i386-pvops                                             pass    
 test-amd64-amd64-xl                                          pass    
 test-armhf-armhf-xl                                          pass    
 test-amd64-i386-xl                                           pass    
 test-amd64-i386-rhel6hvm-amd                                 pass    
 test-amd64-i386-qemut-rhel6hvm-amd                           pass    
 test-amd64-i386-qemuu-rhel6hvm-amd                           pass    
 test-amd64-i386-freebsd10-amd64                              pass    
 test-amd64-amd64-xl-qemut-win7-amd64                         fail    
 test-amd64-i386-xl-qemut-win7-amd64                          fail    
 test-amd64-amd64-xl-qemuu-win7-amd64                         fail    
 test-amd64-i386-xl-qemuu-win7-amd64                          fail    
 test-amd64-amd64-xl-win7-amd64                               fail    
 test-amd64-i386-xl-win7-amd64                                fail    
 test-amd64-i386-xl-credit2                                   pass    
 test-amd64-i386-freebsd10-i386                               pass    
 test-amd64-amd64-xl-pcipt-intel                              fail    
 test-amd64-i386-rhel6hvm-intel                               pass    
 test-amd64-i386-qemut-rhel6hvm-intel                         pass    
 test-amd64-i386-qemuu-rhel6hvm-intel                         pass    
 test-amd64-i386-xl-multivcpu                                 pass    
 test-amd64-amd64-pair                                        pass    
 test-amd64-i386-pair                                         pass    
 test-amd64-amd64-xl-sedf-pin                                 pass    
 test-amd64-amd64-pv                                          blocked 
 test-amd64-i386-pv                                           blocked 
 test-amd64-amd64-xl-sedf                                     fail    
 test-amd64-i386-xl-qemut-winxpsp3-vcpus1                     fail    
 test-amd64-i386-xl-qemuu-winxpsp3-vcpus1                     fail    
 test-amd64-i386-xl-winxpsp3-vcpus1                           fail    
 test-amd64-amd64-xl-qemut-winxpsp3                           fail    
 test-amd64-i386-xl-qemut-winxpsp3                            fail    
 test-amd64-amd64-xl-qemuu-winxpsp3                           fail    
 test-amd64-i386-xl-qemuu-winxpsp3                            fail    
 test-amd64-amd64-xl-winxpsp3                                 fail    
 test-amd64-i386-xl-winxpsp3                                  fail    


------------------------------------------------------------
sg-report-flight on osstest.cam.xci-test.com
logs: /home/xc_osstest/logs
images: /home/xc_osstest/images

Logs, config files, etc. are available at
    http://www.chiark.greenend.org.uk/~xensrcts/logs

Test harness code can be found at
    http://xenbits.xensource.com/gitweb?p=osstest.git;a=summary


Published tested tree is already up to date.

^ permalink raw reply	[flat|nested] 5+ messages in thread

* [PATCH] make-flight: drop another stray xend test from 4.5 onwards (Was: Re: [xen-unstable test] 25628: tolerable FAIL)
  2014-03-24  8:08 [xen-unstable test] 25628: tolerable FAIL xen.org
@ 2014-03-24 11:54 ` Ian Campbell
  2014-04-02 14:51   ` Ian Jackson
  0 siblings, 1 reply; 5+ messages in thread
From: Ian Campbell @ 2014-03-24 11:54 UTC (permalink / raw)
  To: xen.org; +Cc: xen-devel

On Mon, 2014-03-24 at 08:08 +0000, xen.org wrote:
> Tests which did not succeed, but are not blocking:
[...]
>  test-amd64-amd64-pv           1 xen-build-check(1)           blocked  n/a
>  test-amd64-i386-pv            1 xen-build-check(1)           blocked  n/a

BROKEN: job 25628.build-amd64-xend not found (for path_dist); (25628.test-amd64-amd64-pv not marked broken) at Osstest/TestSupport.pm line 206.

Looks like I missed a reference to xend in 4e8b8c227544 "make-flight:
only test xl in unstable", not sure how...

Ian.

---------------8<-------------------

>From e48c89585079f592c8c66f741819ddf6d85fc730 Mon Sep 17 00:00:00 2001
From: Ian Campbell <ian.campbell@citrix.com>
Date: Mon, 24 Mar 2014 11:50:11 +0000
Subject: [PATCH] make-flight: drop another stray xend test from 4.5 onwards

I believe this configuration is covered for xl by the existing
test-amd64-i386-xl so test-amd64-i386-pv is dropped rather than replaced.

Changes for xen-4.4-testing flights:
$ diff -ub <(./mg-show-flight-runvars before44) <(./mg-show-flight-runvars after44)
$

Changes to unstable flights:
$ diff -ub <(./mg-show-flight-runvars beforeunstable) <(./mg-show-flight-runvars afterunstable) | grep -E '^[-+]'
--- /dev/fd/63	2014-03-24 11:49:55.649082998 +0000
+++ /dev/fd/62	2014-03-24 11:49:55.649082998 +0000
-test-amd64-i386-pv                       all_hostflags             arch-i386,arch-xen-amd64,suite-wheezy,purpose-test
-test-amd64-i386-pv                       arch                      i386
-test-amd64-i386-pv                       buildjob                  build-i386-xend
-test-amd64-i386-pv                       debian_arch               i386
-test-amd64-i386-pv                       debian_kernkind           pvops
-test-amd64-i386-pv                       kernbuildjob              build-i386-pvops
-test-amd64-i386-pv                       kernkind                  pvops
-test-amd64-i386-pv                       toolstack                 xend
-test-amd64-i386-pv                       xenbuildjob               build-amd64-xend

Signed-off-by: Ian Campbell <ian.campbell@citrix.com>
---
 make-flight | 28 +++++++++++++++++-----------
 1 file changed, 17 insertions(+), 11 deletions(-)

diff --git a/make-flight b/make-flight
index 39fa7ba..8bfa1d9 100755
--- a/make-flight
+++ b/make-flight
@@ -126,16 +126,11 @@ do_hvm_winxp_tests () {
       continue
     fi
 
-    # No xend from 4.5 onwards
-    case "$xenbranch" in
-    xen-3.*-testing) toolstack= ;;
-    xen-4.0-testing) toolstack= ;;
-    xen-4.1-testing) toolstack= ;;
-    xen-4.2-testing) toolstack= ;;
-    xen-4.3-testing) toolstack= ;;
-    xen-4.4-testing) toolstack= ;;
-    *)               toolstack="xl" ;;
-    esac
+    if [ x$test_xend != xy ] ; then
+      toolstack="xl"
+    else
+      toolstack=
+    fi
 
     if [ x$toolstack = x ] ; then
       stripy toolstack xend xl \
@@ -237,8 +232,19 @@ test_matrix_do_one () {
       return
   fi
 
+  # xend tests for versions <= 4.4 only
+  case "$xenbranch" in
+  xen-3.*-testing) test_xend=y ;;
+  xen-4.0-testing) test_xend=y ;;
+  xen-4.1-testing) test_xend=y ;;
+  xen-4.2-testing) test_xend=y ;;
+  xen-4.3-testing) test_xend=y ;;
+  xen-4.4-testing) test_xend=y ;;
+  *)               test_xend=n ;;
+  esac
+
   # xend PV guest test on x86 only
-  if [ $dom0arch = "i386" -o $dom0arch = "amd64" ]; then
+  if [ x$test_xend = xy -a $dom0arch = "i386" -o $dom0arch = "amd64" ]; then
     job_create_test test-$xenarch$kern-$dom0arch-pv test-debian xend \
             $xenarch $dom0arch                                       \
             $debian_runvars all_hostflags=$most_hostflags
-- 
1.8.5.2

^ permalink raw reply related	[flat|nested] 5+ messages in thread

* [PATCH] make-flight: drop another stray xend test from 4.5 onwards (Was: Re: [xen-unstable test] 25628: tolerable FAIL)
  2014-03-24 11:54 ` [PATCH] make-flight: drop another stray xend test from 4.5 onwards (Was: Re: [xen-unstable test] 25628: tolerable FAIL) Ian Campbell
@ 2014-04-02 14:51   ` Ian Jackson
  2014-04-02 14:55     ` Ian Campbell
  0 siblings, 1 reply; 5+ messages in thread
From: Ian Jackson @ 2014-04-02 14:51 UTC (permalink / raw)
  To: Ian Campbell; +Cc: xen-devel, xen.org

Ian Campbell writes ("[PATCH] make-flight: drop another stray xend test from 4.5 onwards (Was: Re: [Xen-devel] [xen-unstable test] 25628: tolerable FAIL)"):
> On Mon, 2014-03-24 at 08:08 +0000, xen.org wrote:
> > Tests which did not succeed, but are not blocking:
> [...]
> >  test-amd64-amd64-pv           1 xen-build-check(1)           blocked  n/a
> >  test-amd64-i386-pv            1 xen-build-check(1)           blocked  n/a
> 
> BROKEN: job 25628.build-amd64-xend not found (for path_dist); (25628.test-amd64-amd64-pv not marked broken) at Osstest/TestSupport.pm line 206.
> 
> Looks like I missed a reference to xend in 4e8b8c227544 "make-flight:
> only test xl in unstable", not sure how...

Acked-by: Ian Jackson <ian.jackson@eu.citrix.com>

Will you push this ?

Thanks,
Ian.

^ permalink raw reply	[flat|nested] 5+ messages in thread

* Re: [PATCH] make-flight: drop another stray xend test from 4.5 onwards (Was: Re: [xen-unstable test] 25628: tolerable FAIL)
  2014-04-02 14:51   ` Ian Jackson
@ 2014-04-02 14:55     ` Ian Campbell
  2014-04-02 15:04       ` Ian Campbell
  0 siblings, 1 reply; 5+ messages in thread
From: Ian Campbell @ 2014-04-02 14:55 UTC (permalink / raw)
  To: Ian Jackson; +Cc: xen-devel

On Wed, 2014-04-02 at 15:51 +0100, Ian Jackson wrote:
> Ian Campbell writes ("[PATCH] make-flight: drop another stray xend test from 4.5 onwards (Was: Re: [Xen-devel] [xen-unstable test] 25628: tolerable FAIL)"):
> > On Mon, 2014-03-24 at 08:08 +0000, xen.org wrote:
> > > Tests which did not succeed, but are not blocking:
> > [...]
> > >  test-amd64-amd64-pv           1 xen-build-check(1)           blocked  n/a
> > >  test-amd64-i386-pv            1 xen-build-check(1)           blocked  n/a
> > 
> > BROKEN: job 25628.build-amd64-xend not found (for path_dist); (25628.test-amd64-amd64-pv not marked broken) at Osstest/TestSupport.pm line 206.
> > 
> > Looks like I missed a reference to xend in 4e8b8c227544 "make-flight:
> > only test xl in unstable", not sure how...
> 
> Acked-by: Ian Jackson <ian.jackson@eu.citrix.com>
> 
> Will you push this ?

Yes.

^ permalink raw reply	[flat|nested] 5+ messages in thread

* Re: [PATCH] make-flight: drop another stray xend test from 4.5 onwards (Was: Re: [xen-unstable test] 25628: tolerable FAIL)
  2014-04-02 14:55     ` Ian Campbell
@ 2014-04-02 15:04       ` Ian Campbell
  0 siblings, 0 replies; 5+ messages in thread
From: Ian Campbell @ 2014-04-02 15:04 UTC (permalink / raw)
  To: Ian Jackson; +Cc: xen-devel

On Wed, 2014-04-02 at 15:55 +0100, Ian Campbell wrote:
> On Wed, 2014-04-02 at 15:51 +0100, Ian Jackson wrote:
> > Ian Campbell writes ("[PATCH] make-flight: drop another stray xend test from 4.5 onwards (Was: Re: [Xen-devel] [xen-unstable test] 25628: tolerable FAIL)"):
> > > On Mon, 2014-03-24 at 08:08 +0000, xen.org wrote:
> > > > Tests which did not succeed, but are not blocking:
> > > [...]
> > > >  test-amd64-amd64-pv           1 xen-build-check(1)           blocked  n/a
> > > >  test-amd64-i386-pv            1 xen-build-check(1)           blocked  n/a
> > > 
> > > BROKEN: job 25628.build-amd64-xend not found (for path_dist); (25628.test-amd64-amd64-pv not marked broken) at Osstest/TestSupport.pm line 206.
> > > 
> > > Looks like I missed a reference to xend in 4e8b8c227544 "make-flight:
> > > only test xl in unstable", not sure how...
> > 
> > Acked-by: Ian Jackson <ian.jackson@eu.citrix.com>
> > 
> > Will you push this ?
> 
> Yes.

I added my own S-o-b in addition to your ack and pushed.

Thanks,
Ian.

^ permalink raw reply	[flat|nested] 5+ messages in thread

end of thread, other threads:[~2014-04-02 15:04 UTC | newest]

Thread overview: 5+ messages (download: mbox.gz follow: Atom feed
-- links below jump to the message on this page --
2014-03-24  8:08 [xen-unstable test] 25628: tolerable FAIL xen.org
2014-03-24 11:54 ` [PATCH] make-flight: drop another stray xend test from 4.5 onwards (Was: Re: [xen-unstable test] 25628: tolerable FAIL) Ian Campbell
2014-04-02 14:51   ` Ian Jackson
2014-04-02 14:55     ` Ian Campbell
2014-04-02 15:04       ` Ian Campbell

This is a public inbox, see mirroring instructions
for how to clone and mirror all data and code used for this inbox;
as well as URLs for NNTP newsgroup(s).