xen-devel.lists.xenproject.org archive mirror
 help / color / mirror / Atom feed
From: xen.org <Ian.Jackson@eu.citrix.com>
To: xen-devel@lists.xensource.com
Cc: ian.jackson@eu.citrix.com
Subject: [xen-unstable test] 25638: regressions - FAIL
Date: Tue, 25 Mar 2014 04:49:41 +0000	[thread overview]
Message-ID: <osstest-25638-mainreport@xen.org> (raw)

flight 25638 xen-unstable real [real]
http://www.chiark.greenend.org.uk/~xensrcts/logs/25638/

Regressions :-(

Tests which did not succeed and are blocking,
including tests which could not be run:
 test-amd64-i386-xl-qemuu-winxpsp3-vcpus1 11 guest-saverestore.2 fail REGR. vs. 25631

Tests which did not succeed, but are not blocking:
 test-armhf-armhf-xl          10 migrate-support-check        fail   never pass
 test-amd64-amd64-xl-pcipt-intel  9 guest-start                 fail never pass
 test-amd64-amd64-pv           1 xen-build-check(1)           blocked  n/a
 test-amd64-i386-pv            1 xen-build-check(1)           blocked  n/a
 test-amd64-i386-xl-qemut-winxpsp3 14 guest-stop                fail never pass
 test-amd64-i386-xl-qemuu-winxpsp3 14 guest-stop                fail never pass
 test-amd64-amd64-xl-win7-amd64 14 guest-stop                   fail never pass
 test-amd64-i386-xl-qemut-winxpsp3-vcpus1 14 guest-stop         fail never pass
 test-amd64-amd64-xl-qemuu-win7-amd64 14 guest-stop             fail never pass
 test-amd64-i386-xl-winxpsp3-vcpus1 14 guest-stop               fail never pass
 test-amd64-amd64-xl-qemuu-winxpsp3 14 guest-stop               fail never pass
 test-amd64-i386-xl-win7-amd64 14 guest-stop                   fail  never pass
 test-amd64-i386-xl-qemut-win7-amd64 14 guest-stop              fail never pass
 test-amd64-amd64-xl-qemut-winxpsp3 14 guest-stop               fail never pass
 test-amd64-amd64-xl-winxpsp3 14 guest-stop                   fail   never pass
 test-amd64-i386-xl-winxpsp3  14 guest-stop                   fail   never pass
 test-amd64-amd64-xl-qemut-win7-amd64 14 guest-stop             fail never pass
 test-amd64-i386-xl-qemuu-win7-amd64 14 guest-stop              fail never pass

version targeted for testing:
 xen                  a3e12a091147a0804b55c73064beb7e11785ab04
baseline version:
 xen                  a7ca5c402e8cf61c5e8dd6e6797a627863f5a243

------------------------------------------------------------
People who touched revisions under test:
  Daniel De Graaf <dgdegra@tycho.nsa.gov>
  Ian Campbell <ian.campbell@citrix.com>
  Jan Beulich <jbeulich@suse.com>
  Keir Fraser <keir@xen.org>
------------------------------------------------------------

jobs:
 build-amd64                                                  pass    
 build-armhf                                                  pass    
 build-i386                                                   pass    
 build-amd64-oldkern                                          pass    
 build-i386-oldkern                                           pass    
 build-amd64-pvops                                            pass    
 build-armhf-pvops                                            pass    
 build-i386-pvops                                             pass    
 test-amd64-amd64-xl                                          pass    
 test-armhf-armhf-xl                                          pass    
 test-amd64-i386-xl                                           pass    
 test-amd64-i386-rhel6hvm-amd                                 pass    
 test-amd64-i386-qemut-rhel6hvm-amd                           pass    
 test-amd64-i386-qemuu-rhel6hvm-amd                           pass    
 test-amd64-i386-freebsd10-amd64                              pass    
 test-amd64-amd64-xl-qemut-win7-amd64                         fail    
 test-amd64-i386-xl-qemut-win7-amd64                          fail    
 test-amd64-amd64-xl-qemuu-win7-amd64                         fail    
 test-amd64-i386-xl-qemuu-win7-amd64                          fail    
 test-amd64-amd64-xl-win7-amd64                               fail    
 test-amd64-i386-xl-win7-amd64                                fail    
 test-amd64-i386-xl-credit2                                   pass    
 test-amd64-i386-freebsd10-i386                               pass    
 test-amd64-amd64-xl-pcipt-intel                              fail    
 test-amd64-i386-rhel6hvm-intel                               pass    
 test-amd64-i386-qemut-rhel6hvm-intel                         pass    
 test-amd64-i386-qemuu-rhel6hvm-intel                         pass    
 test-amd64-i386-xl-multivcpu                                 pass    
 test-amd64-amd64-pair                                        pass    
 test-amd64-i386-pair                                         pass    
 test-amd64-amd64-xl-sedf-pin                                 pass    
 test-amd64-amd64-pv                                          blocked 
 test-amd64-i386-pv                                           blocked 
 test-amd64-amd64-xl-sedf                                     pass    
 test-amd64-i386-xl-qemut-winxpsp3-vcpus1                     fail    
 test-amd64-i386-xl-qemuu-winxpsp3-vcpus1                     fail    
 test-amd64-i386-xl-winxpsp3-vcpus1                           fail    
 test-amd64-amd64-xl-qemut-winxpsp3                           fail    
 test-amd64-i386-xl-qemut-winxpsp3                            fail    
 test-amd64-amd64-xl-qemuu-winxpsp3                           fail    
 test-amd64-i386-xl-qemuu-winxpsp3                            fail    
 test-amd64-amd64-xl-winxpsp3                                 fail    
 test-amd64-i386-xl-winxpsp3                                  fail    


------------------------------------------------------------
sg-report-flight on osstest.cam.xci-test.com
logs: /home/xc_osstest/logs
images: /home/xc_osstest/images

Logs, config files, etc. are available at
    http://www.chiark.greenend.org.uk/~xensrcts/logs

Test harness code can be found at
    http://xenbits.xensource.com/gitweb?p=osstest.git;a=summary


Not pushing.

------------------------------------------------------------
commit a3e12a091147a0804b55c73064beb7e11785ab04
Author: Daniel De Graaf <dgdegra@tycho.nsa.gov>
Date:   Mon Mar 24 10:55:26 2014 +0100

    evtchn: optimize XSM ssid field
    
    When FLASK is the only enabled implementation of the XSM hooks in Xen,
    some of the abstractions required to handle multiple XSM providers are
    redundant and only produce unneeded overhead.  This patch reduces the
    memory overhead of enabling XSM on event channels by replacing the
    untyped ssid pointer from struct evtchn with a union containing the
    contents of the structure.  This avoids an additional heap allocation
    for every event channel, and on 64-bit systems, reduces the size of
    struct evtchn by 4 bytes.  If an out-of-tree XSM module needs the full
    flexibility of the generic evtcnn ssid pointer, defining the symbol
    XSM_NEED_GENERIC_EVTCHN_SSID will include a suitable pointer field.
    
    This also cleans up the unused selinux_checkreqprot declaration left
    from the Linux port.
    
    Signed-off-by: Daniel De Graaf <dgdegra@tycho.nsa.gov>
    Reviewed-by: Jan Beulich <jbeulich@suse.com>
    Acked-by: Keir Fraser <keir@xen.org>

commit 98bef9974d9b39fbb7d052c50db950435f0b2513
Author: Daniel De Graaf <dgdegra@tycho.nsa.gov>
Date:   Mon Mar 24 10:54:27 2014 +0100

    xsm: Reduce compiler command line clutter
    
    Move the preprocessor definitions for all FLASK parameters other than
    the enable flag off the compiler command line and into config.h, which
    is the preferred location for such definitions.
    
    Signed-off-by: Daniel De Graaf <dgdegra@tycho.nsa.gov>
    Reviewed-by: Jan Beulich <jbeulich@suse.com>
    Acked-by: Keir Fraser <keir@xen.org>

commit 2788cd4e327f3b6e63da52e6a59bf8927abfe4bb
Author: Jan Beulich <jbeulich@suse.com>
Date:   Mon Mar 24 10:49:19 2014 +0100

    sysctl: annotate struct pm_cx_stat's pc[]/cc[]
    
    Suggested-by: Ian Jackson <Ian.Jackson@eu.citrix.com>
    Signed-off-by: Jan Beulich <jbeulich@suse.com>
    Acked-by: Ian Campbell <ian.campbell@citrix.com>
    Acked-by: Keir Fraser <keir@xen.org>

commit b3d2f8b2cba9fce5bc8995612d0d13fcefec7769
Author: Jan Beulich <jbeulich@suse.com>
Date:   Mon Mar 24 10:48:03 2014 +0100

    x86: fix determination of bit count for struct domain allocations
    
    We can't just add in the hole shift value, as the hole may be at or
    above the 44-bit boundary. Instead we need to determine the total bit
    count until reaching 32 significant (not squashed out) bits in PFN
    representations.
    
    Signed-off-by: Jan Beulich <jbeulich@suse.com>
    Acked-by: Keir Fraser <keir@xen.org>
(qemu changes not included)

                 reply	other threads:[~2014-03-25  4:49 UTC|newest]

Thread overview: [no followups] expand[flat|nested]  mbox.gz  Atom feed

Reply instructions:

You may reply publicly to this message via plain-text email
using any one of the following methods:

* Save the following mbox file, import it into your mail client,
  and reply-to-all from there: mbox

  Avoid top-posting and favor interleaved quoting:
  https://en.wikipedia.org/wiki/Posting_style#Interleaved_style

* Reply using the --to, --cc, and --in-reply-to
  switches of git-send-email(1):

  git send-email \
    --in-reply-to=osstest-25638-mainreport@xen.org \
    --to=ian.jackson@eu.citrix.com \
    --cc=xen-devel@lists.xensource.com \
    /path/to/YOUR_REPLY

  https://kernel.org/pub/software/scm/git/docs/git-send-email.html

* If your mail client supports setting the In-Reply-To header
  via mailto: links, try the mailto: link
Be sure your reply has a Subject: header at the top and a blank line before the message body.
This is a public inbox, see mirroring instructions
for how to clone and mirror all data and code used for this inbox;
as well as URLs for NNTP newsgroup(s).