* [linux-linus test] 25824: regressions - trouble: broken/fail/pass
@ 2014-04-09 15:42 xen.org
0 siblings, 0 replies; only message in thread
From: xen.org @ 2014-04-09 15:42 UTC (permalink / raw)
To: xen-devel; +Cc: ian.jackson
flight 25824 linux-linus real [real]
http://www.chiark.greenend.org.uk/~xensrcts/logs/25824/
Regressions :-(
Tests which did not succeed and are blocking,
including tests which could not be run:
test-amd64-i386-rhel6hvm-amd 5 xen-boot fail REGR. vs. 12557
test-amd64-i386-xl-multivcpu 5 xen-boot fail REGR. vs. 12557
test-amd64-i386-qemuu-rhel6hvm-amd 5 xen-boot fail REGR. vs. 12557
test-amd64-i386-xl 5 xen-boot fail REGR. vs. 12557
test-amd64-i386-xl-credit2 5 xen-boot fail REGR. vs. 12557
test-amd64-i386-xl-winxpsp3-vcpus1 5 xen-boot fail REGR. vs. 12557
test-amd64-i386-pair 8 xen-boot/dst_host fail REGR. vs. 12557
test-amd64-i386-pair 7 xen-boot/src_host fail REGR. vs. 12557
Regressions which are regarded as allowable (not blocking):
test-amd64-i386-rhel6hvm-intel 5 xen-boot fail like 12557
test-amd64-i386-qemut-rhel6hvm-intel 5 xen-boot fail blocked in 12557
test-amd64-i386-qemut-rhel6hvm-amd 5 xen-boot fail blocked in 12557
test-amd64-i386-qemuu-rhel6hvm-intel 5 xen-boot fail like 12557
test-armhf-armhf-xl 5 xen-boot fail blocked in 12557
test-amd64-i386-freebsd10-i386 5 xen-boot fail blocked in 12557
test-amd64-i386-freebsd10-amd64 5 xen-boot fail blocked in 12557
test-amd64-i386-xl-qemut-win7-amd64 5 xen-boot fail blocked in 12557
test-amd64-i386-xl-qemuu-win7-amd64 5 xen-boot fail blocked in 12557
test-amd64-i386-xl-win7-amd64 5 xen-boot fail like 12557
test-amd64-i386-xl-qemuu-winxpsp3-vcpus1 5 xen-boot fail blocked in 12557
test-amd64-i386-xl-qemuu-winxpsp3 3 host-install(3) broken blocked in 12557
test-amd64-i386-xl-qemut-winxpsp3-vcpus1 5 xen-boot fail blocked in 12557
test-amd64-i386-xl-winxpsp3 5 xen-boot fail blocked in 12557
test-amd64-i386-xl-qemut-winxpsp3 5 xen-boot fail blocked in 12557
test-amd64-amd64-xl-qemuu-winxpsp3 7 windows-install fail like 12557
Tests which did not succeed, but are not blocking:
test-amd64-amd64-xl-pcipt-intel 9 guest-start fail never pass
test-amd64-amd64-xl-winxpsp3 14 guest-stop fail never pass
test-amd64-amd64-xl-qemut-win7-amd64 14 guest-stop fail never pass
test-amd64-amd64-xl-qemut-winxpsp3 14 guest-stop fail never pass
test-amd64-amd64-xl-win7-amd64 14 guest-stop fail never pass
test-amd64-amd64-xl-qemuu-win7-amd64 14 guest-stop fail never pass
version targeted for testing:
linux 75ff24fa52f0cc512ceee4c377632b91a3a80811
baseline version:
linux c16fa4f2ad19908a47c63d8fa436a1178438c7e7
------------------------------------------------------------
7445 people touched revisions under test,
not listing them all
------------------------------------------------------------
jobs:
build-amd64 pass
build-armhf pass
build-i386 pass
build-amd64-pvops pass
build-armhf-pvops pass
build-i386-pvops pass
test-amd64-amd64-xl pass
test-armhf-armhf-xl fail
test-amd64-i386-xl fail
test-amd64-i386-rhel6hvm-amd fail
test-amd64-i386-qemut-rhel6hvm-amd fail
test-amd64-i386-qemuu-rhel6hvm-amd fail
test-amd64-i386-freebsd10-amd64 fail
test-amd64-amd64-xl-qemut-win7-amd64 fail
test-amd64-i386-xl-qemut-win7-amd64 fail
test-amd64-amd64-xl-qemuu-win7-amd64 fail
test-amd64-i386-xl-qemuu-win7-amd64 fail
test-amd64-amd64-xl-win7-amd64 fail
test-amd64-i386-xl-win7-amd64 fail
test-amd64-i386-xl-credit2 fail
test-amd64-i386-freebsd10-i386 fail
test-amd64-amd64-xl-pcipt-intel fail
test-amd64-i386-rhel6hvm-intel fail
test-amd64-i386-qemut-rhel6hvm-intel fail
test-amd64-i386-qemuu-rhel6hvm-intel fail
test-amd64-i386-xl-multivcpu fail
test-amd64-amd64-pair pass
test-amd64-i386-pair fail
test-amd64-amd64-xl-sedf-pin pass
test-amd64-amd64-xl-sedf pass
test-amd64-i386-xl-qemut-winxpsp3-vcpus1 fail
test-amd64-i386-xl-qemuu-winxpsp3-vcpus1 fail
test-amd64-i386-xl-winxpsp3-vcpus1 fail
test-amd64-amd64-xl-qemut-winxpsp3 fail
test-amd64-i386-xl-qemut-winxpsp3 fail
test-amd64-amd64-xl-qemuu-winxpsp3 fail
test-amd64-i386-xl-qemuu-winxpsp3 broken
test-amd64-amd64-xl-winxpsp3 fail
test-amd64-i386-xl-winxpsp3 fail
------------------------------------------------------------
sg-report-flight on osstest.cam.xci-test.com
logs: /home/xc_osstest/logs
images: /home/xc_osstest/images
Logs, config files, etc. are available at
http://www.chiark.greenend.org.uk/~xensrcts/logs
Test harness code can be found at
http://xenbits.xensource.com/gitweb?p=osstest.git;a=summary
Not pushing.
(No revision log; it would be 2617686 lines long.)
^ permalink raw reply [flat|nested] only message in thread
only message in thread, other threads:[~2014-04-09 15:42 UTC | newest]
Thread overview: (only message) (download: mbox.gz follow: Atom feed
-- links below jump to the message on this page --
2014-04-09 15:42 [linux-linus test] 25824: regressions - trouble: broken/fail/pass xen.org
This is a public inbox, see mirroring instructions
for how to clone and mirror all data and code used for this inbox;
as well as URLs for NNTP newsgroup(s).