From mboxrd@z Thu Jan 1 00:00:00 1970 From: xen.org Subject: [linux-linus test] 25904: regressions - FAIL Date: Thu, 17 Apr 2014 21:42:04 +0100 Message-ID: Mime-Version: 1.0 Content-Type: text/plain; charset="us-ascii" Content-Transfer-Encoding: 7bit Return-path: List-Unsubscribe: , List-Post: List-Help: List-Subscribe: , Sender: xen-devel-bounces@lists.xen.org Errors-To: xen-devel-bounces@lists.xen.org To: xen-devel@lists.xensource.com Cc: ian.jackson@eu.citrix.com List-Id: xen-devel@lists.xenproject.org flight 25904 linux-linus real [real] http://www.chiark.greenend.org.uk/~xensrcts/logs/25904/ Regressions :-( Tests which did not succeed and are blocking, including tests which could not be run: test-amd64-i386-xl 5 xen-boot fail REGR. vs. 12557 test-amd64-i386-xl-multivcpu 5 xen-boot fail REGR. vs. 12557 test-amd64-i386-qemuu-rhel6hvm-amd 5 xen-boot fail REGR. vs. 12557 test-amd64-i386-rhel6hvm-amd 5 xen-boot fail REGR. vs. 12557 test-amd64-i386-xl-credit2 5 xen-boot fail REGR. vs. 12557 test-amd64-i386-xl-winxpsp3-vcpus1 5 xen-boot fail REGR. vs. 12557 test-amd64-i386-pair 8 xen-boot/dst_host fail REGR. vs. 12557 test-amd64-i386-pair 7 xen-boot/src_host fail REGR. vs. 12557 Regressions which are regarded as allowable (not blocking): test-amd64-i386-rhel6hvm-intel 5 xen-boot fail like 12557 test-amd64-i386-qemut-rhel6hvm-intel 5 xen-boot fail blocked in 12557 test-amd64-i386-xl-qemuu-win7-amd64 5 xen-boot fail blocked in 12557 test-amd64-i386-xl-win7-amd64 5 xen-boot fail like 12557 test-amd64-i386-xl-qemut-winxpsp3 5 xen-boot fail blocked in 12557 test-amd64-i386-xl-qemut-win7-amd64 5 xen-boot fail blocked in 12557 test-amd64-i386-qemut-rhel6hvm-amd 5 xen-boot fail blocked in 12557 test-amd64-i386-xl-winxpsp3 5 xen-boot fail blocked in 12557 test-amd64-i386-freebsd10-i386 5 xen-boot fail blocked in 12557 test-amd64-i386-xl-qemuu-winxpsp3-vcpus1 5 xen-boot fail blocked in 12557 test-amd64-i386-freebsd10-amd64 5 xen-boot fail blocked in 12557 test-amd64-i386-xl-qemuu-winxpsp3 5 xen-boot fail blocked in 12557 test-amd64-i386-qemuu-rhel6hvm-intel 5 xen-boot fail like 12557 test-amd64-i386-xl-qemut-winxpsp3-vcpus1 5 xen-boot fail blocked in 12557 test-amd64-amd64-xl-qemuu-ovmf-amd64 10 guest-localmigrate fail blocked in 12557 Tests which did not succeed, but are not blocking: test-amd64-amd64-xl-pcipt-intel 9 guest-start fail never pass test-amd64-i386-xl-qemuu-ovmf-amd64 5 xen-boot fail never pass test-armhf-armhf-xl 10 migrate-support-check fail never pass test-amd64-amd64-xl-winxpsp3 14 guest-stop fail never pass test-amd64-amd64-xl-qemut-winxpsp3 14 guest-stop fail never pass test-amd64-amd64-xl-win7-amd64 14 guest-stop fail never pass test-amd64-amd64-xl-qemut-win7-amd64 14 guest-stop fail never pass test-amd64-amd64-xl-qemuu-win7-amd64 14 guest-stop fail never pass test-amd64-amd64-xl-qemuu-winxpsp3 14 guest-stop fail never pass version targeted for testing: linux 6ca2a88ad820af56535ed1e6936e0490cb6ec6dc baseline version: linux c16fa4f2ad19908a47c63d8fa436a1178438c7e7 ------------------------------------------------------------ 7487 people touched revisions under test, not listing them all ------------------------------------------------------------ jobs: build-amd64 pass build-armhf pass build-i386 pass build-amd64-pvops pass build-armhf-pvops pass build-i386-pvops pass test-amd64-amd64-xl pass test-armhf-armhf-xl pass test-amd64-i386-xl fail test-amd64-i386-rhel6hvm-amd fail test-amd64-i386-qemut-rhel6hvm-amd fail test-amd64-i386-qemuu-rhel6hvm-amd fail test-amd64-i386-freebsd10-amd64 fail test-amd64-amd64-xl-qemuu-ovmf-amd64 fail test-amd64-i386-xl-qemuu-ovmf-amd64 fail test-amd64-amd64-xl-qemut-win7-amd64 fail test-amd64-i386-xl-qemut-win7-amd64 fail test-amd64-amd64-xl-qemuu-win7-amd64 fail test-amd64-i386-xl-qemuu-win7-amd64 fail test-amd64-amd64-xl-win7-amd64 fail test-amd64-i386-xl-win7-amd64 fail test-amd64-i386-xl-credit2 fail test-amd64-i386-freebsd10-i386 fail test-amd64-amd64-xl-pcipt-intel fail test-amd64-i386-rhel6hvm-intel fail test-amd64-i386-qemut-rhel6hvm-intel fail test-amd64-i386-qemuu-rhel6hvm-intel fail test-amd64-i386-xl-multivcpu fail test-amd64-amd64-pair pass test-amd64-i386-pair fail test-amd64-amd64-xl-sedf-pin pass test-amd64-amd64-xl-sedf pass test-amd64-i386-xl-qemut-winxpsp3-vcpus1 fail test-amd64-i386-xl-qemuu-winxpsp3-vcpus1 fail test-amd64-i386-xl-winxpsp3-vcpus1 fail test-amd64-amd64-xl-qemut-winxpsp3 fail test-amd64-i386-xl-qemut-winxpsp3 fail test-amd64-amd64-xl-qemuu-winxpsp3 fail test-amd64-i386-xl-qemuu-winxpsp3 fail test-amd64-amd64-xl-winxpsp3 fail test-amd64-i386-xl-winxpsp3 fail ------------------------------------------------------------ sg-report-flight on osstest.cam.xci-test.com logs: /home/xc_osstest/logs images: /home/xc_osstest/images Logs, config files, etc. are available at http://www.chiark.greenend.org.uk/~xensrcts/logs Test harness code can be found at http://xenbits.xensource.com/gitweb?p=osstest.git;a=summary Not pushing. (No revision log; it would be 2634247 lines long.)