From mboxrd@z Thu Jan 1 00:00:00 1970 From: xen.org Subject: [linux-3.10 test] 25907: regressions - FAIL Date: Fri, 18 Apr 2014 00:54:16 +0100 Message-ID: Mime-Version: 1.0 Content-Type: multipart/mixed; boundary="===============7632534020535959427==" Return-path: List-Unsubscribe: , List-Post: List-Help: List-Subscribe: , Sender: xen-devel-bounces@lists.xen.org Errors-To: xen-devel-bounces@lists.xen.org To: xen-devel@lists.xensource.com Cc: ian.jackson@eu.citrix.com List-Id: xen-devel@lists.xenproject.org --===============7632534020535959427== Content-Type: text/plain flight 25907 linux-3.10 real [real] http://www.chiark.greenend.org.uk/~xensrcts/logs/25907/ Regressions :-( Tests which did not succeed and are blocking, including tests which could not be run: build-armhf 4 xen-build fail in 25875 REGR. vs. 25793 build-armhf-pvops 4 kernel-build fail in 25875 REGR. vs. 25793 Tests which are failing intermittently (not blocking): test-amd64-i386-pair 17 guest-migrate/src_host/dst_host fail pass in 25875 test-amd64-i386-xl-win7-amd64 7 windows-install fail pass in 25901 test-amd64-amd64-xl-win7-amd64 7 windows-install fail in 25901 pass in 25907 Regressions which are regarded as allowable (not blocking): test-amd64-amd64-xl-qemuu-ovmf-amd64 7 debian-hvm-install fail blocked in 25793 test-amd64-amd64-xl-qemuu-winxpsp3 7 windows-install fail like 25793 test-amd64-amd64-xl-winxpsp3 7 windows-install fail like 25793 Tests which did not succeed, but are not blocking: test-amd64-i386-xl-qemuu-ovmf-amd64 7 debian-hvm-install fail never pass test-amd64-amd64-xl-pcipt-intel 9 guest-start fail never pass test-amd64-i386-xl-qemut-winxpsp3 14 guest-stop fail never pass test-armhf-armhf-xl 5 xen-boot fail never pass test-amd64-amd64-xl-qemut-winxpsp3 14 guest-stop fail never pass test-amd64-i386-xl-winxpsp3 14 guest-stop fail never pass test-amd64-i386-xl-qemuu-win7-amd64 14 guest-stop fail never pass test-amd64-i386-xl-qemut-win7-amd64 14 guest-stop fail never pass test-amd64-amd64-xl-qemut-win7-amd64 14 guest-stop fail never pass test-amd64-amd64-xl-qemuu-win7-amd64 14 guest-stop fail never pass test-amd64-i386-xl-qemut-winxpsp3-vcpus1 14 guest-stop fail never pass test-amd64-i386-xl-winxpsp3-vcpus1 14 guest-stop fail never pass test-amd64-i386-xl-qemuu-winxpsp3-vcpus1 14 guest-stop fail never pass test-amd64-i386-xl-qemuu-winxpsp3 14 guest-stop fail never pass test-amd64-amd64-xl-win7-amd64 14 guest-stop fail never pass test-armhf-armhf-xl 1 xen-build-check(1) blocked in 25875 n/a test-amd64-i386-xl-win7-amd64 14 guest-stop fail in 25875 never pass test-amd64-amd64-xl-winxpsp3 14 guest-stop fail in 25901 never pass version targeted for testing: linux f512eefd5cde0ad21bd99bbfe4dc70b62805838e baseline version: linux 8f0c10ea2ec6e1086fbb73ff8bcbbf1ed8584b11 ------------------------------------------------------------ People who touched revisions under test: Alexander Aring Anton Nayshtut Ard Biesheuvel Bruce Ashfield Cong Wang Dan Carpenter Daniel Borkmann Daniel Fu David L Stevens David S. Miller Eric Dumazet Eric Paris Fabio Estevam Finn Thain Florian Westphal Geert Uytterhoeven Grant Grundler Greg Kroah-Hartman H. Peter Anvin Hannes Frederic Sowa Heiko Carstens Heiner Kallweit Herbert Xu Jesper Dangaard Brouer Lars Persson Li RongQing Linus Lüssing Matthew Leach Michael S. Tsirkin Michal Marek Mikulas Patocka Mischa Jonker Neil Horman Nicolas Dichtel Nikolay Aleksandrov Oliver Neukum Pablo Neira Ayuso Paul Durrant Paul Moore Peter Boström Rafael J. Wysocki Sabrina Dubroca Sander Eikelenboom Sasha Levin Stephen Boyd Thomas Gleixner Thomas Graf Vineet Gupta Viresh Kumar Vlad Yasevich Vlad Yasevich Xiaoguang Chen Xin Long YOSHIFUJI Hideaki ------------------------------------------------------------ jobs: build-amd64 pass build-armhf pass build-i386 pass build-amd64-pvops pass build-armhf-pvops pass build-i386-pvops pass test-amd64-amd64-xl pass test-armhf-armhf-xl fail test-amd64-i386-xl pass test-amd64-i386-rhel6hvm-amd pass test-amd64-i386-qemut-rhel6hvm-amd pass test-amd64-i386-qemuu-rhel6hvm-amd pass test-amd64-i386-freebsd10-amd64 pass test-amd64-amd64-xl-qemuu-ovmf-amd64 fail test-amd64-i386-xl-qemuu-ovmf-amd64 fail test-amd64-amd64-xl-qemut-win7-amd64 fail test-amd64-i386-xl-qemut-win7-amd64 fail test-amd64-amd64-xl-qemuu-win7-amd64 fail test-amd64-i386-xl-qemuu-win7-amd64 fail test-amd64-amd64-xl-win7-amd64 fail test-amd64-i386-xl-win7-amd64 fail test-amd64-i386-xl-credit2 pass test-amd64-i386-freebsd10-i386 pass test-amd64-amd64-xl-pcipt-intel fail test-amd64-i386-rhel6hvm-intel pass test-amd64-i386-qemut-rhel6hvm-intel pass test-amd64-i386-qemuu-rhel6hvm-intel pass test-amd64-i386-xl-multivcpu pass test-amd64-amd64-pair pass test-amd64-i386-pair fail test-amd64-amd64-xl-sedf-pin pass test-amd64-amd64-xl-sedf pass test-amd64-i386-xl-qemut-winxpsp3-vcpus1 fail test-amd64-i386-xl-qemuu-winxpsp3-vcpus1 fail test-amd64-i386-xl-winxpsp3-vcpus1 fail test-amd64-amd64-xl-qemut-winxpsp3 fail test-amd64-i386-xl-qemut-winxpsp3 fail test-amd64-amd64-xl-qemuu-winxpsp3 fail test-amd64-i386-xl-qemuu-winxpsp3 fail test-amd64-amd64-xl-winxpsp3 fail test-amd64-i386-xl-winxpsp3 fail ------------------------------------------------------------ sg-report-flight on osstest.cam.xci-test.com logs: /home/xc_osstest/logs images: /home/xc_osstest/images Logs, config files, etc. are available at http://www.chiark.greenend.org.uk/~xensrcts/logs Test harness code can be found at http://xenbits.xensource.com/gitweb?p=osstest.git;a=summary Not pushing. (No revision log; it would be 1252 lines long.) --===============7632534020535959427== Content-Type: text/plain; charset="us-ascii" MIME-Version: 1.0 Content-Transfer-Encoding: 7bit Content-Disposition: inline _______________________________________________ Xen-devel mailing list Xen-devel@lists.xen.org http://lists.xen.org/xen-devel --===============7632534020535959427==--