From mboxrd@z Thu Jan 1 00:00:00 1970 From: xen.org Subject: [linux-3.10 test] 26067: trouble: blocked/broken/fail/pass Date: Tue, 29 Apr 2014 06:20:56 +0100 Message-ID: Mime-Version: 1.0 Content-Type: multipart/mixed; boundary="===============4505719636418998719==" Return-path: List-Unsubscribe: , List-Post: List-Help: List-Subscribe: , Sender: xen-devel-bounces@lists.xen.org Errors-To: xen-devel-bounces@lists.xen.org To: xen-devel@lists.xensource.com Cc: ian.jackson@eu.citrix.com List-Id: xen-devel@lists.xenproject.org --===============4505719636418998719== Content-Type: text/plain flight 26067 linux-3.10 real [real] http://www.chiark.greenend.org.uk/~xensrcts/logs/26067/ Failures and problems with tests :-( Tests which did not succeed and are blocking, including tests which could not be run: build-i386 2 host-install(2) broken REGR. vs. 25793 build-i386-pvops 2 host-install(2) broken REGR. vs. 25793 build-amd64-pvops 2 host-install(2) broken REGR. vs. 25793 build-amd64 2 host-install(2) broken REGR. vs. 25793 Tests which did not succeed, but are not blocking: test-amd64-i386-qemut-rhel6hvm-amd 1 xen-build-check(1) blocked n/a test-amd64-amd64-xl-pcipt-intel 1 xen-build-check(1) blocked n/a test-amd64-i386-rhel6hvm-amd 1 xen-build-check(1) blocked n/a test-amd64-i386-qemuu-rhel6hvm-amd 1 xen-build-check(1) blocked n/a test-amd64-amd64-xl-sedf-pin 1 xen-build-check(1) blocked n/a test-amd64-i386-rhel6hvm-intel 1 xen-build-check(1) blocked n/a test-amd64-i386-qemut-rhel6hvm-intel 1 xen-build-check(1) blocked n/a test-amd64-i386-xl 1 xen-build-check(1) blocked n/a test-amd64-i386-qemuu-rhel6hvm-intel 1 xen-build-check(1) blocked n/a test-amd64-i386-xl-credit2 1 xen-build-check(1) blocked n/a test-amd64-amd64-xl 1 xen-build-check(1) blocked n/a test-amd64-i386-xl-multivcpu 1 xen-build-check(1) blocked n/a test-amd64-i386-freebsd10-i386 1 xen-build-check(1) blocked n/a test-amd64-i386-freebsd10-amd64 1 xen-build-check(1) blocked n/a test-amd64-i386-xl-qemut-winxpsp3 1 xen-build-check(1) blocked n/a test-amd64-amd64-xl-qemut-winxpsp3 1 xen-build-check(1) blocked n/a test-amd64-i386-xl-winxpsp3 1 xen-build-check(1) blocked n/a test-armhf-armhf-xl 5 xen-boot fail never pass test-amd64-i386-xl-qemuu-ovmf-amd64 1 xen-build-check(1) blocked n/a test-amd64-amd64-xl-sedf 1 xen-build-check(1) blocked n/a test-amd64-i386-xl-qemuu-win7-amd64 1 xen-build-check(1) blocked n/a test-amd64-amd64-pair 1 xen-build-check(1) blocked n/a test-amd64-amd64-xl-qemut-win7-amd64 1 xen-build-check(1) blocked n/a test-amd64-amd64-xl-qemuu-win7-amd64 1 xen-build-check(1) blocked n/a test-amd64-i386-xl-qemut-winxpsp3-vcpus1 1 xen-build-check(1) blocked n/a test-amd64-amd64-xl-qemuu-ovmf-amd64 1 xen-build-check(1) blocked n/a test-amd64-i386-xl-winxpsp3-vcpus1 1 xen-build-check(1) blocked n/a test-amd64-i386-xl-qemuu-winxpsp3-vcpus1 1 xen-build-check(1) blocked n/a test-amd64-i386-pair 1 xen-build-check(1) blocked n/a test-amd64-i386-xl-qemuu-winxpsp3 1 xen-build-check(1) blocked n/a test-amd64-i386-xl-win7-amd64 1 xen-build-check(1) blocked n/a test-amd64-amd64-xl-win7-amd64 1 xen-build-check(1) blocked n/a test-amd64-i386-xl-qemut-win7-amd64 1 xen-build-check(1) blocked n/a test-amd64-amd64-xl-qemuu-winxpsp3 1 xen-build-check(1) blocked n/a test-amd64-amd64-xl-winxpsp3 1 xen-build-check(1) blocked n/a version targeted for testing: linux bdec4322971737d2d70087b6cbfd9d39e781e114 baseline version: linux 8f0c10ea2ec6e1086fbb73ff8bcbbf1ed8584b11 ------------------------------------------------------------ People who touched revisions under test: "Theodore Ts'o" Ajesh Kunhipurayil Vijayan Alexander Aring Allen Pais Andrew Morton Anton Nayshtut Ard Biesheuvel Bob Picco Brian Norris Bruce Ashfield Claudio Takahasi Cong Wang Corey Minyard Dan Carpenter Daniel Borkmann Daniel Fu Dave Kleikamp David Herrmann David L Stevens David S. Miller Derek Basehore Eric Dumazet Eric Paris Eric Whitney Fabio Estevam Finn Thain Florian Westphal Geert Uytterhoeven Grant Grundler Greg Kroah-Hartman H. Peter Anvin Hannes Frederic Sowa Hannes Reinecke Heiko Carstens Heiner Kallweit Herbert Xu Hidetoshi Seto Ian Abbott Jan Engelhardt Jan Kara Jayachandran C Jesper Dangaard Brouer Jiri Slaby Johan Hedberg Josef Bacik Kamlakant Patel Kjetil Oftedal Lars Persson Li RongQing Li Zefan Linus Lüssing Linus Torvalds Matthew Leach Michael S. Tsirkin Michal Marek Michal Schmidt Mikulas Patocka Mischa Jonker Neil Horman Nicolas Dichtel Nikolay Aleksandrov Oleg Nesterov Oliver Neukum Pablo Neira Ayuso Paul Durrant Paul Gortmaker Paul Moore Peter Boström Rafael J. Wysocki Sabrina Dubroca Sander Eikelenboom Sasha Levin Stephen Boyd Thomas Gleixner Thomas Graf Vineet Gupta Viresh Kumar Vlad Yasevich Vlad Yasevich Werner Fink Xiaoguang Chen Xin Long YOSHIFUJI Hideaki ------------------------------------------------------------ jobs: build-amd64 broken build-armhf pass build-i386 broken build-amd64-pvops broken build-armhf-pvops pass build-i386-pvops broken test-amd64-amd64-xl blocked test-armhf-armhf-xl fail test-amd64-i386-xl blocked test-amd64-i386-rhel6hvm-amd blocked test-amd64-i386-qemut-rhel6hvm-amd blocked test-amd64-i386-qemuu-rhel6hvm-amd blocked test-amd64-i386-freebsd10-amd64 blocked test-amd64-amd64-xl-qemuu-ovmf-amd64 blocked test-amd64-i386-xl-qemuu-ovmf-amd64 blocked test-amd64-amd64-xl-qemut-win7-amd64 blocked test-amd64-i386-xl-qemut-win7-amd64 blocked test-amd64-amd64-xl-qemuu-win7-amd64 blocked test-amd64-i386-xl-qemuu-win7-amd64 blocked test-amd64-amd64-xl-win7-amd64 blocked test-amd64-i386-xl-win7-amd64 blocked test-amd64-i386-xl-credit2 blocked test-amd64-i386-freebsd10-i386 blocked test-amd64-amd64-xl-pcipt-intel blocked test-amd64-i386-rhel6hvm-intel blocked test-amd64-i386-qemut-rhel6hvm-intel blocked test-amd64-i386-qemuu-rhel6hvm-intel blocked test-amd64-i386-xl-multivcpu blocked test-amd64-amd64-pair blocked test-amd64-i386-pair blocked test-amd64-amd64-xl-sedf-pin blocked test-amd64-amd64-xl-sedf blocked test-amd64-i386-xl-qemut-winxpsp3-vcpus1 blocked test-amd64-i386-xl-qemuu-winxpsp3-vcpus1 blocked test-amd64-i386-xl-winxpsp3-vcpus1 blocked test-amd64-amd64-xl-qemut-winxpsp3 blocked test-amd64-i386-xl-qemut-winxpsp3 blocked test-amd64-amd64-xl-qemuu-winxpsp3 blocked test-amd64-i386-xl-qemuu-winxpsp3 blocked test-amd64-amd64-xl-winxpsp3 blocked test-amd64-i386-xl-winxpsp3 blocked ------------------------------------------------------------ sg-report-flight on osstest.cam.xci-test.com logs: /home/xc_osstest/logs images: /home/xc_osstest/images Logs, config files, etc. are available at http://www.chiark.greenend.org.uk/~xensrcts/logs Test harness code can be found at http://xenbits.xensource.com/gitweb?p=osstest.git;a=summary Not pushing. (No revision log; it would be 2066 lines long.) --===============4505719636418998719== Content-Type: text/plain; charset="us-ascii" MIME-Version: 1.0 Content-Transfer-Encoding: 7bit Content-Disposition: inline _______________________________________________ Xen-devel mailing list Xen-devel@lists.xen.org http://lists.xen.org/xen-devel --===============4505719636418998719==--