From: xen.org <Ian.Jackson@eu.citrix.com>
To: xen-devel@lists.xensource.com
Cc: ian.jackson@eu.citrix.com
Subject: [xen-unstable test] 26322: regressions - trouble: broken/fail/pass
Date: Sat, 17 May 2014 07:53:13 +0100 [thread overview]
Message-ID: <osstest-26322-mainreport@xen.org> (raw)
flight 26322 xen-unstable real [real]
http://www.chiark.greenend.org.uk/~xensrcts/logs/26322/
Regressions :-(
Tests which did not succeed and are blocking,
including tests which could not be run:
test-amd64-amd64-xl-qemuu-winxpsp3 11 guest-saverestore.2 fail REGR. vs. 26273
Regressions which are regarded as allowable (not blocking):
test-armhf-armhf-xl 3 host-install(3) broken like 26241
Tests which did not succeed, but are not blocking:
test-amd64-amd64-libvirt 9 guest-start fail never pass
test-amd64-i386-libvirt 9 guest-start fail never pass
test-armhf-armhf-libvirt 9 guest-start fail never pass
test-amd64-amd64-xl-pcipt-intel 9 guest-start fail never pass
test-amd64-i386-xl-qemuu-winxpsp3-vcpus1 14 guest-stop fail never pass
test-amd64-i386-xl-qemuu-winxpsp3 14 guest-stop fail never pass
test-amd64-i386-xl-qemut-winxpsp3 14 guest-stop fail never pass
test-amd64-i386-xl-qemut-winxpsp3-vcpus1 14 guest-stop fail never pass
test-amd64-i386-xl-qemut-win7-amd64 14 guest-stop fail never pass
test-amd64-amd64-xl-qemut-winxpsp3 14 guest-stop fail never pass
test-amd64-i386-xl-win7-amd64 14 guest-stop fail never pass
test-amd64-amd64-xl-winxpsp3 14 guest-stop fail never pass
test-amd64-i386-xl-qemuu-win7-amd64 14 guest-stop fail never pass
test-amd64-i386-xl-winxpsp3-vcpus1 14 guest-stop fail never pass
test-amd64-amd64-xl-qemut-win7-amd64 14 guest-stop fail never pass
test-amd64-amd64-xl-qemuu-win7-amd64 14 guest-stop fail never pass
test-amd64-amd64-xl-win7-amd64 14 guest-stop fail never pass
test-amd64-i386-xl-winxpsp3 14 guest-stop fail never pass
version targeted for testing:
xen 6fedf29bf3ff8a2391eef7c45244406ec4900f88
baseline version:
xen 11dba84796d852123da9d47f63b06aedaf9eeb01
------------------------------------------------------------
People who touched revisions under test:
Andrew Cooper <andrew.cooper3@citrix.com>
Aravind Gopalakrishnan <Aravind.Gopalakrishnan@amd.com>
Aravind Gopalakrishnan<Aravind.Gopalakrishnan@amd.com>
Christoph Egger <chegger@amazon.de>
David Vrabel <david.vrabel@citrix.com>
Fabio Fantoni <fabio.fantoni@m2r.biz>
Ian Campbell <ian.campbell@citrix.com
Ian Campbell <ian.campbell@citrix.com>
Ian Jackson <ian.jackson@eu.citrix.com>
Jan Beulich <jbeulich@suse.com>
Julien Grall <julien.grall@linaro.org>
Kai Huang <kai.huang@linux.intel.com>
Suravee Suthikulpanit <suravee.suthikulpanit@amd.com>
Zhigang Wang <zhigang.x.wang@oracle.com>
------------------------------------------------------------
jobs:
build-amd64 pass
build-armhf pass
build-i386 pass
build-amd64-libvirt pass
build-armhf-libvirt pass
build-i386-libvirt pass
build-amd64-oldkern pass
build-i386-oldkern pass
build-amd64-pvops pass
build-armhf-pvops pass
build-i386-pvops pass
test-amd64-amd64-xl pass
test-armhf-armhf-xl broken
test-amd64-i386-xl pass
test-amd64-i386-rhel6hvm-amd pass
test-amd64-i386-qemut-rhel6hvm-amd pass
test-amd64-i386-qemuu-rhel6hvm-amd pass
test-amd64-i386-freebsd10-amd64 pass
test-amd64-amd64-xl-qemuu-ovmf-amd64 pass
test-amd64-i386-xl-qemuu-ovmf-amd64 pass
test-amd64-amd64-xl-qemut-win7-amd64 fail
test-amd64-i386-xl-qemut-win7-amd64 fail
test-amd64-amd64-xl-qemuu-win7-amd64 fail
test-amd64-i386-xl-qemuu-win7-amd64 fail
test-amd64-amd64-xl-win7-amd64 fail
test-amd64-i386-xl-win7-amd64 fail
test-amd64-i386-xl-credit2 pass
test-amd64-i386-freebsd10-i386 pass
test-amd64-amd64-xl-pcipt-intel fail
test-amd64-i386-rhel6hvm-intel pass
test-amd64-i386-qemut-rhel6hvm-intel pass
test-amd64-i386-qemuu-rhel6hvm-intel pass
test-amd64-amd64-libvirt fail
test-armhf-armhf-libvirt fail
test-amd64-i386-libvirt fail
test-amd64-i386-xl-multivcpu pass
test-amd64-amd64-pair pass
test-amd64-i386-pair pass
test-amd64-amd64-xl-sedf-pin pass
test-amd64-amd64-xl-sedf pass
test-amd64-i386-xl-qemut-winxpsp3-vcpus1 fail
test-amd64-i386-xl-qemuu-winxpsp3-vcpus1 fail
test-amd64-i386-xl-winxpsp3-vcpus1 fail
test-amd64-amd64-xl-qemut-winxpsp3 fail
test-amd64-i386-xl-qemut-winxpsp3 fail
test-amd64-amd64-xl-qemuu-winxpsp3 fail
test-amd64-i386-xl-qemuu-winxpsp3 fail
test-amd64-amd64-xl-winxpsp3 fail
test-amd64-i386-xl-winxpsp3 fail
------------------------------------------------------------
sg-report-flight on osstest.cam.xci-test.com
logs: /home/xc_osstest/logs
images: /home/xc_osstest/images
Logs, config files, etc. are available at
http://www.chiark.greenend.org.uk/~xensrcts/logs
Test harness code can be found at
http://xenbits.xensource.com/gitweb?p=osstest.git;a=summary
Not pushing.
(No revision log; it would be 396 lines long.)
reply other threads:[~2014-05-17 6:53 UTC|newest]
Thread overview: [no followups] expand[flat|nested] mbox.gz Atom feed
Reply instructions:
You may reply publicly to this message via plain-text email
using any one of the following methods:
* Save the following mbox file, import it into your mail client,
and reply-to-all from there: mbox
Avoid top-posting and favor interleaved quoting:
https://en.wikipedia.org/wiki/Posting_style#Interleaved_style
* Reply using the --to, --cc, and --in-reply-to
switches of git-send-email(1):
git send-email \
--in-reply-to=osstest-26322-mainreport@xen.org \
--to=ian.jackson@eu.citrix.com \
--cc=xen-devel@lists.xensource.com \
/path/to/YOUR_REPLY
https://kernel.org/pub/software/scm/git/docs/git-send-email.html
* If your mail client supports setting the In-Reply-To header
via mailto: links, try the mailto: link
Be sure your reply has a Subject: header at the top and a blank line
before the message body.
This is a public inbox, see mirroring instructions
for how to clone and mirror all data and code used for this inbox;
as well as URLs for NNTP newsgroup(s).