xen-devel.lists.xenproject.org archive mirror
 help / color / mirror / Atom feed
From: xen.org <Ian.Jackson@eu.citrix.com>
To: xen-devel@lists.xensource.com
Cc: ian.jackson@eu.citrix.com
Subject: [linux-next test] 26324: tolerable FAIL
Date: Sat, 17 May 2014 10:45:45 +0100	[thread overview]
Message-ID: <osstest-26324-mainreport@xen.org> (raw)

flight 26324 linux-next real [real]
http://www.chiark.greenend.org.uk/~xensrcts/logs/26324/

Failures :-/ but no regressions.

Regressions which are regarded as allowable (not blocking):
 test-amd64-i386-xl-credit2    5 xen-boot                fail baseline untested
 test-amd64-i386-freebsd10-amd64  5 xen-boot             fail baseline untested
 test-amd64-i386-libvirt       5 xen-boot                fail baseline untested
 test-amd64-i386-qemut-rhel6hvm-amd  5 xen-boot          fail baseline untested
 test-amd64-i386-xl            5 xen-boot                fail baseline untested
 test-amd64-i386-freebsd10-i386  5 xen-boot              fail baseline untested
 test-amd64-i386-rhel6hvm-amd  5 xen-boot                fail baseline untested
 test-amd64-i386-qemuu-rhel6hvm-amd  5 xen-boot          fail baseline untested
 test-amd64-i386-xl-multivcpu  5 xen-boot                fail baseline untested
 test-amd64-i386-qemut-rhel6hvm-intel  5 xen-boot        fail baseline untested
 test-amd64-i386-rhel6hvm-intel  5 xen-boot              fail baseline untested
 test-amd64-i386-qemuu-rhel6hvm-intel  5 xen-boot        fail baseline untested
 test-amd64-i386-xl-qemut-win7-amd64  5 xen-boot         fail baseline untested
 test-amd64-i386-xl-qemuu-winxpsp3-vcpus1  5 xen-boot    fail baseline untested
 test-amd64-i386-xl-winxpsp3   5 xen-boot                fail baseline untested
 test-amd64-i386-xl-qemuu-ovmf-amd64  5 xen-boot         fail baseline untested
 test-amd64-i386-xl-qemuu-win7-amd64  5 xen-boot         fail baseline untested
 test-amd64-i386-pair          8 xen-boot/dst_host       fail baseline untested
 test-amd64-i386-pair          7 xen-boot/src_host       fail baseline untested
 test-amd64-i386-xl-qemuu-winxpsp3  5 xen-boot           fail baseline untested
 test-amd64-i386-xl-qemut-winxpsp3-vcpus1  5 xen-boot    fail baseline untested
 test-amd64-i386-xl-winxpsp3-vcpus1  5 xen-boot          fail baseline untested
 test-amd64-i386-xl-qemut-winxpsp3  5 xen-boot           fail baseline untested
 test-amd64-i386-xl-win7-amd64  5 xen-boot               fail baseline untested
 test-amd64-amd64-xl-qemut-winxpsp3  7 windows-install   fail baseline untested

Tests which did not succeed, but are not blocking:
 test-amd64-amd64-libvirt      9 guest-start                  fail   never pass
 test-amd64-amd64-xl-pcipt-intel  9 guest-start                 fail never pass
 test-armhf-armhf-xl           9 guest-start                  fail   never pass
 test-amd64-amd64-xl-win7-amd64 14 guest-stop                   fail never pass
 test-amd64-amd64-xl-qemut-win7-amd64 14 guest-stop             fail never pass
 test-amd64-amd64-xl-qemuu-win7-amd64 14 guest-stop             fail never pass
 test-armhf-armhf-libvirt      9 guest-start                  fail   never pass
 test-amd64-amd64-xl-winxpsp3 14 guest-stop                   fail   never pass
 test-amd64-amd64-xl-qemuu-winxpsp3  7 windows-install          fail never pass

version targeted for testing:
 linux                4151fa6adc65da14673ece623bbb2acc6936f8be
baseline version:
 linux                14186fea0cb06bc43181ce239efe0df6f1af260a

jobs:
 build-amd64                                                  pass    
 build-armhf                                                  pass    
 build-i386                                                   pass    
 build-amd64-libvirt                                          pass    
 build-armhf-libvirt                                          pass    
 build-i386-libvirt                                           pass    
 build-amd64-pvops                                            pass    
 build-armhf-pvops                                            pass    
 build-i386-pvops                                             pass    
 test-amd64-amd64-xl                                          pass    
 test-armhf-armhf-xl                                          fail    
 test-amd64-i386-xl                                           fail    
 test-amd64-i386-rhel6hvm-amd                                 fail    
 test-amd64-i386-qemut-rhel6hvm-amd                           fail    
 test-amd64-i386-qemuu-rhel6hvm-amd                           fail    
 test-amd64-i386-freebsd10-amd64                              fail    
 test-amd64-amd64-xl-qemuu-ovmf-amd64                         pass    
 test-amd64-i386-xl-qemuu-ovmf-amd64                          fail    
 test-amd64-amd64-xl-qemut-win7-amd64                         fail    
 test-amd64-i386-xl-qemut-win7-amd64                          fail    
 test-amd64-amd64-xl-qemuu-win7-amd64                         fail    
 test-amd64-i386-xl-qemuu-win7-amd64                          fail    
 test-amd64-amd64-xl-win7-amd64                               fail    
 test-amd64-i386-xl-win7-amd64                                fail    
 test-amd64-i386-xl-credit2                                   fail    
 test-amd64-i386-freebsd10-i386                               fail    
 test-amd64-amd64-xl-pcipt-intel                              fail    
 test-amd64-i386-rhel6hvm-intel                               fail    
 test-amd64-i386-qemut-rhel6hvm-intel                         fail    
 test-amd64-i386-qemuu-rhel6hvm-intel                         fail    
 test-amd64-amd64-libvirt                                     fail    
 test-armhf-armhf-libvirt                                     fail    
 test-amd64-i386-libvirt                                      fail    
 test-amd64-i386-xl-multivcpu                                 fail    
 test-amd64-amd64-pair                                        pass    
 test-amd64-i386-pair                                         fail    
 test-amd64-amd64-xl-sedf-pin                                 pass    
 test-amd64-amd64-xl-sedf                                     pass    
 test-amd64-i386-xl-qemut-winxpsp3-vcpus1                     fail    
 test-amd64-i386-xl-qemuu-winxpsp3-vcpus1                     fail    
 test-amd64-i386-xl-winxpsp3-vcpus1                           fail    
 test-amd64-amd64-xl-qemut-winxpsp3                           fail    
 test-amd64-i386-xl-qemut-winxpsp3                            fail    
 test-amd64-amd64-xl-qemuu-winxpsp3                           fail    
 test-amd64-i386-xl-qemuu-winxpsp3                            fail    
 test-amd64-amd64-xl-winxpsp3                                 fail    
 test-amd64-i386-xl-winxpsp3                                  fail    


------------------------------------------------------------
sg-report-flight on osstest.cam.xci-test.com
logs: /home/xc_osstest/logs
images: /home/xc_osstest/images

Logs, config files, etc. are available at
    http://www.chiark.greenend.org.uk/~xensrcts/logs

Test harness code can be found at
    http://xenbits.xensource.com/gitweb?p=osstest.git;a=summary


Push not applicable.

                 reply	other threads:[~2014-05-17  9:45 UTC|newest]

Thread overview: [no followups] expand[flat|nested]  mbox.gz  Atom feed

Reply instructions:

You may reply publicly to this message via plain-text email
using any one of the following methods:

* Save the following mbox file, import it into your mail client,
  and reply-to-all from there: mbox

  Avoid top-posting and favor interleaved quoting:
  https://en.wikipedia.org/wiki/Posting_style#Interleaved_style

* Reply using the --to, --cc, and --in-reply-to
  switches of git-send-email(1):

  git send-email \
    --in-reply-to=osstest-26324-mainreport@xen.org \
    --to=ian.jackson@eu.citrix.com \
    --cc=xen-devel@lists.xensource.com \
    /path/to/YOUR_REPLY

  https://kernel.org/pub/software/scm/git/docs/git-send-email.html

* If your mail client supports setting the In-Reply-To header
  via mailto: links, try the mailto: link
Be sure your reply has a Subject: header at the top and a blank line before the message body.
This is a public inbox, see mirroring instructions
for how to clone and mirror all data and code used for this inbox;
as well as URLs for NNTP newsgroup(s).