xen-devel.lists.xenproject.org archive mirror
 help / color / mirror / Atom feed
* [linux-3.4 test] 26344: tolerable FAIL - PUSHED
@ 2014-05-18 19:17 xen.org
  0 siblings, 0 replies; only message in thread
From: xen.org @ 2014-05-18 19:17 UTC (permalink / raw)
  To: xen-devel; +Cc: ian.jackson

flight 26344 linux-3.4 real [real]
http://www.chiark.greenend.org.uk/~xensrcts/logs/26344/

Failures :-/ but no regressions.

Regressions which are regarded as allowable (not blocking):
 test-amd64-i386-xl-qemuu-win7-amd64  7 windows-install         fail like 26305
 test-amd64-amd64-xl-qemut-winxpsp3  7 windows-install          fail like 26321
 test-amd64-amd64-xl-qemuu-winxpsp3  7 windows-install          fail like 26305

Tests which did not succeed, but are not blocking:
 test-amd64-i386-libvirt       9 guest-start                  fail   never pass
 test-amd64-amd64-libvirt      9 guest-start                  fail   never pass
 test-amd64-amd64-xl-pcipt-intel  9 guest-start                 fail never pass
 test-amd64-i386-xl-qemuu-winxpsp3-vcpus1 14 guest-stop         fail never pass
 test-amd64-i386-xl-qemuu-winxpsp3 14 guest-stop                fail never pass
 test-amd64-amd64-xl-qemuu-win7-amd64 14 guest-stop             fail never pass
 test-amd64-amd64-xl-qemut-win7-amd64 14 guest-stop             fail never pass
 test-amd64-amd64-xl-win7-amd64 14 guest-stop                   fail never pass
 test-amd64-i386-xl-winxpsp3-vcpus1 14 guest-stop               fail never pass
 test-amd64-i386-xl-qemut-winxpsp3 14 guest-stop                fail never pass
 test-amd64-i386-xl-qemut-winxpsp3-vcpus1 14 guest-stop         fail never pass
 test-amd64-i386-xl-win7-amd64 14 guest-stop                   fail  never pass
 test-amd64-i386-xl-winxpsp3  14 guest-stop                   fail   never pass
 test-amd64-i386-xl-qemut-win7-amd64 14 guest-stop              fail never pass
 test-amd64-amd64-xl-winxpsp3 14 guest-stop                   fail   never pass

version targeted for testing:
 linux                25c7b871a00b8cbe3522ec22300f564c81b73134
baseline version:
 linux                f39c8bf9da4f90904787f63abfa138ceae0f5db9

------------------------------------------------------------
People who touched revisions under test:
  Andreas Schwab <schwab@linux-m68k.org>
  Andrey Vagin <avagin@openvz.org>
  Ben Hutchings <ben@decadent.org.uk>
  Benjamin Herrenschmidt <benh@kernel.crashing.org>
  Dan Carpenter <dan.carpenter@oracle.com>
  David S. Miller <davem@davemloft.net>
  Greg Kroah-Hartman <gregkh@linuxfoundation.org>
  James Bottomley <JBottomley@Parallels.com>
  Jens Axboe <axboe@fb.com>
  Jiri Slaby <jslaby@suse.cz>
  Joe Perches <joe@perches.com>
  Mathieu Desnoyers <mathieu.desnoyers@efficios.com>
  Mikulas Patocka <mpatocka@redhat.com>
  Pablo Neira Ayuso <pablo@netfilter.org>
  Peter Hurley <peter@hurleysoftware.com>
  Roman Pen <r.peniaev@gmail.com>
  Steven Rostedt (Red Hat) <rostedt@goodmis.org>
  Steven Rostedt <rostedt@goodmis.org>
  Sumit Saxena <sumit.saxena@lsi.com>
  Thomas Graf <tgraf@suug.ch>
  Tomi Valkeinen <tomi.valkeinen@ti.com>
------------------------------------------------------------

jobs:
 build-amd64                                                  pass    
 build-i386                                                   pass    
 build-amd64-libvirt                                          pass    
 build-i386-libvirt                                           pass    
 build-amd64-pvops                                            pass    
 build-i386-pvops                                             pass    
 test-amd64-amd64-xl                                          pass    
 test-amd64-i386-xl                                           pass    
 test-amd64-i386-rhel6hvm-amd                                 pass    
 test-amd64-i386-qemut-rhel6hvm-amd                           pass    
 test-amd64-i386-qemuu-rhel6hvm-amd                           pass    
 test-amd64-amd64-xl-qemut-debianhvm-amd64                    pass    
 test-amd64-i386-xl-qemut-debianhvm-amd64                     pass    
 test-amd64-amd64-xl-qemuu-debianhvm-amd64                    pass    
 test-amd64-i386-xl-qemuu-debianhvm-amd64                     pass    
 test-amd64-i386-freebsd10-amd64                              pass    
 test-amd64-amd64-xl-qemuu-ovmf-amd64                         pass    
 test-amd64-i386-xl-qemuu-ovmf-amd64                          pass    
 test-amd64-amd64-xl-qemut-win7-amd64                         fail    
 test-amd64-i386-xl-qemut-win7-amd64                          fail    
 test-amd64-amd64-xl-qemuu-win7-amd64                         fail    
 test-amd64-i386-xl-qemuu-win7-amd64                          fail    
 test-amd64-amd64-xl-win7-amd64                               fail    
 test-amd64-i386-xl-win7-amd64                                fail    
 test-amd64-i386-xl-credit2                                   pass    
 test-amd64-i386-freebsd10-i386                               pass    
 test-amd64-amd64-xl-pcipt-intel                              fail    
 test-amd64-i386-rhel6hvm-intel                               pass    
 test-amd64-i386-qemut-rhel6hvm-intel                         pass    
 test-amd64-i386-qemuu-rhel6hvm-intel                         pass    
 test-amd64-amd64-libvirt                                     fail    
 test-amd64-i386-libvirt                                      fail    
 test-amd64-i386-xl-multivcpu                                 pass    
 test-amd64-amd64-pair                                        pass    
 test-amd64-i386-pair                                         pass    
 test-amd64-amd64-xl-sedf-pin                                 pass    
 test-amd64-amd64-xl-sedf                                     pass    
 test-amd64-i386-xl-qemut-winxpsp3-vcpus1                     fail    
 test-amd64-i386-xl-qemuu-winxpsp3-vcpus1                     fail    
 test-amd64-i386-xl-winxpsp3-vcpus1                           fail    
 test-amd64-amd64-xl-qemut-winxpsp3                           fail    
 test-amd64-i386-xl-qemut-winxpsp3                            fail    
 test-amd64-amd64-xl-qemuu-winxpsp3                           fail    
 test-amd64-i386-xl-qemuu-winxpsp3                            fail    
 test-amd64-amd64-xl-winxpsp3                                 fail    
 test-amd64-i386-xl-winxpsp3                                  fail    


------------------------------------------------------------
sg-report-flight on osstest.cam.xci-test.com
logs: /home/xc_osstest/logs
images: /home/xc_osstest/images

Logs, config files, etc. are available at
    http://www.chiark.greenend.org.uk/~xensrcts/logs

Test harness code can be found at
    http://xenbits.xensource.com/gitweb?p=osstest.git;a=summary


Pushing revision :

+ branch=linux-3.4
+ revision=25c7b871a00b8cbe3522ec22300f564c81b73134
+ . cri-lock-repos
++ . cri-common
+++ . cri-getconfig
+++ umask 002
+++ getconfig Repos
+++ perl -e '
                use Osstest;
                readglobalconfig();
                print $c{"Repos"} or die $!;
        '
++ repos=/export/home/osstest/repos
++ repos_lock=/export/home/osstest/repos/lock
++ '[' x '!=' x/export/home/osstest/repos/lock ']'
++ OSSTEST_REPOS_LOCK_LOCKED=/export/home/osstest/repos/lock
++ exec with-lock-ex -w /export/home/osstest/repos/lock ./ap-push linux-3.4 25c7b871a00b8cbe3522ec22300f564c81b73134
+ branch=linux-3.4
+ revision=25c7b871a00b8cbe3522ec22300f564c81b73134
+ . cri-lock-repos
++ . cri-common
+++ . cri-getconfig
+++ umask 002
+++ getconfig Repos
+++ perl -e '
                use Osstest;
                readglobalconfig();
                print $c{"Repos"} or die $!;
        '
++ repos=/export/home/osstest/repos
++ repos_lock=/export/home/osstest/repos/lock
++ '[' x/export/home/osstest/repos/lock '!=' x/export/home/osstest/repos/lock ']'
+ . cri-common
++ . cri-getconfig
++ umask 002
+ select_xenbranch
+ case "$branch" in
+ tree=linux
+ xenbranch=xen-unstable
+ '[' xlinux = xlinux ']'
+ linuxbranch=linux-3.4
+ : tested/2.6.39.x
+ . ap-common
++ : osstest@xenbits.xensource.com
++ : git://xenbits.xen.org/xen.git
++ : osstest@xenbits.xensource.com:/home/xen/git/xen.git
++ : git://xenbits.xen.org/staging/qemu-xen-unstable.git
++ : git://git.kernel.org
++ : git://git.kernel.org/pub/scm/linux/kernel/git
++ : git
++ : git://libvirt.org/libvirt.git
++ : osstest@xenbits.xensource.com:/home/xen/git/libvirt.git
++ : git://xenbits.xen.org/libvirt.git
++ : git://git.sv.gnu.org/gnulib.git
++ : git://xenbits.xen.org/osstest/linux-firmware.git
++ : osstest@xenbits.xensource.com:/home/osstest/ext/linux-firmware.git
++ : git://git.kernel.org/pub/scm/linux/kernel/git/firmware/linux-firmware.git
++ : osstest@xenbits.xensource.com:/home/xen/git/linux-pvops.git
++ : git://xenbits.xen.org/linux-pvops.git
++ : tested/linux-3.4
++ : tested/linux-arm-xen
++ '[' xgit://git.kernel.org/pub/scm/linux/kernel/git/stable/linux-stable.git = x ']'
++ '[' xgit://git.kernel.org/pub/scm/linux/kernel/git/stable/linux-stable.git = x ']'
++ : git://git.kernel.org/pub/scm/linux/kernel/git/konrad/xen.git
++ : tested/2.6.39.x
++ : daily-cron.linux-3.4
++ : daily-cron.linux-3.4
++ : daily-cron.linux-3.4
++ : daily-cron.linux-3.4
++ : http://hg.uk.xensource.com/carbon/trunk/linux-2.6.27
++ : git://xenbits.xen.org/staging/qemu-upstream-unstable.git
++ : daily-cron.linux-3.4
+ TREE_LINUX=osstest@xenbits.xensource.com:/home/xen/git/linux-pvops.git
+ TREE_QEMU_UPSTREAM=osstest@xenbits.xensource.com:/home/xen/git/qemu-upstream-unstable.git
+ TREE_XEN=osstest@xenbits.xensource.com:/home/xen/git/xen.git
+ TREE_LIBVIRT=osstest@xenbits.xensource.com:/home/xen/git/libvirt.git
+ info_linux_tree linux-3.4
+ case $1 in
+ : git://git.kernel.org/pub/scm/linux/kernel/git/stable/linux-stable.git
+ : linux-3.4.y
+ : linux-3.4.y
+ : git
+ : git
+ : git://xenbits.xen.org/linux-pvops.git
+ : osstest@xenbits.xensource.com:/home/xen/git/linux-pvops.git
+ : tested/linux-3.4
+ : tested/linux-3.4
+ return 0
+ cd /export/home/osstest/repos/linux
+ git push osstest@xenbits.xensource.com:/home/xen/git/linux-pvops.git 25c7b871a00b8cbe3522ec22300f564c81b73134:tested/linux-3.4
To osstest@xenbits.xensource.com:/home/xen/git/linux-pvops.git
   f39c8bf..25c7b87  25c7b871a00b8cbe3522ec22300f564c81b73134 -> tested/linux-3.4
+ exit 0

^ permalink raw reply	[flat|nested] only message in thread

only message in thread, other threads:[~2014-05-18 19:17 UTC | newest]

Thread overview: (only message) (download: mbox.gz follow: Atom feed
-- links below jump to the message on this page --
2014-05-18 19:17 [linux-3.4 test] 26344: tolerable FAIL - PUSHED xen.org

This is a public inbox, see mirroring instructions
for how to clone and mirror all data and code used for this inbox;
as well as URLs for NNTP newsgroup(s).