* [xen-unstable test] 26351: regressions - trouble: broken/fail/pass
@ 2014-05-20 8:59 xen.org
0 siblings, 0 replies; only message in thread
From: xen.org @ 2014-05-20 8:59 UTC (permalink / raw)
To: xen-devel; +Cc: ian.jackson
flight 26351 xen-unstable real [real]
http://www.chiark.greenend.org.uk/~xensrcts/logs/26351/
Regressions :-(
Tests which did not succeed and are blocking,
including tests which could not be run:
test-amd64-i386-xl-qemuu-winxpsp3-vcpus1 11 guest-saverestore.2 fail REGR. vs. 26349
Regressions which are regarded as allowable (not blocking):
test-armhf-armhf-xl 3 host-install(3) broken like 26349
Tests which did not succeed, but are not blocking:
test-armhf-armhf-libvirt 9 guest-start fail never pass
test-amd64-i386-libvirt 9 guest-start fail never pass
test-amd64-amd64-libvirt 9 guest-start fail never pass
test-amd64-amd64-xl-pcipt-intel 9 guest-start fail never pass
test-amd64-i386-xl-qemut-winxpsp3 14 guest-stop fail never pass
test-amd64-i386-xl-qemuu-winxpsp3 14 guest-stop fail never pass
test-amd64-i386-xl-qemut-winxpsp3-vcpus1 14 guest-stop fail never pass
test-amd64-amd64-xl-win7-amd64 14 guest-stop fail never pass
test-amd64-amd64-xl-qemuu-win7-amd64 14 guest-stop fail never pass
test-amd64-amd64-xl-qemut-winxpsp3 14 guest-stop fail never pass
test-amd64-i386-xl-qemut-win7-amd64 14 guest-stop fail never pass
test-amd64-i386-xl-win7-amd64 14 guest-stop fail never pass
test-amd64-i386-xl-winxpsp3-vcpus1 14 guest-stop fail never pass
test-amd64-amd64-xl-winxpsp3 14 guest-stop fail never pass
test-amd64-i386-xl-qemuu-win7-amd64 14 guest-stop fail never pass
test-amd64-amd64-xl-qemut-win7-amd64 14 guest-stop fail never pass
test-amd64-amd64-xl-qemuu-winxpsp3 14 guest-stop fail never pass
test-amd64-i386-xl-winxpsp3 14 guest-stop fail never pass
version targeted for testing:
xen 4f3c0c93bcfae4e0834e64a22db823abbe9a83a6
baseline version:
xen 86216963fd1d89883bb8120535704fdc79fdad50
------------------------------------------------------------
People who touched revisions under test:
Andrew Cooper <andrew.cooper3@citrix.com>
Ian Jackson <ian.jackson@eu.citrix.com>
Jan Beulich <jbeulich@suse.com>
Olaf Hering <olaf@aepfle.de>
Xiantao Zhang <xiantao.zhang@intel.com>
------------------------------------------------------------
jobs:
build-amd64 pass
build-armhf pass
build-i386 pass
build-amd64-libvirt pass
build-armhf-libvirt pass
build-i386-libvirt pass
build-amd64-oldkern pass
build-i386-oldkern pass
build-amd64-pvops pass
build-armhf-pvops pass
build-i386-pvops pass
build-i386-rumpuserxen pass
test-amd64-amd64-xl pass
test-armhf-armhf-xl broken
test-amd64-i386-xl pass
test-amd64-i386-rhel6hvm-amd pass
test-amd64-i386-qemut-rhel6hvm-amd pass
test-amd64-i386-qemuu-rhel6hvm-amd pass
test-amd64-amd64-xl-qemut-debianhvm-amd64 pass
test-amd64-i386-xl-qemut-debianhvm-amd64 pass
test-amd64-amd64-xl-qemuu-debianhvm-amd64 pass
test-amd64-i386-xl-qemuu-debianhvm-amd64 pass
test-amd64-i386-freebsd10-amd64 pass
test-amd64-amd64-xl-qemuu-ovmf-amd64 pass
test-amd64-i386-xl-qemuu-ovmf-amd64 pass
test-amd64-amd64-xl-qemut-win7-amd64 fail
test-amd64-i386-xl-qemut-win7-amd64 fail
test-amd64-amd64-xl-qemuu-win7-amd64 fail
test-amd64-i386-xl-qemuu-win7-amd64 fail
test-amd64-amd64-xl-win7-amd64 fail
test-amd64-i386-xl-win7-amd64 fail
test-amd64-i386-xl-credit2 pass
test-amd64-i386-freebsd10-i386 pass
test-amd64-amd64-rumpuserxen-i386 pass
test-amd64-i386-rumpuserxen-i386 pass
test-amd64-amd64-xl-pcipt-intel fail
test-amd64-i386-rhel6hvm-intel pass
test-amd64-i386-qemut-rhel6hvm-intel pass
test-amd64-i386-qemuu-rhel6hvm-intel pass
test-amd64-amd64-libvirt fail
test-armhf-armhf-libvirt fail
test-amd64-i386-libvirt fail
test-amd64-i386-xl-multivcpu pass
test-amd64-amd64-pair pass
test-amd64-i386-pair pass
test-amd64-amd64-xl-sedf-pin pass
test-amd64-amd64-xl-sedf pass
test-amd64-i386-xl-qemut-winxpsp3-vcpus1 fail
test-amd64-i386-xl-qemuu-winxpsp3-vcpus1 fail
test-amd64-i386-xl-winxpsp3-vcpus1 fail
test-amd64-amd64-xl-qemut-winxpsp3 fail
test-amd64-i386-xl-qemut-winxpsp3 fail
test-amd64-amd64-xl-qemuu-winxpsp3 fail
test-amd64-i386-xl-qemuu-winxpsp3 fail
test-amd64-amd64-xl-winxpsp3 fail
test-amd64-i386-xl-winxpsp3 fail
------------------------------------------------------------
sg-report-flight on osstest.cam.xci-test.com
logs: /home/xc_osstest/logs
images: /home/xc_osstest/images
Logs, config files, etc. are available at
http://www.chiark.greenend.org.uk/~xensrcts/logs
Test harness code can be found at
http://xenbits.xensource.com/gitweb?p=osstest.git;a=summary
Not pushing.
------------------------------------------------------------
commit 4f3c0c93bcfae4e0834e64a22db823abbe9a83a6
Author: Ian Jackson <ian.jackson@eu.citrix.com>
Date: Mon May 19 15:17:03 2014 +0100
libxl: Rerun flex/bison for xl discard support
In 417e6b70 I overlooked the requirement to rerun bison/flex. Do that
now. The changes are exactly those which are the result of 417e6b70.
Signed-off-by: Ian Jackson <Ian.Jackson@eu.citrix.com>
commit ddec0b36eae8a476e256cbfe54f085103cf39600
Author: Xiantao Zhang <xiantao.zhang@intel.com>
Date: Mon May 19 16:10:56 2014 +0200
add Yang and Kevin as the new maintainer of VT-d stuff
Signed-off-by: Xiantao Zhang <xiantao.zhang@intel.com>
Restricted the change's effect to what its subject says: Replace the
VT-d maintainers, i.e. drop the new additions for the generic IOMMU
code for the time being.
Signed-off-by: Jan Beulich <jbeulich@suse.com>
commit b30d3338f8188e7404efde529241bb77d3983ef1
Author: Andrew Cooper <andrew.cooper3@citrix.com>
Date: Mon May 19 14:24:45 2014 +0200
x86/misc: post cleanup
* panic() now works on early boot. Replace EARLY_FAIL()
* Cleanup __set_intr_gate() & friends. The master IDT is fully constructed on
early boot, and only subsequently altered on the crash path. Make them
private to traps.c, move them into .init, and remove the loop over all idts,
as __set_intr_gate() will never find an AP to patch. (For some reason,
leaving out the noinline causes ~1.5k of code bloat from GCC inlining
everything)
* No need to clear X86_EFLAGS_NT in cpu_init(). This is covered by the eflags
reset in __high_start().
* Missing '\n' from unexpected MCE printk.
* load_system_tables() is x86 specific. Move its declaration into an x86 header.
Signed-off-by: Andrew Cooper <andrew.cooper3@citrix.com>
Reviewed-by: Jan Beulich <jbeulich@suse.com>
commit e9706ae4cf6beb680583714f51ef8064fb2648b5
Author: Andrew Cooper <andrew.cooper3@citrix.com>
Date: Mon May 19 14:24:04 2014 +0200
x86/irqs: move interrupt-stub generation out of C
In addition, generate stubs for reserved exceptions. These go through the
standard handle_exception mechanism, although the C handler do_reserved_trap()
is a terminal error path.
* Move all automatic stub generation out of i8259.c and into entry.S.
* Move patching of the master IDT into trap_init(). Provide ASSERT()s to
ensure we have fully populated the IDT and don't accidentally clobbered any
preexisting traps.
* Demote TRAP_copro_seg and TRAP_spurious_int to being reserved exceptions
and remove their custom entry points.
* Point double_fault's exception_table entry at do_reserved_trap. We do not
ever expect to enter a real double fault this way.
* Acquaint Xen with #VE but leave it reserved.
Signed-off-by: Andrew Cooper <andrew.cooper3@citrix.com>
Reviewed-by: Jan Beulich <jbeulich@suse.com>
commit 535d6825612f33779c35b979fe2847b8d4c9ec8d
Author: Andrew Cooper <andrew.cooper3@citrix.com>
Date: Mon May 19 14:22:28 2014 +0200
x86/boot: drop pre-C IDT patching
It is not needed now that __start_xen sets itself up with complete trap
handlers as its first action. This fixes a potential issue introduced in
c/s 7e510a7b874
"x86/boot: move some __high_start code and data into init sections"
which would leave ignore_int (in the .init section) patched into the reserved
exceptions in all IDTs.
Signed-off-by: Andrew Cooper <andrew.cooper3@citrix.com>
Reviewed-by: Jan Beulich <jbeulich@suse.com>
commit 417e6b70d73ffe8f8d3938aa30a413b35098e614
Author: Olaf Hering <olaf@aepfle.de>
Date: Mon May 19 11:50:19 2014 +0200
libxl: add option for discard support to xl disk configuration
Handle new boolean option discard/no-discard for disk configuration. It
is supposed to disable discard support if file based backing storage was
intentionally created non-sparse to avoid fragmentation of the file.
The option intended for the backend driver. A new boolean property
"discard-enable" is written to the backend node. An upcoming patch for
qemu will make use of this property. The kernel blkback driver may be
updated as well to disable discard for phy based backing storage.
Signed-off-by: Olaf Hering <olaf@aepfle.de>
Acked-by: Ian Jackson <ian.jackson@eu.citrix.com>
Cc: Stefano Stabellini <stefano.stabellini@eu.citrix.com>
Cc: Ian Campbell <ian.campbell@citrix.com>
(qemu changes not included)
^ permalink raw reply [flat|nested] only message in thread
only message in thread, other threads:[~2014-05-20 8:59 UTC | newest]
Thread overview: (only message) (download: mbox.gz follow: Atom feed
-- links below jump to the message on this page --
2014-05-20 8:59 [xen-unstable test] 26351: regressions - trouble: broken/fail/pass xen.org
This is a public inbox, see mirroring instructions
for how to clone and mirror all data and code used for this inbox;
as well as URLs for NNTP newsgroup(s).