xen-devel.lists.xenproject.org archive mirror
 help / color / mirror / Atom feed
* [qemu-mainline test] 26362: regressions - trouble: broken/fail/pass
@ 2014-05-21 15:23 xen.org
  0 siblings, 0 replies; only message in thread
From: xen.org @ 2014-05-21 15:23 UTC (permalink / raw)
  To: xen-devel; +Cc: ian.jackson

[-- Attachment #1: Type: text/plain, Size: 9882 bytes --]

flight 26362 qemu-mainline real [real]
http://www.chiark.greenend.org.uk/~xensrcts/logs/26362/

Regressions :-(

Tests which did not succeed and are blocking,
including tests which could not be run:
 test-amd64-i386-qemut-rhel6hvm-amd  3 host-install(3)   broken REGR. vs. 26290
 test-amd64-i386-pair          8 xen-boot/dst_host         fail REGR. vs. 26290
 test-amd64-amd64-xl-win7-amd64  7 windows-install         fail REGR. vs. 26290

Tests which did not succeed, but are not blocking:
 test-amd64-i386-libvirt       9 guest-start                  fail   never pass
 test-amd64-amd64-libvirt      9 guest-start                  fail   never pass
 test-amd64-amd64-xl-pcipt-intel  9 guest-start                 fail never pass
 test-amd64-i386-xl-qemut-win7-amd64 14 guest-stop              fail never pass
 test-amd64-i386-xl-win7-amd64 14 guest-stop                   fail  never pass
 test-amd64-i386-xl-qemuu-winxpsp3-vcpus1 14 guest-stop         fail never pass
 test-amd64-amd64-xl-winxpsp3 14 guest-stop                   fail   never pass
 test-amd64-i386-xl-qemut-winxpsp3-vcpus1 14 guest-stop         fail never pass
 test-amd64-amd64-xl-qemut-winxpsp3 14 guest-stop               fail never pass
 test-amd64-i386-xl-qemuu-win7-amd64 14 guest-stop              fail never pass
 test-amd64-amd64-xl-qemut-win7-amd64 14 guest-stop             fail never pass
 test-amd64-amd64-xl-qemuu-win7-amd64 14 guest-stop             fail never pass
 test-amd64-i386-xl-qemut-winxpsp3 14 guest-stop                fail never pass
 test-amd64-amd64-xl-qemuu-winxpsp3 14 guest-stop               fail never pass
 test-amd64-i386-xl-winxpsp3-vcpus1 14 guest-stop               fail never pass
 test-amd64-i386-xl-winxpsp3  14 guest-stop                   fail   never pass
 test-amd64-i386-xl-qemuu-winxpsp3 14 guest-stop                fail never pass

version targeted for testing:
 qemuu                c5fa6c86d0765f837515d1c10654c621724a77e0
baseline version:
 qemuu                a9e8aeb3755bccb7b51174adcf4a3fc427e0d147

------------------------------------------------------------
People who touched revisions under test:
  Aakriti Gupta <aakritty@gmail.com>
  Alex Bennée <alex.bennee@linaro.org>
  Alex Williamson <alex.williamson@redhat.com>
  Alexander Graf <agraf@suse.de>
  Alexey Kardashevskiy <aik@ozlabs.ru>
  Alon Levy <alevy@redhat.com>
  Amos Kong <akong@redhat.com>
  Andreas Färber <afaerber@suse.de>
  Aurelien Jarno <aurelien@aurel32.net>
  Beniamino Galvani <b.galvani@gmail.com>
  Benoit Canet <benoit.canet@gmail.com>
  Benoit Canet <benoit@irqsave.net>
  Benoît Canet <benoit.canet@irqsave.net>
  Chen Gang <gang.chen.5i5j@gmail.com>
  ChenLiang <chenliang88@huawei.com>
  Christian Borntraeger <borntraeger@de.ibm.com>
  Christian Borntraeger <borntraeger@de.ibm.com> (on s390x/kvm)
  Claudio Fontana <claudio.fontana@huawei.com>
  Cole Robinson <crobinso@redhat.com>
  Cornelia Huck <cornelia.huck@de.ibm.com>
  Dave Airlie <airlied@redhat.com>
  David Hildenbrand <dahi@linux.vnet.ibm.com>
  Dr. David Alan Gilbert <dgilbert@redhat.com>
  Edgar E. Iglesias <edgar.iglesias@gmail.com>
  Edgar E. Iglesias <edgar.iglesias@xilinx.com>
  Eduardo Habkost <ehabkost@redhat.com>
  Eduardo Otubo <otubo@linux.vnet.ibm.com>
  Eric Blake <eblake@redhat.com>
  Fam Zheng <famz@redhat.com>
  Felix Geyer <debfx@fobos.de>
  Gabriel L. Somlo <gsomlo@gmail.com>
  Gabriel L. Somlo <somlo@cmu.edu>
  Gabriel Somlo <somlo@cmu.edu>
  Gerd Hoffmann <kraxel@redhat.com>
  Gonglei <arei.gonglei@huawei.com>
  Gonglei Arei <arei.gonglei@huawei.com>
  Guenter Roeck <linux@roeck-us.net>
  Hani Benhabiles <hani@linux.com>
  Hani Benhabiles <kroosec@gmail.com>
  Hannes Reinecke <hare@suse.de>
  Hervé Poussineau <hpoussin@reactos.org>
  Huw Davies <huw@codeweavers.com>
  Igor Mammedov <imammedo@redhat.com>
  Igor Ryzhov <iryzhov@arccn.ru>
  James Hogan <james.hogan@imgtec.com>
  Jason Wang <jasowang@redhat.com>
  Jeff Cody <jcody@redhat.com>
  Jens Freimann <jfrei@linux.vnet.ibm.com>
  Jim Meyering <meyering@redhat.com>
  Juan Quintela <quintela@redhat.com>
  Kevin O'Connor <kevin@koconnor.net>
  Kevin Wolf <kwolf@redhat.com>
  Kirill Batuzov <batuzovk@ispras.ru>
  Konrad Rzeszutek Wilk <konrad.wilk@oracle.com>
  Laszlo Ersek <lersek@redhat.com>
  Lluís Vilanova <vilanova@ac.upc.edu>
  Luiz Capitulino <lcapitulino@redhat.com>
  Marcel Apfelbaum <marcel.a@redhat.com>
  Maria Kustova <maria.k@catit.be>
  Maria Kustova <maxa@catit.be>
  Markus Armbruster <armbru@redhat.com>
  Matthew Booth <mbooth@redhat.com>
  Matthew Rosato <mjrosato@linux.vnet.ibm.com>
  Max Reitz <mreitz@redhat.com>
  Maxim Ostapenko <m.ostapenko@partner.samsung.com>
  Michael Buesch <m@bues.ch>
  Michael Roth <mdroth@linux.vnet.ibm.com>
  Michael S. Tsirkin <mst@redhat.com>
  Michael Tokarev <mjt@tls.msk.ru>
  Mike Day <ncmike@ncultra.org>
  Mike Frysinger <vapier@gentoo.org>
  Natanael Copa <ncopa@alpinelinux.org>
  Nathan Rossi <nathan.rossi@xilinx.com>
  Olaf Hering <olaf@aepfle.de>
  Pankaj Gupta <pagupta@redhat.com>
  Paolo Bonzini <pbonzini@redhat.com>
  Paul Moore <pmoore@redhat.com>
  Petar Jovanovic <petar.jovanovic@imgtec.com>
  Peter Crosthwaite <peter.crosthwaite@xilinx.com>
  Peter Krempa <pkrempa@redhat.com>
  Peter Lieven <pl@kamp.de>
  Peter Maydell <peter.maydell@linaro.org>
  Prasad Joshi <prasadjoshi.linux@gmail.com>
  Qiao Nuohan <qiaonuohan@cn.fujitsu.com>
  Rabin Vincent <rabin@rab.in>
  Richard Henderson <rth@twiddle.net>
  Richard W.M. Jones <rjones@redhat.com>
  Riku Voipio <riku.voipio@linaro.org>
  Rob Herring <rob.herring@linaro.org>
  Sangho Park <sangho1206.park@samsung.com>
  Stanislav Vorobiov <s.vorobiov@samsung.com>
  Stefan Hajnoczi <stefanha@redhat.com>
  Stefan Weil <sw@weilnetz.de>
  Stefano Stabellini <stefano.stabellini@eu.citrix.com>
  Thomas Huth <thuth@linux.vnet.ibm.com>
  Tim Comer <comer0@gmail.com>
  Tom Musta <tommusta@gmail.com>
  Wei Liu <wei.liu2@citrix.com>
  Zhenzhong Duan <zhenzhong.duan@oracle.com>
------------------------------------------------------------

jobs:
 build-amd64                                                  pass    
 build-i386                                                   pass    
 build-amd64-libvirt                                          pass    
 build-i386-libvirt                                           pass    
 build-amd64-oldkern                                          pass    
 build-i386-oldkern                                           pass    
 build-amd64-pvops                                            pass    
 build-i386-pvops                                             pass    
 test-amd64-amd64-xl                                          pass    
 test-amd64-i386-xl                                           pass    
 test-amd64-i386-rhel6hvm-amd                                 pass    
 test-amd64-i386-qemut-rhel6hvm-amd                           broken  
 test-amd64-i386-qemuu-rhel6hvm-amd                           pass    
 test-amd64-amd64-xl-qemut-debianhvm-amd64                    pass    
 test-amd64-i386-xl-qemut-debianhvm-amd64                     pass    
 test-amd64-amd64-xl-qemuu-debianhvm-amd64                    pass    
 test-amd64-i386-xl-qemuu-debianhvm-amd64                     pass    
 test-amd64-i386-freebsd10-amd64                              pass    
 test-amd64-amd64-xl-qemuu-ovmf-amd64                         pass    
 test-amd64-i386-xl-qemuu-ovmf-amd64                          pass    
 test-amd64-amd64-xl-qemut-win7-amd64                         fail    
 test-amd64-i386-xl-qemut-win7-amd64                          fail    
 test-amd64-amd64-xl-qemuu-win7-amd64                         fail    
 test-amd64-i386-xl-qemuu-win7-amd64                          fail    
 test-amd64-amd64-xl-win7-amd64                               fail    
 test-amd64-i386-xl-win7-amd64                                fail    
 test-amd64-i386-xl-credit2                                   pass    
 test-amd64-i386-freebsd10-i386                               pass    
 test-amd64-amd64-xl-pcipt-intel                              fail    
 test-amd64-i386-rhel6hvm-intel                               pass    
 test-amd64-i386-qemut-rhel6hvm-intel                         pass    
 test-amd64-i386-qemuu-rhel6hvm-intel                         pass    
 test-amd64-amd64-libvirt                                     fail    
 test-amd64-i386-libvirt                                      fail    
 test-amd64-i386-xl-multivcpu                                 pass    
 test-amd64-amd64-pair                                        pass    
 test-amd64-i386-pair                                         fail    
 test-amd64-amd64-xl-sedf-pin                                 pass    
 test-amd64-amd64-xl-sedf                                     pass    
 test-amd64-i386-xl-qemut-winxpsp3-vcpus1                     fail    
 test-amd64-i386-xl-qemuu-winxpsp3-vcpus1                     fail    
 test-amd64-i386-xl-winxpsp3-vcpus1                           fail    
 test-amd64-amd64-xl-qemut-winxpsp3                           fail    
 test-amd64-i386-xl-qemut-winxpsp3                            fail    
 test-amd64-amd64-xl-qemuu-winxpsp3                           fail    
 test-amd64-i386-xl-qemuu-winxpsp3                            fail    
 test-amd64-amd64-xl-winxpsp3                                 fail    
 test-amd64-i386-xl-winxpsp3                                  fail    


------------------------------------------------------------
sg-report-flight on osstest.cam.xci-test.com
logs: /home/xc_osstest/logs
images: /home/xc_osstest/images

Logs, config files, etc. are available at
    http://www.chiark.greenend.org.uk/~xensrcts/logs

Test harness code can be found at
    http://xenbits.xensource.com/gitweb?p=osstest.git;a=summary


Not pushing.

(No revision log; it would be 11021 lines long.)


[-- Attachment #2: Type: text/plain, Size: 126 bytes --]

_______________________________________________
Xen-devel mailing list
Xen-devel@lists.xen.org
http://lists.xen.org/xen-devel

^ permalink raw reply	[flat|nested] only message in thread

only message in thread, other threads:[~2014-05-21 15:23 UTC | newest]

Thread overview: (only message) (download: mbox.gz follow: Atom feed
-- links below jump to the message on this page --
2014-05-21 15:23 [qemu-mainline test] 26362: regressions - trouble: broken/fail/pass xen.org

This is a public inbox, see mirroring instructions
for how to clone and mirror all data and code used for this inbox;
as well as URLs for NNTP newsgroup(s).