From mboxrd@z Thu Jan 1 00:00:00 1970 From: xen.org Subject: [qemu-mainline test] 26362: regressions - trouble: broken/fail/pass Date: Wed, 21 May 2014 16:23:08 +0100 Message-ID: Mime-Version: 1.0 Content-Type: multipart/mixed; boundary="===============7583453783865873493==" Return-path: List-Unsubscribe: , List-Post: List-Help: List-Subscribe: , Sender: xen-devel-bounces@lists.xen.org Errors-To: xen-devel-bounces@lists.xen.org To: xen-devel@lists.xensource.com Cc: ian.jackson@eu.citrix.com List-Id: xen-devel@lists.xenproject.org --===============7583453783865873493== Content-Type: text/plain flight 26362 qemu-mainline real [real] http://www.chiark.greenend.org.uk/~xensrcts/logs/26362/ Regressions :-( Tests which did not succeed and are blocking, including tests which could not be run: test-amd64-i386-qemut-rhel6hvm-amd 3 host-install(3) broken REGR. vs. 26290 test-amd64-i386-pair 8 xen-boot/dst_host fail REGR. vs. 26290 test-amd64-amd64-xl-win7-amd64 7 windows-install fail REGR. vs. 26290 Tests which did not succeed, but are not blocking: test-amd64-i386-libvirt 9 guest-start fail never pass test-amd64-amd64-libvirt 9 guest-start fail never pass test-amd64-amd64-xl-pcipt-intel 9 guest-start fail never pass test-amd64-i386-xl-qemut-win7-amd64 14 guest-stop fail never pass test-amd64-i386-xl-win7-amd64 14 guest-stop fail never pass test-amd64-i386-xl-qemuu-winxpsp3-vcpus1 14 guest-stop fail never pass test-amd64-amd64-xl-winxpsp3 14 guest-stop fail never pass test-amd64-i386-xl-qemut-winxpsp3-vcpus1 14 guest-stop fail never pass test-amd64-amd64-xl-qemut-winxpsp3 14 guest-stop fail never pass test-amd64-i386-xl-qemuu-win7-amd64 14 guest-stop fail never pass test-amd64-amd64-xl-qemut-win7-amd64 14 guest-stop fail never pass test-amd64-amd64-xl-qemuu-win7-amd64 14 guest-stop fail never pass test-amd64-i386-xl-qemut-winxpsp3 14 guest-stop fail never pass test-amd64-amd64-xl-qemuu-winxpsp3 14 guest-stop fail never pass test-amd64-i386-xl-winxpsp3-vcpus1 14 guest-stop fail never pass test-amd64-i386-xl-winxpsp3 14 guest-stop fail never pass test-amd64-i386-xl-qemuu-winxpsp3 14 guest-stop fail never pass version targeted for testing: qemuu c5fa6c86d0765f837515d1c10654c621724a77e0 baseline version: qemuu a9e8aeb3755bccb7b51174adcf4a3fc427e0d147 ------------------------------------------------------------ People who touched revisions under test: Aakriti Gupta Alex Bennée Alex Williamson Alexander Graf Alexey Kardashevskiy Alon Levy Amos Kong Andreas Färber Aurelien Jarno Beniamino Galvani Benoit Canet Benoit Canet Benoît Canet Chen Gang ChenLiang Christian Borntraeger Christian Borntraeger (on s390x/kvm) Claudio Fontana Cole Robinson Cornelia Huck Dave Airlie David Hildenbrand Dr. David Alan Gilbert Edgar E. Iglesias Edgar E. Iglesias Eduardo Habkost Eduardo Otubo Eric Blake Fam Zheng Felix Geyer Gabriel L. Somlo Gabriel L. Somlo Gabriel Somlo Gerd Hoffmann Gonglei Gonglei Arei Guenter Roeck Hani Benhabiles Hani Benhabiles Hannes Reinecke Hervé Poussineau Huw Davies Igor Mammedov Igor Ryzhov James Hogan Jason Wang Jeff Cody Jens Freimann Jim Meyering Juan Quintela Kevin O'Connor Kevin Wolf Kirill Batuzov Konrad Rzeszutek Wilk Laszlo Ersek Lluís Vilanova Luiz Capitulino Marcel Apfelbaum Maria Kustova Maria Kustova Markus Armbruster Matthew Booth Matthew Rosato Max Reitz Maxim Ostapenko Michael Buesch Michael Roth Michael S. Tsirkin Michael Tokarev Mike Day Mike Frysinger Natanael Copa Nathan Rossi Olaf Hering Pankaj Gupta Paolo Bonzini Paul Moore Petar Jovanovic Peter Crosthwaite Peter Krempa Peter Lieven Peter Maydell Prasad Joshi Qiao Nuohan Rabin Vincent Richard Henderson Richard W.M. Jones Riku Voipio Rob Herring Sangho Park Stanislav Vorobiov Stefan Hajnoczi Stefan Weil Stefano Stabellini Thomas Huth Tim Comer Tom Musta Wei Liu Zhenzhong Duan ------------------------------------------------------------ jobs: build-amd64 pass build-i386 pass build-amd64-libvirt pass build-i386-libvirt pass build-amd64-oldkern pass build-i386-oldkern pass build-amd64-pvops pass build-i386-pvops pass test-amd64-amd64-xl pass test-amd64-i386-xl pass test-amd64-i386-rhel6hvm-amd pass test-amd64-i386-qemut-rhel6hvm-amd broken test-amd64-i386-qemuu-rhel6hvm-amd pass test-amd64-amd64-xl-qemut-debianhvm-amd64 pass test-amd64-i386-xl-qemut-debianhvm-amd64 pass test-amd64-amd64-xl-qemuu-debianhvm-amd64 pass test-amd64-i386-xl-qemuu-debianhvm-amd64 pass test-amd64-i386-freebsd10-amd64 pass test-amd64-amd64-xl-qemuu-ovmf-amd64 pass test-amd64-i386-xl-qemuu-ovmf-amd64 pass test-amd64-amd64-xl-qemut-win7-amd64 fail test-amd64-i386-xl-qemut-win7-amd64 fail test-amd64-amd64-xl-qemuu-win7-amd64 fail test-amd64-i386-xl-qemuu-win7-amd64 fail test-amd64-amd64-xl-win7-amd64 fail test-amd64-i386-xl-win7-amd64 fail test-amd64-i386-xl-credit2 pass test-amd64-i386-freebsd10-i386 pass test-amd64-amd64-xl-pcipt-intel fail test-amd64-i386-rhel6hvm-intel pass test-amd64-i386-qemut-rhel6hvm-intel pass test-amd64-i386-qemuu-rhel6hvm-intel pass test-amd64-amd64-libvirt fail test-amd64-i386-libvirt fail test-amd64-i386-xl-multivcpu pass test-amd64-amd64-pair pass test-amd64-i386-pair fail test-amd64-amd64-xl-sedf-pin pass test-amd64-amd64-xl-sedf pass test-amd64-i386-xl-qemut-winxpsp3-vcpus1 fail test-amd64-i386-xl-qemuu-winxpsp3-vcpus1 fail test-amd64-i386-xl-winxpsp3-vcpus1 fail test-amd64-amd64-xl-qemut-winxpsp3 fail test-amd64-i386-xl-qemut-winxpsp3 fail test-amd64-amd64-xl-qemuu-winxpsp3 fail test-amd64-i386-xl-qemuu-winxpsp3 fail test-amd64-amd64-xl-winxpsp3 fail test-amd64-i386-xl-winxpsp3 fail ------------------------------------------------------------ sg-report-flight on osstest.cam.xci-test.com logs: /home/xc_osstest/logs images: /home/xc_osstest/images Logs, config files, etc. are available at http://www.chiark.greenend.org.uk/~xensrcts/logs Test harness code can be found at http://xenbits.xensource.com/gitweb?p=osstest.git;a=summary Not pushing. (No revision log; it would be 11021 lines long.) --===============7583453783865873493== Content-Type: text/plain; charset="us-ascii" MIME-Version: 1.0 Content-Transfer-Encoding: 7bit Content-Disposition: inline _______________________________________________ Xen-devel mailing list Xen-devel@lists.xen.org http://lists.xen.org/xen-devel --===============7583453783865873493==--