From mboxrd@z Thu Jan 1 00:00:00 1970 From: xen.org Subject: [seabios test] 26366: FAIL Date: Wed, 21 May 2014 12:06:21 +0100 Message-ID: Mime-Version: 1.0 Content-Type: multipart/mixed; boundary="===============6246698997566000729==" Return-path: List-Unsubscribe: , List-Post: List-Help: List-Subscribe: , Sender: xen-devel-bounces@lists.xen.org Errors-To: xen-devel-bounces@lists.xen.org To: xen-devel@lists.xensource.com Cc: ian.jackson@eu.citrix.com List-Id: xen-devel@lists.xenproject.org --===============6246698997566000729== Content-Type: text/plain flight 26366 seabios real [real] http://www.chiark.greenend.org.uk/~xensrcts/logs/26366/ Failures and problems with tests :-( Tests which did not succeed and are blocking, including tests which could not be run: build-i386-libvirt 2 capture-logs !broken [st=!broken!] build-amd64-libvirt 2 capture-logs !broken [st=!broken!] Tests which did not succeed, but are not blocking: test-amd64-amd64-xl-qemuu-ovmf-amd64 1 build-check(1) blocked n/a test-amd64-amd64-xl-sedf-pin 1 build-check(1) blocked n/a test-amd64-amd64-xl-winxpsp3 1 build-check(1) blocked n/a test-amd64-amd64-xl-qemuu-win7-amd64 1 build-check(1) blocked n/a test-amd64-amd64-xl-qemuu-winxpsp3 1 build-check(1) blocked n/a test-amd64-amd64-xl-qemuu-debianhvm-amd64 1 build-check(1) blocked n/a test-amd64-i386-freebsd10-i386 1 build-check(1) blocked n/a test-amd64-i386-xl-win7-amd64 1 build-check(1) blocked n/a test-amd64-i386-xl-qemuu-ovmf-amd64 1 build-check(1) blocked n/a test-amd64-i386-qemuu-rhel6hvm-amd 1 build-check(1) blocked n/a test-amd64-amd64-xl-qemut-winxpsp3 1 build-check(1) blocked n/a test-amd64-i386-xl-winxpsp3-vcpus1 1 build-check(1) blocked n/a test-amd64-i386-xl-multivcpu 1 build-check(1) blocked n/a test-amd64-i386-xl-qemuu-winxpsp3-vcpus1 1 build-check(1) blocked n/a test-amd64-i386-libvirt 1 build-check(1) blocked n/a test-amd64-i386-xl-qemuu-winxpsp3 1 build-check(1) blocked n/a test-amd64-i386-xl-qemut-winxpsp3-vcpus1 1 build-check(1) blocked n/a test-amd64-amd64-xl-pcipt-intel 1 build-check(1) blocked n/a test-amd64-i386-xl-winxpsp3 1 build-check(1) blocked n/a test-amd64-i386-xl-qemut-winxpsp3 1 build-check(1) blocked n/a test-amd64-i386-xl-qemuu-win7-amd64 1 build-check(1) blocked n/a test-amd64-amd64-xl 1 build-check(1) blocked n/a test-amd64-amd64-xl-win7-amd64 1 build-check(1) blocked n/a test-amd64-amd64-xl-sedf 1 build-check(1) blocked n/a test-amd64-i386-freebsd10-amd64 1 build-check(1) blocked n/a test-amd64-i386-pair 1 build-check(1) blocked n/a test-amd64-amd64-pair 1 build-check(1) blocked n/a test-amd64-amd64-xl-qemut-win7-amd64 1 build-check(1) blocked n/a test-amd64-i386-xl-qemuu-debianhvm-amd64 1 build-check(1) blocked n/a test-amd64-i386-xl 1 build-check(1) blocked n/a test-amd64-amd64-xl-qemut-debianhvm-amd64 1 build-check(1) blocked n/a test-amd64-amd64-libvirt 1 build-check(1) blocked n/a test-amd64-i386-qemuu-rhel6hvm-intel 1 build-check(1) blocked n/a test-amd64-i386-xl-qemut-debianhvm-amd64 1 build-check(1) blocked n/a test-amd64-i386-qemut-rhel6hvm-intel 1 build-check(1) blocked n/a test-amd64-i386-xl-credit2 1 build-check(1) blocked n/a test-amd64-i386-xl-qemut-win7-amd64 1 build-check(1) blocked n/a test-amd64-i386-qemut-rhel6hvm-amd 1 build-check(1) blocked n/a test-amd64-i386-rhel6hvm-amd 1 build-check(1) blocked n/a test-amd64-i386-rhel6hvm-intel 1 build-check(1) blocked n/a build-i386-libvirt 1 build-check(1) blocked n/a build-amd64-libvirt 1 build-check(1) blocked n/a build-i386 5 xen-build fail never pass build-amd64 5 xen-build fail never pass version targeted for testing: seabios 3c37cdb1977056f875edb48513729409bd752d57 baseline version: seabios 96917a8ed761f017fc8c72ba3b9181fbac03ac59 ------------------------------------------------------------ People who touched revisions under test: Eric Northup Gabriel L. Somlo Gabriel L. Somlo Gerd Hoffmann Johannes Krampf Kevin O'Connor Laszlo Ersek Marcel Apfelbaum Michael S. Tsirkin Roger Pau Monne Roger Pau Monné Sander Eikelenboom ------------------------------------------------------------ jobs: build-amd64 fail build-i386 fail build-amd64-libvirt blocked build-i386-libvirt blocked build-amd64-oldkern pass build-i386-oldkern pass build-amd64-pvops pass build-i386-pvops pass test-amd64-amd64-xl blocked test-amd64-i386-xl blocked test-amd64-i386-rhel6hvm-amd blocked test-amd64-i386-qemut-rhel6hvm-amd blocked test-amd64-i386-qemuu-rhel6hvm-amd blocked test-amd64-amd64-xl-qemut-debianhvm-amd64 blocked test-amd64-i386-xl-qemut-debianhvm-amd64 blocked test-amd64-amd64-xl-qemuu-debianhvm-amd64 blocked test-amd64-i386-xl-qemuu-debianhvm-amd64 blocked test-amd64-i386-freebsd10-amd64 blocked test-amd64-amd64-xl-qemuu-ovmf-amd64 blocked test-amd64-i386-xl-qemuu-ovmf-amd64 blocked test-amd64-amd64-xl-qemut-win7-amd64 blocked test-amd64-i386-xl-qemut-win7-amd64 blocked test-amd64-amd64-xl-qemuu-win7-amd64 blocked test-amd64-i386-xl-qemuu-win7-amd64 blocked test-amd64-amd64-xl-win7-amd64 blocked test-amd64-i386-xl-win7-amd64 blocked test-amd64-i386-xl-credit2 blocked test-amd64-i386-freebsd10-i386 blocked test-amd64-amd64-xl-pcipt-intel blocked test-amd64-i386-rhel6hvm-intel blocked test-amd64-i386-qemut-rhel6hvm-intel blocked test-amd64-i386-qemuu-rhel6hvm-intel blocked test-amd64-amd64-libvirt blocked test-amd64-i386-libvirt blocked test-amd64-i386-xl-multivcpu blocked test-amd64-amd64-pair blocked test-amd64-i386-pair blocked test-amd64-amd64-xl-sedf-pin blocked test-amd64-amd64-xl-sedf blocked test-amd64-i386-xl-qemut-winxpsp3-vcpus1 blocked test-amd64-i386-xl-qemuu-winxpsp3-vcpus1 blocked test-amd64-i386-xl-winxpsp3-vcpus1 blocked test-amd64-amd64-xl-qemut-winxpsp3 blocked test-amd64-i386-xl-qemut-winxpsp3 blocked test-amd64-amd64-xl-qemuu-winxpsp3 blocked test-amd64-i386-xl-qemuu-winxpsp3 blocked test-amd64-amd64-xl-winxpsp3 blocked test-amd64-i386-xl-winxpsp3 blocked ------------------------------------------------------------ sg-report-flight on osstest.cam.xci-test.com logs: /home/xc_osstest/logs images: /home/xc_osstest/images Logs, config files, etc. are available at http://www.chiark.greenend.org.uk/~xensrcts/logs Test harness code can be found at http://xenbits.xensource.com/gitweb?p=osstest.git;a=summary Not pushing. (No revision log; it would be 1179 lines long.) --===============6246698997566000729== Content-Type: text/plain; charset="us-ascii" MIME-Version: 1.0 Content-Transfer-Encoding: 7bit Content-Disposition: inline _______________________________________________ Xen-devel mailing list Xen-devel@lists.xen.org http://lists.xen.org/xen-devel --===============6246698997566000729==--