From mboxrd@z Thu Jan 1 00:00:00 1970 From: xen.org Subject: [xen-4.4-testing test] 26455: tolerable FAIL - PUSHED Date: Wed, 28 May 2014 05:16:05 +0100 Message-ID: Mime-Version: 1.0 Content-Type: multipart/mixed; boundary="===============4524390717855417344==" Return-path: List-Unsubscribe: , List-Post: List-Help: List-Subscribe: , Sender: xen-devel-bounces@lists.xen.org Errors-To: xen-devel-bounces@lists.xen.org To: xen-devel@lists.xensource.com Cc: ian.jackson@eu.citrix.com List-Id: xen-devel@lists.xenproject.org --===============4524390717855417344== Content-Type: text/plain flight 26455 xen-4.4-testing real [real] http://www.chiark.greenend.org.uk/~xensrcts/logs/26455/ Failures :-/ but no regressions. Regressions which are regarded as allowable (not blocking): test-amd64-amd64-xl-qemut-winxpsp3 7 windows-install fail like 26293 Tests which did not succeed, but are not blocking: test-amd64-i386-libvirt 9 guest-start fail never pass test-armhf-armhf-libvirt 9 guest-start fail never pass test-armhf-armhf-xl 10 migrate-support-check fail never pass test-amd64-amd64-libvirt 9 guest-start fail never pass test-amd64-amd64-xl-pcipt-intel 9 guest-start fail never pass test-amd64-i386-xl-qemut-winxpsp3-vcpus1 14 guest-stop fail never pass test-amd64-i386-xl-qemuu-winxpsp3-vcpus1 14 guest-stop fail never pass test-amd64-amd64-xl-qemuu-winxpsp3 14 guest-stop fail never pass test-amd64-i386-xl-qemut-win7-amd64 14 guest-stop fail never pass test-amd64-i386-xend-winxpsp3 17 leak-check/check fail never pass test-amd64-i386-xl-win7-amd64 14 guest-stop fail never pass test-amd64-i386-xl-qemuu-win7-amd64 14 guest-stop fail never pass test-amd64-amd64-xl-win7-amd64 14 guest-stop fail never pass test-amd64-amd64-xl-qemuu-win7-amd64 14 guest-stop fail never pass test-amd64-amd64-xl-qemut-win7-amd64 14 guest-stop fail never pass test-amd64-i386-xl-winxpsp3-vcpus1 14 guest-stop fail never pass test-amd64-i386-xend-qemut-winxpsp3 17 leak-check/check fail never pass test-amd64-amd64-xl-winxpsp3 14 guest-stop fail never pass version targeted for testing: xen faa9ca5388e744e8db2e1c19fcbf38816b539ceb baseline version: xen fed8691385b5a849d8fb938630a9cce97348c8a5 ------------------------------------------------------------ People who touched revisions under test: Andrew Cooper Boris Ostrovsky Christoph Egger Don Slutz Edmund H White George Dunlap Ian Campbell Ian Jackson Jan Beulich Jason Andryuk Juergen Gross Julien Grall Kai Huang Kevin Tian Konrad Rzeszutek Wilk Roger Pau Monne Roger Pau Monné Stefano Stabellini Tim Deegan Wei Liu Xiantao Zhang Yang Zhang ------------------------------------------------------------ jobs: build-amd64-xend pass build-i386-xend pass build-amd64 pass build-armhf pass build-i386 pass build-amd64-libvirt pass build-armhf-libvirt pass build-i386-libvirt pass build-amd64-pvops pass build-armhf-pvops pass build-i386-pvops pass build-amd64-rumpuserxen pass build-i386-rumpuserxen pass test-amd64-amd64-xl pass test-armhf-armhf-xl pass test-amd64-i386-xl pass test-amd64-i386-rhel6hvm-amd pass test-amd64-i386-qemut-rhel6hvm-amd pass test-amd64-i386-qemuu-rhel6hvm-amd pass test-amd64-amd64-xl-qemut-debianhvm-amd64 pass test-amd64-i386-xl-qemut-debianhvm-amd64 pass test-amd64-amd64-xl-qemuu-debianhvm-amd64 pass test-amd64-i386-xl-qemuu-debianhvm-amd64 pass test-amd64-i386-freebsd10-amd64 pass test-amd64-amd64-xl-qemuu-ovmf-amd64 pass test-amd64-i386-xl-qemuu-ovmf-amd64 pass test-amd64-amd64-rumpuserxen-amd64 pass test-amd64-amd64-xl-qemut-win7-amd64 fail test-amd64-i386-xl-qemut-win7-amd64 fail test-amd64-amd64-xl-qemuu-win7-amd64 fail test-amd64-i386-xl-qemuu-win7-amd64 fail test-amd64-amd64-xl-win7-amd64 fail test-amd64-i386-xl-win7-amd64 fail test-amd64-i386-xl-credit2 pass test-amd64-i386-freebsd10-i386 pass test-amd64-i386-rumpuserxen-i386 pass test-amd64-amd64-xl-pcipt-intel fail test-amd64-i386-rhel6hvm-intel pass test-amd64-i386-qemut-rhel6hvm-intel pass test-amd64-i386-qemuu-rhel6hvm-intel pass test-amd64-amd64-libvirt fail test-armhf-armhf-libvirt fail test-amd64-i386-libvirt fail test-amd64-i386-xl-multivcpu pass test-amd64-amd64-pair pass test-amd64-i386-pair pass test-amd64-amd64-xl-sedf-pin pass test-amd64-amd64-pv pass test-amd64-i386-pv pass test-amd64-amd64-xl-sedf pass test-amd64-i386-xl-qemut-winxpsp3-vcpus1 fail test-amd64-i386-xl-qemuu-winxpsp3-vcpus1 fail test-amd64-i386-xl-winxpsp3-vcpus1 fail test-amd64-i386-xend-qemut-winxpsp3 fail test-amd64-amd64-xl-qemut-winxpsp3 fail test-amd64-amd64-xl-qemuu-winxpsp3 fail test-amd64-i386-xend-winxpsp3 fail test-amd64-amd64-xl-winxpsp3 fail ------------------------------------------------------------ sg-report-flight on osstest.cam.xci-test.com logs: /home/xc_osstest/logs images: /home/xc_osstest/images Logs, config files, etc. are available at http://www.chiark.greenend.org.uk/~xensrcts/logs Test harness code can be found at http://xenbits.xensource.com/gitweb?p=osstest.git;a=summary Pushing revision : + branch=xen-4.4-testing + revision=faa9ca5388e744e8db2e1c19fcbf38816b539ceb + . cri-lock-repos ++ . cri-common +++ . cri-getconfig +++ umask 002 +++ getconfig Repos +++ perl -e ' use Osstest; readglobalconfig(); print $c{"Repos"} or die $!; ' ++ repos=/export/home/osstest/repos ++ repos_lock=/export/home/osstest/repos/lock ++ '[' x '!=' x/export/home/osstest/repos/lock ']' ++ OSSTEST_REPOS_LOCK_LOCKED=/export/home/osstest/repos/lock ++ exec with-lock-ex -w /export/home/osstest/repos/lock ./ap-push xen-4.4-testing faa9ca5388e744e8db2e1c19fcbf38816b539ceb + branch=xen-4.4-testing + revision=faa9ca5388e744e8db2e1c19fcbf38816b539ceb + . cri-lock-repos ++ . cri-common +++ . cri-getconfig +++ umask 002 +++ getconfig Repos +++ perl -e ' use Osstest; readglobalconfig(); print $c{"Repos"} or die $!; ' ++ repos=/export/home/osstest/repos ++ repos_lock=/export/home/osstest/repos/lock ++ '[' x/export/home/osstest/repos/lock '!=' x/export/home/osstest/repos/lock ']' + . cri-common ++ . cri-getconfig ++ umask 002 + select_xenbranch + case "$branch" in + tree=xen + xenbranch=xen-4.4-testing + '[' xxen = xlinux ']' + linuxbranch= + '[' x = x ']' + qemuubranch=qemu-upstream-4.4-testing + : tested/2.6.39.x + . ap-common ++ : osstest@xenbits.xensource.com ++ : git://xenbits.xen.org/xen.git ++ : osstest@xenbits.xensource.com:/home/xen/git/xen.git ++ : git://xenbits.xen.org/staging/qemu-xen-4.4-testing.git ++ : git://git.kernel.org ++ : git://git.kernel.org/pub/scm/linux/kernel/git ++ : git ++ : git://libvirt.org/libvirt.git ++ : osstest@xenbits.xensource.com:/home/xen/git/libvirt.git ++ : git://xenbits.xen.org/libvirt.git ++ : git://git.sv.gnu.org/gnulib.git ++ : https://github.com/rumpkernel/rumpuser-xen ++ : git ++ : git://xenbits.xen.org/rumpuser-xen.git ++ : osstest@xenbits.xensource.com:/home/xen/git/rumpuser-xen.git ++ : https://github.com/rumpkernel/rumpkernel-netbsd-src ++ : git ++ : git://git.seabios.org/seabios.git ++ : osstest@xenbits.xensource.com:/home/xen/git/osstest/seabios.git ++ : git://xenbits.xen.org/osstest/seabios.git ++ : git://xenbits.xen.org/osstest/linux-firmware.git ++ : osstest@xenbits.xensource.com:/home/osstest/ext/linux-firmware.git ++ : git://git.kernel.org/pub/scm/linux/kernel/git/firmware/linux-firmware.git ++ : osstest@xenbits.xensource.com:/home/xen/git/linux-pvops.git ++ : git://xenbits.xen.org/linux-pvops.git ++ : tested/linux-3.4 ++ : tested/linux-arm-xen ++ '[' xgit://xenbits.xen.org/linux-pvops.git = x ']' ++ '[' x = x ']' ++ : git://xenbits.xen.org/linux-pvops.git ++ : tested/linux-arm-xen ++ : git://git.kernel.org/pub/scm/linux/kernel/git/konrad/xen.git ++ : tested/2.6.39.x ++ : daily-cron.xen-4.4-testing ++ : daily-cron.xen-4.4-testing ++ : daily-cron.xen-4.4-testing ++ : daily-cron.xen-4.4-testing ++ : daily-cron.xen-4.4-testing ++ : daily-cron.xen-4.4-testing ++ : http://hg.uk.xensource.com/carbon/trunk/linux-2.6.27 ++ : git://xenbits.xen.org/staging/qemu-upstream-4.4-testing.git ++ : daily-cron.xen-4.4-testing ++ : git://git.qemu.org/qemu.git ++ : git://xenbits.xen.org/osstest/qemu.git ++ : osstest@xenbits.xensource.com:/home/xen/git/osstest/qemu.git ++ : daily-cron.xen-4.4-testing + TREE_LINUX=osstest@xenbits.xensource.com:/home/xen/git/linux-pvops.git + TREE_QEMU_MAINLINE=osstest@xenbits.xensource.com:/home/xen/git/osstest/qemu.git + TREE_QEMU_UPSTREAM=osstest@xenbits.xensource.com:/home/xen/git/qemu-upstream-4.4-testing.git + TREE_XEN=osstest@xenbits.xensource.com:/home/xen/git/xen.git + TREE_LIBVIRT=osstest@xenbits.xensource.com:/home/xen/git/libvirt.git + TREE_RUMPUSERXEN=osstest@xenbits.xensource.com:/home/xen/git/rumpuser-xen.git + TREE_SEABIOS=osstest@xenbits.xensource.com:/home/xen/git/osstest/seabios.git + info_linux_tree xen-4.4-testing + case $1 in + return 1 + case "$branch" in + cd /export/home/osstest/repos/xen + xenversion=xen-4.4-testing + xenversion=xen-4.4 + xenversion=4.4 + git push osstest@xenbits.xensource.com:/home/xen/git/xen.git faa9ca5388e744e8db2e1c19fcbf38816b539ceb:stable-4.4 To osstest@xenbits.xensource.com:/home/xen/git/xen.git fed8691..faa9ca5 faa9ca5388e744e8db2e1c19fcbf38816b539ceb -> stable-4.4 --===============4524390717855417344== Content-Type: text/plain; charset="us-ascii" MIME-Version: 1.0 Content-Transfer-Encoding: 7bit Content-Disposition: inline _______________________________________________ Xen-devel mailing list Xen-devel@lists.xen.org http://lists.xen.org/xen-devel --===============4524390717855417344==--