xen-devel.lists.xenproject.org archive mirror
 help / color / mirror / Atom feed
* [xen-unstable test] 26871: regressions - FAIL
@ 2014-06-02 13:07 xen.org
  0 siblings, 0 replies; only message in thread
From: xen.org @ 2014-06-02 13:07 UTC (permalink / raw)
  To: xen-devel; +Cc: ian.jackson

flight 26871 xen-unstable real [real]
http://www.chiark.greenend.org.uk/~xensrcts/logs/26871/

Regressions :-(

Tests which did not succeed and are blocking,
including tests which could not be run:
 build-armhf                   5 xen-build                 fail REGR. vs. 26701
 build-armhf-pvops             5 kernel-build              fail REGR. vs. 26701

Tests which are failing intermittently (not blocking):
 test-amd64-i386-xl-win7-amd64 13 guest-localmigrate/x10     fail pass in 26764

Tests which did not succeed, but are not blocking:
 test-armhf-armhf-libvirt      1 build-check(1)               blocked  n/a
 test-amd64-i386-libvirt       9 guest-start                  fail   never pass
 test-amd64-amd64-libvirt      9 guest-start                  fail   never pass
 test-amd64-amd64-xl-pcipt-intel  9 guest-start                 fail never pass
 test-armhf-armhf-xl           1 build-check(1)               blocked  n/a
 build-armhf-libvirt           1 build-check(1)               blocked  n/a
 test-amd64-amd64-xl-win7-amd64 14 guest-stop                   fail never pass
 test-amd64-amd64-xl-qemuu-win7-amd64 14 guest-stop             fail never pass
 test-amd64-i386-xl-qemut-win7-amd64 14 guest-stop              fail never pass
 test-amd64-i386-xl-qemuu-winxpsp3 14 guest-stop                fail never pass
 test-amd64-i386-xl-qemut-winxpsp3 14 guest-stop                fail never pass
 test-amd64-i386-xl-qemut-winxpsp3-vcpus1 14 guest-stop         fail never pass
 test-amd64-i386-xl-qemuu-win7-amd64 14 guest-stop              fail never pass
 test-amd64-amd64-xl-qemut-win7-amd64 14 guest-stop             fail never pass
 test-amd64-i386-xl-winxpsp3-vcpus1 14 guest-stop               fail never pass
 test-amd64-i386-xl-qemuu-winxpsp3-vcpus1 14 guest-stop         fail never pass
 test-amd64-i386-xl-winxpsp3  14 guest-stop                   fail   never pass
 test-amd64-amd64-xl-qemuu-winxpsp3 14 guest-stop               fail never pass
 test-amd64-amd64-xl-winxpsp3 14 guest-stop                   fail   never pass
 test-amd64-amd64-xl-qemut-winxpsp3 14 guest-stop               fail never pass
 test-amd64-i386-xl-win7-amd64 14 guest-stop           fail in 26764 never pass

version targeted for testing:
 xen                  7f8d8abcf6dfb85fae591a547b24f9b27d92272c
baseline version:
 xen                  7f8d8abcf6dfb85fae591a547b24f9b27d92272c

jobs:
 build-amd64                                                  pass    
 build-armhf                                                  fail    
 build-i386                                                   pass    
 build-amd64-libvirt                                          pass    
 build-armhf-libvirt                                          blocked 
 build-i386-libvirt                                           pass    
 build-amd64-oldkern                                          pass    
 build-i386-oldkern                                           pass    
 build-amd64-pvops                                            pass    
 build-armhf-pvops                                            fail    
 build-i386-pvops                                             pass    
 build-amd64-rumpuserxen                                      pass    
 build-i386-rumpuserxen                                       pass    
 test-amd64-amd64-xl                                          pass    
 test-armhf-armhf-xl                                          blocked 
 test-amd64-i386-xl                                           pass    
 test-amd64-i386-rhel6hvm-amd                                 pass    
 test-amd64-i386-qemut-rhel6hvm-amd                           pass    
 test-amd64-i386-qemuu-rhel6hvm-amd                           pass    
 test-amd64-amd64-xl-qemut-debianhvm-amd64                    pass    
 test-amd64-i386-xl-qemut-debianhvm-amd64                     pass    
 test-amd64-amd64-xl-qemuu-debianhvm-amd64                    pass    
 test-amd64-i386-xl-qemuu-debianhvm-amd64                     pass    
 test-amd64-i386-freebsd10-amd64                              pass    
 test-amd64-amd64-xl-qemuu-ovmf-amd64                         pass    
 test-amd64-i386-xl-qemuu-ovmf-amd64                          pass    
 test-amd64-amd64-rumpuserxen-amd64                           pass    
 test-amd64-amd64-xl-qemut-win7-amd64                         fail    
 test-amd64-i386-xl-qemut-win7-amd64                          fail    
 test-amd64-amd64-xl-qemuu-win7-amd64                         fail    
 test-amd64-i386-xl-qemuu-win7-amd64                          fail    
 test-amd64-amd64-xl-win7-amd64                               fail    
 test-amd64-i386-xl-win7-amd64                                fail    
 test-amd64-i386-xl-credit2                                   pass    
 test-amd64-i386-freebsd10-i386                               pass    
 test-amd64-i386-rumpuserxen-i386                             pass    
 test-amd64-amd64-xl-pcipt-intel                              fail    
 test-amd64-i386-rhel6hvm-intel                               pass    
 test-amd64-i386-qemut-rhel6hvm-intel                         pass    
 test-amd64-i386-qemuu-rhel6hvm-intel                         pass    
 test-amd64-amd64-libvirt                                     fail    
 test-armhf-armhf-libvirt                                     blocked 
 test-amd64-i386-libvirt                                      fail    
 test-amd64-i386-xl-multivcpu                                 pass    
 test-amd64-amd64-pair                                        pass    
 test-amd64-i386-pair                                         pass    
 test-amd64-amd64-xl-sedf-pin                                 pass    
 test-amd64-amd64-xl-sedf                                     pass    
 test-amd64-i386-xl-qemut-winxpsp3-vcpus1                     fail    
 test-amd64-i386-xl-qemuu-winxpsp3-vcpus1                     fail    
 test-amd64-i386-xl-winxpsp3-vcpus1                           fail    
 test-amd64-amd64-xl-qemut-winxpsp3                           fail    
 test-amd64-i386-xl-qemut-winxpsp3                            fail    
 test-amd64-amd64-xl-qemuu-winxpsp3                           fail    
 test-amd64-i386-xl-qemuu-winxpsp3                            fail    
 test-amd64-amd64-xl-winxpsp3                                 fail    
 test-amd64-i386-xl-winxpsp3                                  fail    


------------------------------------------------------------
sg-report-flight on osstest.cam.xci-test.com
logs: /home/xc_osstest/logs
images: /home/xc_osstest/images

Logs, config files, etc. are available at
    http://www.chiark.greenend.org.uk/~xensrcts/logs

Test harness code can be found at
    http://xenbits.xensource.com/gitweb?p=osstest.git;a=summary


Published tested tree is already up to date.

^ permalink raw reply	[flat|nested] only message in thread

only message in thread, other threads:[~2014-06-02 13:07 UTC | newest]

Thread overview: (only message) (download: mbox.gz follow: Atom feed
-- links below jump to the message on this page --
2014-06-02 13:07 [xen-unstable test] 26871: regressions - FAIL xen.org

This is a public inbox, see mirroring instructions
for how to clone and mirror all data and code used for this inbox;
as well as URLs for NNTP newsgroup(s).