From mboxrd@z Thu Jan 1 00:00:00 1970 From: xen.org Subject: [xen-unstable test] 26933: trouble: broken/fail/pass Date: Wed, 4 Jun 2014 05:24:12 +0100 Message-ID: Mime-Version: 1.0 Content-Type: multipart/mixed; boundary="===============6415407547953150976==" Return-path: List-Unsubscribe: , List-Post: List-Help: List-Subscribe: , Sender: xen-devel-bounces@lists.xen.org Errors-To: xen-devel-bounces@lists.xen.org To: xen-devel@lists.xensource.com Cc: ian.jackson@eu.citrix.com List-Id: xen-devel@lists.xenproject.org --===============6415407547953150976== Content-Type: text/plain flight 26933 xen-unstable real [real] http://www.chiark.greenend.org.uk/~xensrcts/logs/26933/ Failures and problems with tests :-( Tests which did not succeed and are blocking, including tests which could not be run: test-amd64-i386-qemut-rhel6hvm-amd 3 host-install(3) broken REGR. vs. 26871 test-amd64-i386-qemuu-rhel6hvm-intel 3 host-install(3) broken REGR. vs. 26871 test-amd64-i386-xl-credit2 3 host-install(3) broken REGR. vs. 26871 test-amd64-i386-rhel6hvm-intel 3 host-install(3) broken REGR. vs. 26871 test-amd64-i386-xl 3 host-install(3) broken REGR. vs. 26871 test-amd64-i386-freebsd10-i386 3 host-install(3) broken REGR. vs. 26871 test-amd64-amd64-xl-win7-amd64 3 host-install(3) broken REGR. vs. 26871 test-amd64-amd64-xl-qemut-debianhvm-amd64 3 host-install(3) broken REGR. vs. 26871 test-amd64-amd64-xl-qemut-win7-amd64 3 host-install(3) broken REGR. vs. 26871 Tests which did not succeed, but are not blocking: test-armhf-armhf-libvirt 9 guest-start fail never pass test-amd64-i386-libvirt 9 guest-start fail never pass test-amd64-amd64-xl-pcipt-intel 9 guest-start fail never pass test-amd64-amd64-libvirt 9 guest-start fail never pass test-armhf-armhf-xl 10 migrate-support-check fail never pass test-amd64-amd64-xl-qemuu-win7-amd64 14 guest-stop fail never pass test-amd64-i386-xl-qemut-win7-amd64 14 guest-stop fail never pass test-amd64-i386-xl-win7-amd64 14 guest-stop fail never pass test-amd64-i386-xl-qemuu-winxpsp3 14 guest-stop fail never pass test-amd64-i386-xl-qemut-winxpsp3 14 guest-stop fail never pass test-amd64-i386-xl-qemut-winxpsp3-vcpus1 14 guest-stop fail never pass test-amd64-i386-xl-qemuu-win7-amd64 14 guest-stop fail never pass test-amd64-i386-xl-winxpsp3-vcpus1 14 guest-stop fail never pass test-amd64-i386-xl-qemuu-winxpsp3-vcpus1 14 guest-stop fail never pass test-amd64-i386-xl-winxpsp3 14 guest-stop fail never pass test-amd64-amd64-xl-qemuu-winxpsp3 14 guest-stop fail never pass test-amd64-amd64-xl-winxpsp3 14 guest-stop fail never pass test-amd64-amd64-xl-qemut-winxpsp3 14 guest-stop fail never pass version targeted for testing: xen 552710b388630dfa461932940a998e120c42277d baseline version: xen 7f8d8abcf6dfb85fae591a547b24f9b27d92272c ------------------------------------------------------------ People who touched revisions under test: Andrew Cooper Aravind Gopalakrishnan Boris Ostrovsky Christoph Egger Fabio Fantoni Ian Campbell Ian Jackson Jacek Konieczny Jan Beulich Jason Andryuk Julien Grall Julien Grall Lai Jiangshan Mukesh Rathor Paul Durrant Roger Pau Monné Wen Congyang Yang Hongyang Zhigang Wang ------------------------------------------------------------ jobs: build-amd64 pass build-armhf pass build-i386 pass build-amd64-libvirt pass build-armhf-libvirt pass build-i386-libvirt pass build-amd64-oldkern pass build-i386-oldkern pass build-amd64-pvops pass build-armhf-pvops pass build-i386-pvops pass build-amd64-rumpuserxen pass build-i386-rumpuserxen pass test-amd64-amd64-xl pass test-armhf-armhf-xl pass test-amd64-i386-xl broken test-amd64-i386-rhel6hvm-amd pass test-amd64-i386-qemut-rhel6hvm-amd broken test-amd64-i386-qemuu-rhel6hvm-amd pass test-amd64-amd64-xl-qemut-debianhvm-amd64 broken test-amd64-i386-xl-qemut-debianhvm-amd64 pass test-amd64-amd64-xl-qemuu-debianhvm-amd64 pass test-amd64-i386-xl-qemuu-debianhvm-amd64 pass test-amd64-i386-freebsd10-amd64 pass test-amd64-amd64-xl-qemuu-ovmf-amd64 pass test-amd64-i386-xl-qemuu-ovmf-amd64 pass test-amd64-amd64-rumpuserxen-amd64 pass test-amd64-amd64-xl-qemut-win7-amd64 broken test-amd64-i386-xl-qemut-win7-amd64 fail test-amd64-amd64-xl-qemuu-win7-amd64 fail test-amd64-i386-xl-qemuu-win7-amd64 fail test-amd64-amd64-xl-win7-amd64 broken test-amd64-i386-xl-win7-amd64 fail test-amd64-i386-xl-credit2 broken test-amd64-i386-freebsd10-i386 broken test-amd64-i386-rumpuserxen-i386 pass test-amd64-amd64-xl-pcipt-intel fail test-amd64-i386-rhel6hvm-intel broken test-amd64-i386-qemut-rhel6hvm-intel pass test-amd64-i386-qemuu-rhel6hvm-intel broken test-amd64-amd64-libvirt fail test-armhf-armhf-libvirt fail test-amd64-i386-libvirt fail test-amd64-i386-xl-multivcpu pass test-amd64-amd64-pair pass test-amd64-i386-pair pass test-amd64-amd64-xl-sedf-pin pass test-amd64-amd64-xl-sedf pass test-amd64-i386-xl-qemut-winxpsp3-vcpus1 fail test-amd64-i386-xl-qemuu-winxpsp3-vcpus1 fail test-amd64-i386-xl-winxpsp3-vcpus1 fail test-amd64-amd64-xl-qemut-winxpsp3 fail test-amd64-i386-xl-qemut-winxpsp3 fail test-amd64-amd64-xl-qemuu-winxpsp3 fail test-amd64-i386-xl-qemuu-winxpsp3 fail test-amd64-amd64-xl-winxpsp3 fail test-amd64-i386-xl-winxpsp3 fail ------------------------------------------------------------ sg-report-flight on osstest.cam.xci-test.com logs: /home/xc_osstest/logs images: /home/xc_osstest/images Logs, config files, etc. are available at http://www.chiark.greenend.org.uk/~xensrcts/logs Test harness code can be found at http://xenbits.xensource.com/gitweb?p=osstest.git;a=summary Not pushing. (No revision log; it would be 513 lines long.) --===============6415407547953150976== Content-Type: text/plain; charset="us-ascii" MIME-Version: 1.0 Content-Transfer-Encoding: 7bit Content-Disposition: inline _______________________________________________ Xen-devel mailing list Xen-devel@lists.xen.org http://lists.xen.org/xen-devel --===============6415407547953150976==--