* [xen-unstable test] 26933: trouble: broken/fail/pass
@ 2014-06-04 4:24 xen.org
0 siblings, 0 replies; only message in thread
From: xen.org @ 2014-06-04 4:24 UTC (permalink / raw)
To: xen-devel; +Cc: ian.jackson
[-- Attachment #1: Type: text/plain, Size: 8039 bytes --]
flight 26933 xen-unstable real [real]
http://www.chiark.greenend.org.uk/~xensrcts/logs/26933/
Failures and problems with tests :-(
Tests which did not succeed and are blocking,
including tests which could not be run:
test-amd64-i386-qemut-rhel6hvm-amd 3 host-install(3) broken REGR. vs. 26871
test-amd64-i386-qemuu-rhel6hvm-intel 3 host-install(3) broken REGR. vs. 26871
test-amd64-i386-xl-credit2 3 host-install(3) broken REGR. vs. 26871
test-amd64-i386-rhel6hvm-intel 3 host-install(3) broken REGR. vs. 26871
test-amd64-i386-xl 3 host-install(3) broken REGR. vs. 26871
test-amd64-i386-freebsd10-i386 3 host-install(3) broken REGR. vs. 26871
test-amd64-amd64-xl-win7-amd64 3 host-install(3) broken REGR. vs. 26871
test-amd64-amd64-xl-qemut-debianhvm-amd64 3 host-install(3) broken REGR. vs. 26871
test-amd64-amd64-xl-qemut-win7-amd64 3 host-install(3) broken REGR. vs. 26871
Tests which did not succeed, but are not blocking:
test-armhf-armhf-libvirt 9 guest-start fail never pass
test-amd64-i386-libvirt 9 guest-start fail never pass
test-amd64-amd64-xl-pcipt-intel 9 guest-start fail never pass
test-amd64-amd64-libvirt 9 guest-start fail never pass
test-armhf-armhf-xl 10 migrate-support-check fail never pass
test-amd64-amd64-xl-qemuu-win7-amd64 14 guest-stop fail never pass
test-amd64-i386-xl-qemut-win7-amd64 14 guest-stop fail never pass
test-amd64-i386-xl-win7-amd64 14 guest-stop fail never pass
test-amd64-i386-xl-qemuu-winxpsp3 14 guest-stop fail never pass
test-amd64-i386-xl-qemut-winxpsp3 14 guest-stop fail never pass
test-amd64-i386-xl-qemut-winxpsp3-vcpus1 14 guest-stop fail never pass
test-amd64-i386-xl-qemuu-win7-amd64 14 guest-stop fail never pass
test-amd64-i386-xl-winxpsp3-vcpus1 14 guest-stop fail never pass
test-amd64-i386-xl-qemuu-winxpsp3-vcpus1 14 guest-stop fail never pass
test-amd64-i386-xl-winxpsp3 14 guest-stop fail never pass
test-amd64-amd64-xl-qemuu-winxpsp3 14 guest-stop fail never pass
test-amd64-amd64-xl-winxpsp3 14 guest-stop fail never pass
test-amd64-amd64-xl-qemut-winxpsp3 14 guest-stop fail never pass
version targeted for testing:
xen 552710b388630dfa461932940a998e120c42277d
baseline version:
xen 7f8d8abcf6dfb85fae591a547b24f9b27d92272c
------------------------------------------------------------
People who touched revisions under test:
Andrew Cooper <andrew.cooper3@citrix.com>
Aravind Gopalakrishnan <aravind.gopalakrishnan@amd.com>
Boris Ostrovsky <boris.ostrovsky@oracle.com>
Christoph Egger <chegger@amazon.de>
Fabio Fantoni <fabio.fantoni@m2r.biz>
Ian Campbell <ian.campbell@citrix.com>
Ian Jackson <ian.jackson@eu.citrix.com>
Jacek Konieczny <jajcus@jajcus.net>
Jan Beulich <jbeulich@suse.com>
Jason Andryuk <andryuk@aero.org>
Julien Grall <julien.grall@linaro.org>
Julien Grall<julien.grall@linaro.org>
Lai Jiangshan <laijs@cn.fujitsu.com>
Mukesh Rathor <mukesh.rathor@oracle.com>
Paul Durrant <paul.durrant@citrix.com>
Roger Pau Monné <roger.pau@citrix.com>
Wen Congyang <wency@cn.fujitsu.com>
Yang Hongyang <yanghy@cn.fujitsu.com>
Zhigang Wang <zhigang.x.wang@oracle.com>
------------------------------------------------------------
jobs:
build-amd64 pass
build-armhf pass
build-i386 pass
build-amd64-libvirt pass
build-armhf-libvirt pass
build-i386-libvirt pass
build-amd64-oldkern pass
build-i386-oldkern pass
build-amd64-pvops pass
build-armhf-pvops pass
build-i386-pvops pass
build-amd64-rumpuserxen pass
build-i386-rumpuserxen pass
test-amd64-amd64-xl pass
test-armhf-armhf-xl pass
test-amd64-i386-xl broken
test-amd64-i386-rhel6hvm-amd pass
test-amd64-i386-qemut-rhel6hvm-amd broken
test-amd64-i386-qemuu-rhel6hvm-amd pass
test-amd64-amd64-xl-qemut-debianhvm-amd64 broken
test-amd64-i386-xl-qemut-debianhvm-amd64 pass
test-amd64-amd64-xl-qemuu-debianhvm-amd64 pass
test-amd64-i386-xl-qemuu-debianhvm-amd64 pass
test-amd64-i386-freebsd10-amd64 pass
test-amd64-amd64-xl-qemuu-ovmf-amd64 pass
test-amd64-i386-xl-qemuu-ovmf-amd64 pass
test-amd64-amd64-rumpuserxen-amd64 pass
test-amd64-amd64-xl-qemut-win7-amd64 broken
test-amd64-i386-xl-qemut-win7-amd64 fail
test-amd64-amd64-xl-qemuu-win7-amd64 fail
test-amd64-i386-xl-qemuu-win7-amd64 fail
test-amd64-amd64-xl-win7-amd64 broken
test-amd64-i386-xl-win7-amd64 fail
test-amd64-i386-xl-credit2 broken
test-amd64-i386-freebsd10-i386 broken
test-amd64-i386-rumpuserxen-i386 pass
test-amd64-amd64-xl-pcipt-intel fail
test-amd64-i386-rhel6hvm-intel broken
test-amd64-i386-qemut-rhel6hvm-intel pass
test-amd64-i386-qemuu-rhel6hvm-intel broken
test-amd64-amd64-libvirt fail
test-armhf-armhf-libvirt fail
test-amd64-i386-libvirt fail
test-amd64-i386-xl-multivcpu pass
test-amd64-amd64-pair pass
test-amd64-i386-pair pass
test-amd64-amd64-xl-sedf-pin pass
test-amd64-amd64-xl-sedf pass
test-amd64-i386-xl-qemut-winxpsp3-vcpus1 fail
test-amd64-i386-xl-qemuu-winxpsp3-vcpus1 fail
test-amd64-i386-xl-winxpsp3-vcpus1 fail
test-amd64-amd64-xl-qemut-winxpsp3 fail
test-amd64-i386-xl-qemut-winxpsp3 fail
test-amd64-amd64-xl-qemuu-winxpsp3 fail
test-amd64-i386-xl-qemuu-winxpsp3 fail
test-amd64-amd64-xl-winxpsp3 fail
test-amd64-i386-xl-winxpsp3 fail
------------------------------------------------------------
sg-report-flight on osstest.cam.xci-test.com
logs: /home/xc_osstest/logs
images: /home/xc_osstest/images
Logs, config files, etc. are available at
http://www.chiark.greenend.org.uk/~xensrcts/logs
Test harness code can be found at
http://xenbits.xensource.com/gitweb?p=osstest.git;a=summary
Not pushing.
(No revision log; it would be 513 lines long.)
[-- Attachment #2: Type: text/plain, Size: 126 bytes --]
_______________________________________________
Xen-devel mailing list
Xen-devel@lists.xen.org
http://lists.xen.org/xen-devel
^ permalink raw reply [flat|nested] only message in thread
only message in thread, other threads:[~2014-06-04 4:24 UTC | newest]
Thread overview: (only message) (download: mbox.gz follow: Atom feed
-- links below jump to the message on this page --
2014-06-04 4:24 [xen-unstable test] 26933: trouble: broken/fail/pass xen.org
This is a public inbox, see mirroring instructions
for how to clone and mirror all data and code used for this inbox;
as well as URLs for NNTP newsgroup(s).