xen-devel.lists.xenproject.org archive mirror
 help / color / mirror / Atom feed
* [linux-linus test] 29310: tolerable FAIL - PUSHED
@ 2014-07-14 17:35 xen.org
  0 siblings, 0 replies; only message in thread
From: xen.org @ 2014-07-14 17:35 UTC (permalink / raw)
  To: xen-devel; +Cc: ian.jackson

[-- Attachment #1: Type: text/plain, Size: 16050 bytes --]

flight 29310 linux-linus real [real]
http://www.chiark.greenend.org.uk/~xensrcts/logs/29310/

Failures :-/ but no regressions.

Regressions which are regarded as allowable (not blocking):
 test-amd64-i386-xl            5 xen-boot                 fail blocked in 29301
 test-amd64-i386-xl-multivcpu 15 guest-localmigrate/x10   fail blocked in 29301
 test-amd64-i386-xl-credit2   15 guest-localmigrate/x10   fail blocked in 29301
 test-amd64-i386-freebsd10-i386  7 freebsd-install        fail blocked in 29301
 test-amd64-i386-freebsd10-amd64  7 freebsd-install       fail blocked in 29301
 test-amd64-i386-xl-qemuu-debianhvm-amd64  5 xen-boot     fail blocked in 29301
 test-amd64-i386-qemut-rhel6hvm-amd  7 redhat-install     fail blocked in 29301
 test-amd64-i386-rhel6hvm-amd  5 xen-boot                 fail blocked in 29301
 test-amd64-i386-xl-qemut-debianhvm-amd64  5 xen-boot     fail blocked in 29301
 test-amd64-i386-qemuu-rhel6hvm-amd  7 redhat-install     fail blocked in 29301
 test-amd64-amd64-xl-sedf     15 guest-localmigrate/x10   fail blocked in 29301
 test-amd64-amd64-xl-sedf-pin 15 guest-localmigrate/x10   fail blocked in 29301
 test-amd64-i386-pair  17 guest-migrate/src_host/dst_host fail blocked in 29301
 test-amd64-amd64-xl-qemuu-winxpsp3  7 windows-install    fail blocked in 29301

Tests which did not succeed, but are not blocking:
 test-amd64-i386-libvirt       9 guest-start                  fail   never pass
 test-armhf-armhf-libvirt      9 guest-start                  fail   never pass
 test-amd64-amd64-libvirt      9 guest-start                  fail   never pass
 test-armhf-armhf-xl          10 migrate-support-check        fail   never pass
 test-amd64-i386-xl-qemuu-winxpsp3-vcpus1 14 guest-stop         fail never pass
 test-amd64-i386-xl-qemuu-winxpsp3 14 guest-stop                fail never pass
 test-amd64-i386-xl-qemut-win7-amd64 14 guest-stop              fail never pass
 test-amd64-i386-xl-win7-amd64 14 guest-stop                   fail  never pass
 test-amd64-i386-xl-qemuu-win7-amd64 14 guest-stop              fail never pass
 test-amd64-amd64-xl-qemut-win7-amd64 14 guest-stop             fail never pass
 test-amd64-amd64-xl-winxpsp3 14 guest-stop                   fail   never pass
 test-amd64-amd64-xl-qemut-winxpsp3 14 guest-stop               fail never pass
 test-amd64-amd64-xl-pcipt-intel  9 guest-start                 fail never pass
 test-amd64-amd64-xl-win7-amd64 14 guest-stop                   fail never pass
 test-amd64-i386-xl-winxpsp3-vcpus1 14 guest-stop               fail never pass
 test-amd64-i386-xl-qemut-winxpsp3-vcpus1 14 guest-stop         fail never pass
 test-amd64-i386-xl-winxpsp3  14 guest-stop                   fail   never pass
 test-amd64-i386-xl-qemut-winxpsp3 14 guest-stop                fail never pass
 test-amd64-amd64-xl-qemuu-win7-amd64 14 guest-stop             fail never pass

version targeted for testing:
 linux                1795cd9b3a91d4b5473c97f491d63892442212ab
baseline version:
 linux                6b458ac195c51790830b2267bdf3edaae27eab3e

------------------------------------------------------------
People who touched revisions under test:
  Abhilash Kesavan <a.kesavan@samsung.com>
  Alexandre Belloni <alexandre.belloni@free-electrons.com>
  Amit Daniel Kachhap <amit.daniel@samsung.com>
  Andreas Faerber <afaerber@suse.de>
  Andreas Schwab <schwab@linux-m68k.org>
  Andrew Bresticker <abrestic@chromium.org>
  Arun Kumar K <arun.kk@samsung.com>
  Ashish Sangwan <a.sangwan@samsung.com>
  Bo Shen <voice.shen@atmel.com>
  Charles Keepax <ckeepax@opensource.wolfsonmicro.com>
  Dan Carpenter <dan.carpenter@oracle.com>
  Daniel Mack <zonque@gmail.com>
  Doug Anderson <dianders@chromium.org>
  Enric Balletbo i Serra <eballetbo@iseebcn.com>
  Eric Sandeen <sandeen@redhat.com>
  Eric Whitney <enwlinux@gmail.com>
  Fabio Estevam <fabio.estevam@freescale.com>
  Felipe Balbi <balbi@ti.com>
  Geert Uytterhoeven <geert@linux-m68k.org>
  Guido Martínez <guido@vanguardiasur.com.ar>
  Helge Deller <deller@gmx.de>
  Himangi Saraogi <himangi774@gmail.com>
  Jaewon Kim <jaewon02.kim@samsung.com>
  Javier Martinez Canillas <javier.martinez@collabora.co.uk>
  Jiri Prchal <jiri.prchal@aksignal.cz>
  Jon Medhurst <tixy@linaro.org>
  Julia Lawall <Julia.Lawall@lip6.fr>
  Jyri Sarha <jsarha@ti.com>
  Krzysztof Kozlowski <k.kozlowski@samsung.com>
  Kukjin Kim <kgene.kim@samsung.com>
  Linus Torvalds <torvalds@linux-foundation.org>
  Mike Turquette <mturquette@linaro.org>
  Namjae Jeon <namjae.jeon@samsung.com>
  Nicolas Ferre <nicolas.ferre@atmel.com>
  Nishanth Menon <nm@ti.com>
  Olof Johansson <olof@lixom.net>
  Paul Walmsley <paul@pwsan.com>
  Pavel Machek <pavel@ucw.cz>
  Pekon Gupta <pekon@ti.com>
  Peter Ujfalusi <peter.ujfalusi@ti.com>
  Prathyush K <prathyush.k@samsung.com>
  Rahul Sharma <rahul.sharma@samsung.com>
  Rajendra Nayak <rnayak@ti.com>
  Roger Quadros <rogerq@ti.com>
  Russell King - ARM Linux <linux@arm.linux.org.uk>
  Russell King <rmk+kernel@arm.linux.org.uk>
  Sachin Kamat <sachin.kamat@linaro.org>
  Sekhar Nori <nsekhar@ti.com>
  Shaik Ameer Basha <shaik.ameer@samsung.com>
  Shawn Guo <shawn.guo@freescale.com>
  Shawn Guo <shawn.guo@linaro.org>
  Simon Horman <horms+renesas@verge.net.au>
  Stephen Boyd <sboyd@codeaurora.org>
  Suman Anna <s-anna@ti.com>
  Tero Kristo <t-kristo@ti.com>
  Theodore Ts'o <tytso@mit.edu>
  Thomas Gleixner <tglx@linutronix.de>
  Tomasz Figa <t.figa@samsung.com>
  Tomi Valkeinen <tomi.valkeinen@ti.com>
  Tony Lindgren <tony@atomide.com>
  Tushar Behera <tushar.b@samsung.com>
  Tushar Behera <tushar.behera@linaro.org>
  Vasily Khoruzhick <anarsoul@gmail.com>
  Vinod Koul <vinod.koul@intel.com>
  Viresh Kumar <viresh.kumar@linaro.org>
------------------------------------------------------------

jobs:
 build-amd64                                                  pass
 build-armhf                                                  pass
 build-i386                                                   pass
 build-amd64-libvirt                                          pass
 build-armhf-libvirt                                          pass
 build-i386-libvirt                                           pass
 build-amd64-pvops                                            pass
 build-armhf-pvops                                            pass
 build-i386-pvops                                             pass
 build-amd64-rumpuserxen                                      pass
 build-i386-rumpuserxen                                       pass
 test-amd64-amd64-xl                                          pass
 test-armhf-armhf-xl                                          pass
 test-amd64-i386-xl                                           fail
 test-amd64-i386-rhel6hvm-amd                                 fail
 test-amd64-i386-qemut-rhel6hvm-amd                           fail
 test-amd64-i386-qemuu-rhel6hvm-amd                           fail
 test-amd64-amd64-xl-qemut-debianhvm-amd64                    pass
 test-amd64-i386-xl-qemut-debianhvm-amd64                     fail
 test-amd64-amd64-xl-qemuu-debianhvm-amd64                    pass
 test-amd64-i386-xl-qemuu-debianhvm-amd64                     fail
 test-amd64-i386-freebsd10-amd64                              fail
 test-amd64-amd64-xl-qemuu-ovmf-amd64                         pass
 test-amd64-i386-xl-qemuu-ovmf-amd64                          pass
 test-amd64-amd64-rumpuserxen-amd64                           pass
 test-amd64-amd64-xl-qemut-win7-amd64                         fail
 test-amd64-i386-xl-qemut-win7-amd64                          fail
 test-amd64-amd64-xl-qemuu-win7-amd64                         fail
 test-amd64-i386-xl-qemuu-win7-amd64                          fail
 test-amd64-amd64-xl-win7-amd64                               fail
 test-amd64-i386-xl-win7-amd64                                fail
 test-amd64-i386-xl-credit2                                   fail
 test-amd64-i386-freebsd10-i386                               fail
 test-amd64-i386-rumpuserxen-i386                             pass
 test-amd64-amd64-xl-pcipt-intel                              fail
 test-amd64-i386-rhel6hvm-intel                               pass
 test-amd64-i386-qemut-rhel6hvm-intel                         pass
 test-amd64-i386-qemuu-rhel6hvm-intel                         pass
 test-amd64-amd64-libvirt                                     fail
 test-armhf-armhf-libvirt                                     fail
 test-amd64-i386-libvirt                                      fail
 test-amd64-i386-xl-multivcpu                                 fail
 test-amd64-amd64-pair                                        pass
 test-amd64-i386-pair                                         fail
 test-amd64-amd64-xl-sedf-pin                                 fail
 test-amd64-amd64-xl-sedf                                     fail
 test-amd64-i386-xl-qemut-winxpsp3-vcpus1                     fail
 test-amd64-i386-xl-qemuu-winxpsp3-vcpus1                     fail
 test-amd64-i386-xl-winxpsp3-vcpus1                           fail
 test-amd64-amd64-xl-qemut-winxpsp3                           fail
 test-amd64-i386-xl-qemut-winxpsp3                            fail
 test-amd64-amd64-xl-qemuu-winxpsp3                           fail
 test-amd64-i386-xl-qemuu-winxpsp3                            fail
 test-amd64-amd64-xl-winxpsp3                                 fail
 test-amd64-i386-xl-winxpsp3                                  fail


------------------------------------------------------------
sg-report-flight on osstest.cam.xci-test.com
logs: /home/xc_osstest/logs
images: /home/xc_osstest/images

Logs, config files, etc. are available at
    http://www.chiark.greenend.org.uk/~xensrcts/logs

Test harness code can be found at
    http://xenbits.xensource.com/gitweb?p=osstest.git;a=summary


Pushing revision :

+ branch=linux-linus
+ revision=1795cd9b3a91d4b5473c97f491d63892442212ab
+ . cri-lock-repos
++ . cri-common
+++ . cri-getconfig
+++ umask 002
+++ getconfig Repos
+++ perl -e '
                use Osstest;
                readglobalconfig();
                print $c{"Repos"} or die $!;
        '
++ repos=/export/home/osstest/repos
++ repos_lock=/export/home/osstest/repos/lock
++ '[' x '!=' x/export/home/osstest/repos/lock ']'
++ OSSTEST_REPOS_LOCK_LOCKED=/export/home/osstest/repos/lock
++ exec with-lock-ex -w /export/home/osstest/repos/lock ./ap-push linux-linus 1795cd9b3a91d4b5473c97f491d63892442212ab
+ branch=linux-linus
+ revision=1795cd9b3a91d4b5473c97f491d63892442212ab
+ . cri-lock-repos
++ . cri-common
+++ . cri-getconfig
+++ umask 002
+++ getconfig Repos
+++ perl -e '
                use Osstest;
                readglobalconfig();
                print $c{"Repos"} or die $!;
        '
++ repos=/export/home/osstest/repos
++ repos_lock=/export/home/osstest/repos/lock
++ '[' x/export/home/osstest/repos/lock '!=' x/export/home/osstest/repos/lock ']'
+ . cri-common
++ . cri-getconfig
++ umask 002
+ select_xenbranch
+ case "$branch" in
+ tree=linux
+ xenbranch=xen-unstable
+ '[' xlinux = xlinux ']'
+ linuxbranch=linux-linus
+ '[' x = x ']'
+ qemuubranch=qemu-upstream-unstable
+ : tested/2.6.39.x
+ . ap-common
++ : osstest@xenbits.xensource.com
++ : git://xenbits.xen.org/xen.git
++ : osstest@xenbits.xensource.com:/home/xen/git/xen.git
++ : git://xenbits.xen.org/staging/qemu-xen-unstable.git
++ : git://git.kernel.org
++ : git://git.kernel.org/pub/scm/linux/kernel/git
++ : git
++ : git://xenbits.xen.org/libvirt.git
++ : osstest@xenbits.xensource.com:/home/xen/git/libvirt.git
++ : git://xenbits.xen.org/libvirt.git
+++ besteffort_repo git://git.sv.gnu.org/gnulib.git
+++ local repo=git://git.sv.gnu.org/gnulib.git
+++ cached_repo git://git.sv.gnu.org/gnulib.git '[fetch=try]'
+++ local repo=git://git.sv.gnu.org/gnulib.git
+++ local 'options=[fetch=try]'
++++ getconfig GitCacheProxy
++++ perl -e '
                use Osstest;
                readglobalconfig();
                print $c{"GitCacheProxy"} or die $!;
        '
+++ local cache=git://drall.uk.xensource.com:9419/
+++ '[' xgit://drall.uk.xensource.com:9419/ '!=' x ']'
+++ echo 'git://drall.uk.xensource.com:9419/git://git.sv.gnu.org/gnulib.git%20[fetch=try]'
++ : 'git://drall.uk.xensource.com:9419/git://git.sv.gnu.org/gnulib.git%20[fetch=try]'
++ : git://xenbits.xen.org/rumpuser-xen.git
++ : git
++ : git://xenbits.xen.org/rumpuser-xen.git
++ : osstest@xenbits.xensource.com:/home/xen/git/rumpuser-xen.git
+++ besteffort_repo https://github.com/rumpkernel/rumpkernel-netbsd-src
+++ local repo=https://github.com/rumpkernel/rumpkernel-netbsd-src
+++ cached_repo https://github.com/rumpkernel/rumpkernel-netbsd-src '[fetch=try]'
+++ local repo=https://github.com/rumpkernel/rumpkernel-netbsd-src
+++ local 'options=[fetch=try]'
++++ getconfig GitCacheProxy
++++ perl -e '
                use Osstest;
                readglobalconfig();
                print $c{"GitCacheProxy"} or die $!;
        '
+++ local cache=git://drall.uk.xensource.com:9419/
+++ '[' xgit://drall.uk.xensource.com:9419/ '!=' x ']'
+++ echo 'git://drall.uk.xensource.com:9419/https://github.com/rumpkernel/rumpkernel-netbsd-src%20[fetch=try]'
++ : 'git://drall.uk.xensource.com:9419/https://github.com/rumpkernel/rumpkernel-netbsd-src%20[fetch=try]'
++ : git
++ : git://git.seabios.org/seabios.git
++ : osstest@xenbits.xensource.com:/home/xen/git/osstest/seabios.git
++ : git://xenbits.xen.org/osstest/seabios.git
++ : git://xenbits.xen.org/osstest/linux-firmware.git
++ : osstest@xenbits.xensource.com:/home/osstest/ext/linux-firmware.git
++ : git://git.kernel.org/pub/scm/linux/kernel/git/firmware/linux-firmware.git
++ : osstest@xenbits.xensource.com:/home/xen/git/linux-pvops.git
++ : git://xenbits.xen.org/linux-pvops.git
++ : tested/linux-3.4
++ : tested/linux-arm-xen
++ '[' xgit://git.kernel.org/pub/scm/linux/kernel/git/torvalds/linux-2.6.git = x ']'
++ '[' xgit://git.kernel.org/pub/scm/linux/kernel/git/torvalds/linux-2.6.git = x ']'
++ : git://git.kernel.org/pub/scm/linux/kernel/git/konrad/xen.git
++ : tested/2.6.39.x
++ : daily-cron.linux-linus
++ : daily-cron.linux-linus
++ : daily-cron.linux-linus
++ : daily-cron.linux-linus
++ : daily-cron.linux-linus
++ : daily-cron.linux-linus
++ : http://hg.uk.xensource.com/carbon/trunk/linux-2.6.27
++ : git://xenbits.xen.org/staging/qemu-upstream-unstable.git
++ : daily-cron.linux-linus
++ : git://git.qemu.org/qemu.git
++ : git://xenbits.xen.org/osstest/qemu.git
++ : osstest@xenbits.xensource.com:/home/xen/git/osstest/qemu.git
++ : daily-cron.linux-linus
+ TREE_LINUX=osstest@xenbits.xensource.com:/home/xen/git/linux-pvops.git
+ TREE_QEMU_MAINLINE=osstest@xenbits.xensource.com:/home/xen/git/osstest/qemu.git
+ TREE_QEMU_UPSTREAM=osstest@xenbits.xensource.com:/home/xen/git/qemu-upstream-unstable.git
+ TREE_XEN=osstest@xenbits.xensource.com:/home/xen/git/xen.git
+ TREE_LIBVIRT=osstest@xenbits.xensource.com:/home/xen/git/libvirt.git
+ TREE_RUMPUSERXEN=osstest@xenbits.xensource.com:/home/xen/git/rumpuser-xen.git
+ TREE_SEABIOS=osstest@xenbits.xensource.com:/home/xen/git/osstest/seabios.git
+ info_linux_tree linux-linus
+ case $1 in
+ : git://git.kernel.org/pub/scm/linux/kernel/git/torvalds/linux-2.6.git
+ : master
+ : git
+ : git
+ : git://xenbits.xen.org/linux-pvops.git
+ : osstest@xenbits.xensource.com:/home/xen/git/linux-pvops.git
+ : tested/linux-linus
+ : tested/linux-linus
+ return 0
+ cd /export/home/osstest/repos/linux
+ git push osstest@xenbits.xensource.com:/home/xen/git/linux-pvops.git 1795cd9b3a91d4b5473c97f491d63892442212ab:tested/linux-linus
To osstest@xenbits.xensource.com:/home/xen/git/linux-pvops.git
   6b458ac..1795cd9  1795cd9b3a91d4b5473c97f491d63892442212ab -> tested/linux-linus
+ exit 0


[-- Attachment #2: Type: text/plain, Size: 126 bytes --]

_______________________________________________
Xen-devel mailing list
Xen-devel@lists.xen.org
http://lists.xen.org/xen-devel

^ permalink raw reply	[flat|nested] only message in thread

only message in thread, other threads:[~2014-07-14 17:35 UTC | newest]

Thread overview: (only message) (download: mbox.gz follow: Atom feed
-- links below jump to the message on this page --
2014-07-14 17:35 [linux-linus test] 29310: tolerable FAIL - PUSHED xen.org

This is a public inbox, see mirroring instructions
for how to clone and mirror all data and code used for this inbox;
as well as URLs for NNTP newsgroup(s).