xen-devel.lists.xenproject.org archive mirror
 help / color / mirror / Atom feed
* [linux-linus test] 29375: regressions - FAIL
@ 2014-07-17 19:00 xen.org
  0 siblings, 0 replies; only message in thread
From: xen.org @ 2014-07-17 19:00 UTC (permalink / raw)
  To: xen-devel; +Cc: ian.jackson

[-- Attachment #1: Type: text/plain, Size: 13150 bytes --]

flight 29375 linux-linus real [real]
http://www.chiark.greenend.org.uk/~xensrcts/logs/29375/

Regressions :-(

Tests which did not succeed and are blocking,
including tests which could not be run:
 test-amd64-i386-qemut-rhel6hvm-amd  5 xen-boot            fail REGR. vs. 29310
 test-amd64-i386-qemuu-rhel6hvm-amd  5 xen-boot            fail REGR. vs. 29310
 build-armhf-pvops             5 kernel-build              fail REGR. vs. 29310

Regressions which are regarded as allowable (not blocking):
 test-amd64-i386-xl            5 xen-boot                     fail   like 29310
 test-amd64-i386-xl-multivcpu 15 guest-localmigrate/x10       fail   like 29310
 test-amd64-i386-xl-credit2   15 guest-localmigrate/x10       fail   like 29310
 test-amd64-i386-freebsd10-i386  7 freebsd-install              fail like 29310
 test-amd64-i386-freebsd10-amd64  7 freebsd-install             fail like 29310
 test-amd64-i386-xl-qemuu-debianhvm-amd64  5 xen-boot           fail like 29310
 test-amd64-i386-rhel6hvm-amd  5 xen-boot                     fail   like 29310
 test-amd64-i386-xl-qemut-debianhvm-amd64 7 debian-hvm-install fail blocked in 29310
 test-amd64-amd64-xl-sedf     15 guest-localmigrate/x10       fail   like 29310
 test-amd64-amd64-xl-sedf-pin 15 guest-localmigrate/x10       fail   like 29310
 test-amd64-i386-pair        17 guest-migrate/src_host/dst_host fail like 29310
 test-amd64-amd64-xl-qemuu-winxpsp3  7 windows-install          fail like 29310

Tests which did not succeed, but are not blocking:
 test-amd64-i386-libvirt       9 guest-start                  fail   never pass
 test-armhf-armhf-libvirt      1 build-check(1)               blocked  n/a
 test-amd64-amd64-libvirt      9 guest-start                  fail   never pass
 test-armhf-armhf-xl           1 build-check(1)               blocked  n/a
 test-amd64-i386-xl-qemuu-winxpsp3-vcpus1 14 guest-stop         fail never pass
 test-amd64-i386-xl-qemuu-winxpsp3 14 guest-stop                fail never pass
 test-amd64-i386-xl-qemut-win7-amd64 14 guest-stop              fail never pass
 test-amd64-i386-xl-win7-amd64 14 guest-stop                   fail  never pass
 test-amd64-i386-xl-qemuu-win7-amd64 14 guest-stop              fail never pass
 test-amd64-amd64-xl-qemut-win7-amd64 14 guest-stop             fail never pass
 test-amd64-amd64-xl-winxpsp3 14 guest-stop                   fail   never pass
 test-amd64-amd64-xl-qemut-winxpsp3 14 guest-stop               fail never pass
 test-amd64-amd64-xl-pcipt-intel  9 guest-start                 fail never pass
 test-amd64-amd64-xl-win7-amd64 14 guest-stop                   fail never pass
 test-amd64-i386-xl-winxpsp3-vcpus1 14 guest-stop               fail never pass
 test-amd64-i386-xl-qemut-winxpsp3-vcpus1 14 guest-stop         fail never pass
 test-amd64-i386-xl-winxpsp3  14 guest-stop                   fail   never pass
 test-amd64-i386-xl-qemut-winxpsp3 14 guest-stop                fail never pass
 test-amd64-amd64-xl-qemuu-win7-amd64 14 guest-stop             fail never pass

version targeted for testing:
 linux                b6603fe574af289dbe9eb9fb4c540bca04f5a053
baseline version:
 linux                1795cd9b3a91d4b5473c97f491d63892442212ab

------------------------------------------------------------
People who touched revisions under test:
  Aaron Brown <aaron.f.brown@intel.com>
  Aaron Plattner <aplattner@nvidia.com>
  Alan Cox <alan@linux.intel.com>
  Alex Wang <alexw@nicira.com>
  Alexander Aring <alex.aring@gmail.com>
  Alexander Smirnov <alex.bluesman.sminov@gmail.com>
  Alexey Khoroshilov <khoroshilov@ispras.ru>
  Amir Vadai <amirv@mellanox.com>
  Amitkumar Karwar <akarwar@marvell.com>
  Amritha Nambiar <amritha.nambiar@intel.com>
  Anand Avati <avati@redhat.com>
  Andrea Adami <andrea.adami@gmail.com>
  Andrea Merello <andrea.merello@gmail.com>
  Andrew Vagin <avagin@openvz.org>
  Andrey Utkin <andrey.krieger.utkin@gmail.com>
  Andy Zhou <azhou@nicira.com>
  Arend van Spriel <arend@broadcom.com>
  Arik Nemtsov <arik@wizery.com>
  Arik Nemtsov <arikx.nemtsov@intel.com>
  Arnaldo Carvalho de Melo <acme@redhat.com>
  Avinash Patil <patila@marvell.com>
  Bartosz Markowski <bartosz.markowski@tieto.com>
  Ben Pfaff <blp@nicira.com>
  Benjamin Herrenschmidt <benh@kernel.crashing.org>
  Benjamin LaHaise <bcrl@kvack.org>
  Bernd Wachter <bernd.wachter@jolla.com>
  Bing Zhao <bzhao@marvell.com>
  Bjørn Mork <bjorn@mork.no>
  Brian Norris <computersforpeace@gmail.com>
  Christoph Paasch <christoph.paasch@uclouvain.be>
  Christoph Schulz <develop@kristov.de>
  Daniel Borkmann <dborkman@redhat.com>
  Daniel Mack <zonque@gmail.com>
  David Miller <davem@davemloft.net>
  David S. Miller <davem@davemloft.net>
  David Vrabel <david.vrabel@citrix.com>
  Denis Kirjanov <kda@linux-powerpc.org>
  Ding Tianhong <dingtianhong@huawei.com>
  dingtianhong <dingtianhong@huawei.com>
  Dmitry Eremin-Solenikov <dbaryshkov@gmail.com>
  Dmitry Popov <ixaphire@qrator.net>
  Don Zickus <dzickus@redhat.com>
  Edward Allcutt <edward.allcutt@openmarket.com>
  Eliad Peller <eliad@wizery.com>
  Eliad Peller <eliadx.peller@intel.com>
  Emmanuel Grumbach <emmanuel.grumbach@intel.com>
  Eric Dumazet <edumazet@google.com>
  Fabian Frederick <fabf@skynet.be>
  Florian Fainelli <f.fainelli@gmail.com>
  Francois Romieu <romieu@fr.zoreil.com>
  françois romieu <romieu@fr.zoreil.com>
  Geert Uytterhoeven <geert@linux-m68k.org>
  Guenter Roeck <linux@roeck-us.net>
  Hangbin Liu <liuhangbin@gmail.com>
  Hannes Frederic Sowa <hannes@stressinduktion.org>
  HATAYAMA Daisuke <d.hatayama@jp.fujitsu.com>
  Hayes Wang <hayeswang@realtek.com>
  hayeswang <hayeswang@realtek.com>
  Helmut Schaa <helmut.schaa@googlemail.com>
  Himangi Saraogi <himangi774@gmail.com>
  Ilan Peer <ilan.peer@intel.com>
  Ingo Molnar <mingo@kernel.org>
  James Chapman <jchapman@katalix.com>
  James M Leddy <james.leddy@redhat.com>
  Jan Kara <jack@suse.cz>
  Jarno Rajahalme <jrajahalme@nicira.com>
  Jason Wang <jasowang@redhat.com>
  Jeff Kirsher <jeffrey.t.kirsher@intel.com>
  Jesse Gross <jesse@nicira.com>
  Jim Young <jamesx.m.young@intel.com>
  Jiri Olsa <jolsa@kernel.org>
  Jiri Olsa <jolsa@redhat.com>
  Johan Hedberg <johan.hedberg@intel.com>
  Johannes Berg <johannes.berg@intel.com>
  John W. Linville <linville@tuxdriver.com>
  Jon Maloy <jon.maloy@ericsson.com>
  Jon Paul Maloy <jon.maloy@ericsson.com>
  Joonyoung Shim <jy0922.shim@samsung.com>
  Joseph Gasparakis <joseph.gasparakis@intel.com>
  Julia Lawall <julia.lawall@lip6.fr>
  Kalle Valo <kvalo@qca.qualcomm.com>
  Linus Torvalds <torvalds@linux-foundation.org>
  Linus Walleij <linus.walleij@linaro.org>
  Loic Poulain <loic.poulain@intel.com>
  Loic Prylli <loicp@google.com>
  Lukasz Rymanowski <lukasz.rymanowski@tieto.com>
  Maciej W. Rozycki <macro@linux-mips.org>
  Madalin-Cristian Bucur <madalin.bucur@freescale.com>
  Maithili Hinge <maithili@marvell.com>
  Marcel Holtmann <marcel@holtmann.org>
  Mathias Krause <minipli@googlemail.com>
  Mauro <registosites@hotmail.com>
  Max Stepanov <Max.Stepanov@intel.com>
  Maxim Patlasov <mpatlasov@parallels.com>
  Michael Welling <mwelling@ieee.org>
  Michal Kazior <michal.kazior@tieto.com>
  Miklos Szeredi <mszeredi@suse.cz>
  Namhyung Kim <namhyung@kernel.org>
  Neal Cardwell <ncardwell@google.com>
  Nikolay Aleksandrov <nikolay@redhat.com>
  Niu Yawei <yawei.niu@gmail.com>
  Niu Yawei <yawei.niu@intel.com>
  Olivier Sobrie <olivier@sobrie.be>
  Or Gerlitz <ogerlitz@mellanox.com>
  Oren Givon <oren.givon@intel.com>
  Pavel Emelyanov <xemul@parallels.com>
  Pekon Gupta <pekon@ti.com>
  Peter Zijlstra <peterz@infradead.org>
  Pravin B Shelar <pshelar@nicira.com>
  Richard Cochran <richardcochran@gmail.com>
  Rickard Strandqvist <rickard_strandqvist@spectrumdigital.se>
  Robert Elliot <Elliott@hp.com>
  Sasha Levin <sasha.levin@oracle.com>
  Sathya Perla <sathya.perla@emulex.com>
  Simon Que <sque@chromium.org>
  Stefan Assmann <sassmann@kpanic.de>
  Stefan Richter <stefanr@s5r6.in-berlin.de>
  Stefan Sørensen <stefan.sorensen@spectralink.com>
  Suresh Reddy <Suresh.Reddy@emulex.com>
  Takashi Iwai <tiwai@suse.de>
  Ted Juan <ted.juan@gmail.com>
  Thierry Reding <treding@nvidia.com>
  Thomas Fitzsimmons <fitzsim@fitzsim.org>
  Thomas Petazzoni <thomas.petazzoni@free-electrons.com>
  Todd Fujinaka <todd.fujinaka@intel.com>
  Tom Herbert <therbert@google.com>
  Vince Bridgers <vbridgers2013@gmail.com>
  Vincent Guittot <vincent.guittot@linaro.org>
  Wei Zhang <asuka.com@163.com>
  Xinming Hu <huxm@marvell.com>
  Yijing Wang <wangyijing@huawei.com>
  Ying Xue <ying.xue@windriver.com>
  YOSHIFUJI Hideaki <yoshfuji@linux-ipv6.org>
  Yuchung Cheng <ycheng@google.com>
  Zhao Qiang <B45475@freescale.com>
------------------------------------------------------------

jobs:
 build-amd64                                                  pass
 build-armhf                                                  pass
 build-i386                                                   pass
 build-amd64-libvirt                                          pass
 build-armhf-libvirt                                          pass
 build-i386-libvirt                                           pass
 build-amd64-pvops                                            pass
 build-armhf-pvops                                            fail
 build-i386-pvops                                             pass
 build-amd64-rumpuserxen                                      pass
 build-i386-rumpuserxen                                       pass
 test-amd64-amd64-xl                                          pass
 test-armhf-armhf-xl                                          blocked
 test-amd64-i386-xl                                           fail
 test-amd64-i386-rhel6hvm-amd                                 fail
 test-amd64-i386-qemut-rhel6hvm-amd                           fail
 test-amd64-i386-qemuu-rhel6hvm-amd                           fail
 test-amd64-amd64-xl-qemut-debianhvm-amd64                    pass
 test-amd64-i386-xl-qemut-debianhvm-amd64                     fail
 test-amd64-amd64-xl-qemuu-debianhvm-amd64                    pass
 test-amd64-i386-xl-qemuu-debianhvm-amd64                     fail
 test-amd64-i386-freebsd10-amd64                              fail
 test-amd64-amd64-xl-qemuu-ovmf-amd64                         pass
 test-amd64-i386-xl-qemuu-ovmf-amd64                          pass
 test-amd64-amd64-rumpuserxen-amd64                           pass
 test-amd64-amd64-xl-qemut-win7-amd64                         fail
 test-amd64-i386-xl-qemut-win7-amd64                          fail
 test-amd64-amd64-xl-qemuu-win7-amd64                         fail
 test-amd64-i386-xl-qemuu-win7-amd64                          fail
 test-amd64-amd64-xl-win7-amd64                               fail
 test-amd64-i386-xl-win7-amd64                                fail
 test-amd64-i386-xl-credit2                                   fail
 test-amd64-i386-freebsd10-i386                               fail
 test-amd64-i386-rumpuserxen-i386                             pass
 test-amd64-amd64-xl-pcipt-intel                              fail
 test-amd64-i386-rhel6hvm-intel                               pass
 test-amd64-i386-qemut-rhel6hvm-intel                         pass
 test-amd64-i386-qemuu-rhel6hvm-intel                         pass
 test-amd64-amd64-libvirt                                     fail
 test-armhf-armhf-libvirt                                     blocked
 test-amd64-i386-libvirt                                      fail
 test-amd64-i386-xl-multivcpu                                 fail
 test-amd64-amd64-pair                                        pass
 test-amd64-i386-pair                                         fail
 test-amd64-amd64-xl-sedf-pin                                 fail
 test-amd64-amd64-xl-sedf                                     fail
 test-amd64-i386-xl-qemut-winxpsp3-vcpus1                     fail
 test-amd64-i386-xl-qemuu-winxpsp3-vcpus1                     fail
 test-amd64-i386-xl-winxpsp3-vcpus1                           fail
 test-amd64-amd64-xl-qemut-winxpsp3                           fail
 test-amd64-i386-xl-qemut-winxpsp3                            fail
 test-amd64-amd64-xl-qemuu-winxpsp3                           fail
 test-amd64-i386-xl-qemuu-winxpsp3                            fail
 test-amd64-amd64-xl-winxpsp3                                 fail
 test-amd64-i386-xl-winxpsp3                                  fail


------------------------------------------------------------
sg-report-flight on osstest.cam.xci-test.com
logs: /home/xc_osstest/logs
images: /home/xc_osstest/images

Logs, config files, etc. are available at
    http://www.chiark.greenend.org.uk/~xensrcts/logs

Test harness code can be found at
    http://xenbits.xensource.com/gitweb?p=osstest.git;a=summary


Not pushing.

(No revision log; it would be 3449 lines long.)


[-- Attachment #2: Type: text/plain, Size: 126 bytes --]

_______________________________________________
Xen-devel mailing list
Xen-devel@lists.xen.org
http://lists.xen.org/xen-devel

^ permalink raw reply	[flat|nested] only message in thread

only message in thread, other threads:[~2014-07-17 19:00 UTC | newest]

Thread overview: (only message) (download: mbox.gz follow: Atom feed
-- links below jump to the message on this page --
2014-07-17 19:00 [linux-linus test] 29375: regressions - FAIL xen.org

This is a public inbox, see mirroring instructions
for how to clone and mirror all data and code used for this inbox;
as well as URLs for NNTP newsgroup(s).