From mboxrd@z Thu Jan 1 00:00:00 1970 From: xen.org Subject: [linux-3.4 test] 29388: tolerable FAIL - PUSHED Date: Sat, 19 Jul 2014 01:53:32 +0100 Message-ID: Mime-Version: 1.0 Content-Type: multipart/mixed; boundary="===============5002860006896083488==" Return-path: List-Unsubscribe: , List-Post: List-Help: List-Subscribe: , Sender: xen-devel-bounces@lists.xen.org Errors-To: xen-devel-bounces@lists.xen.org To: xen-devel@lists.xensource.com Cc: ian.jackson@eu.citrix.com List-Id: xen-devel@lists.xenproject.org --===============5002860006896083488== Content-Type: text/plain Content-Length: 13431 Content-Transfer-Encoding: quoted-printable flight 29388 linux-3.4 real [real] http://www.chiark.greenend.org.uk/~xensrcts/logs/29388/ Failures :-/ but no regressions. Tests which are failing intermittently (not blocking): test-amd64-i386-xl-qemuu-win7-amd64 7 windows-install fail pass in 29382 test-amd64-amd64-xl-qemut-debianhvm-amd64 13 guest-localmigrate/x10 fail in 29382 pass in 29388 Regressions which are regarded as allowable (not blocking): test-amd64-amd64-xl-qemut-winxpsp3 7 windows-install fail like 29197 test-amd64-amd64-xl-qemuu-winxpsp3 7 windows-install fail like 29197 test-amd64-amd64-xl-win7-amd64 7 windows-install fail in 29382 like 29396-bisect Tests which did not succeed, but are not blocking: test-amd64-amd64-libvirt 9 guest-start fail never pass test-amd64-amd64-xl-pcipt-intel 9 guest-start fail never pass test-amd64-i386-libvirt 9 guest-start fail never pass test-amd64-i386-xl-qemut-winxpsp3-vcpus1 14 guest-stop fail never pass test-amd64-i386-xl-winxpsp3-vcpus1 14 guest-stop fail never pass test-amd64-amd64-xl-winxpsp3 14 guest-stop fail never pass test-amd64-i386-xl-qemut-winxpsp3 14 guest-stop fail never pass test-amd64-i386-xl-qemut-win7-amd64 14 guest-stop fail never pass test-amd64-i386-xl-winxpsp3 14 guest-stop fail never pass test-amd64-i386-xl-win7-amd64 14 guest-stop fail never pass test-amd64-amd64-xl-qemuu-win7-amd64 14 guest-stop fail never pass test-amd64-amd64-xl-qemut-win7-amd64 14 guest-stop fail never pass test-amd64-i386-xl-qemuu-winxpsp3 14 guest-stop fail never pass test-amd64-i386-xl-qemuu-winxpsp3-vcpus1 14 guest-stop fail never pass test-amd64-amd64-xl-win7-amd64 14 guest-stop fail never pass test-amd64-i386-xl-qemuu-win7-amd64 14 guest-stop fail in 29382 never pass version targeted for testing: linux 0758142f8a850928b886978753b1d8c473d6eee2 baseline version: linux 0bbbf93fb1ca152cc556aa80f83d653dd0bcb242 ------------------------------------------------------------ People who touched revisions under test: Alex Deucher Andras Kovacs Anton Blanchard Axel Lin Benjamin Herrenschmidt Bernd Wachter Bert Vermeulen Christian K=C3=B6nig Greg Kroah-Hartman Gu Zheng Guenter Roeck H. Peter Anvin Johan Hovold Lan Tianyu Li Zefan Mike Galbraith Pavel Machek Rafael J. Wysocki Roland Dreier Steven Rostedt (Red Hat) Steven Rostedt Tejun Heo Theodore Ts'o Thomas Gleixner ------------------------------------------------------------ jobs: build-amd64 pass build-i386 pass build-amd64-libvirt pass build-i386-libvirt pass build-amd64-pvops pass build-i386-pvops pass build-amd64-rumpuserxen pass build-i386-rumpuserxen pass test-amd64-amd64-xl pass test-amd64-i386-xl pass test-amd64-i386-rhel6hvm-amd pass test-amd64-i386-qemut-rhel6hvm-amd pass test-amd64-i386-qemuu-rhel6hvm-amd pass test-amd64-amd64-xl-qemut-debianhvm-amd64 pass test-amd64-i386-xl-qemut-debianhvm-amd64 pass test-amd64-amd64-xl-qemuu-debianhvm-amd64 pass test-amd64-i386-xl-qemuu-debianhvm-amd64 pass test-amd64-i386-freebsd10-amd64 pass test-amd64-amd64-xl-qemuu-ovmf-amd64 pass test-amd64-i386-xl-qemuu-ovmf-amd64 pass test-amd64-amd64-rumpuserxen-amd64 pass test-amd64-amd64-xl-qemut-win7-amd64 fail test-amd64-i386-xl-qemut-win7-amd64 fail test-amd64-amd64-xl-qemuu-win7-amd64 fail test-amd64-i386-xl-qemuu-win7-amd64 fail test-amd64-amd64-xl-win7-amd64 fail test-amd64-i386-xl-win7-amd64 fail test-amd64-i386-xl-credit2 pass test-amd64-i386-freebsd10-i386 pass test-amd64-i386-rumpuserxen-i386 pass test-amd64-amd64-xl-pcipt-intel fail test-amd64-i386-rhel6hvm-intel pass test-amd64-i386-qemut-rhel6hvm-intel pass test-amd64-i386-qemuu-rhel6hvm-intel pass test-amd64-amd64-libvirt fail test-amd64-i386-libvirt fail test-amd64-i386-xl-multivcpu pass test-amd64-amd64-pair pass test-amd64-i386-pair pass test-amd64-amd64-xl-sedf-pin pass test-amd64-amd64-xl-sedf pass test-amd64-i386-xl-qemut-winxpsp3-vcpus1 fail test-amd64-i386-xl-qemuu-winxpsp3-vcpus1 fail test-amd64-i386-xl-winxpsp3-vcpus1 fail test-amd64-amd64-xl-qemut-winxpsp3 fail test-amd64-i386-xl-qemut-winxpsp3 fail test-amd64-amd64-xl-qemuu-winxpsp3 fail test-amd64-i386-xl-qemuu-winxpsp3 fail test-amd64-amd64-xl-winxpsp3 fail test-amd64-i386-xl-winxpsp3 fail ------------------------------------------------------------ sg-report-flight on osstest.cam.xci-test.com logs: /home/xc_osstest/logs images: /home/xc_osstest/images Logs, config files, etc. are available at http://www.chiark.greenend.org.uk/~xensrcts/logs Test harness code can be found at http://xenbits.xensource.com/gitweb=3Fp=3Dosstest.git;a=3Dsummary Pushing revision : + branch=3Dlinux-3.4 + revision=3D0758142f8a850928b886978753b1d8c473d6eee2 + . cri-lock-repos ++ . cri-common +++ . cri-getconfig +++ umask 002 +++ getconfig Repos +++ perl -e ' use Osstest; readglobalconfig(); print $c{"Repos"} or die $!; ' ++ repos=3D/export/home/osstest/repos ++ repos_lock=3D/export/home/osstest/repos/lock ++ '[' x '!=3D' x/export/home/osstest/repos/lock ']' ++ OSSTEST_REPOS_LOCK_LOCKED=3D/export/home/osstest/repos/lock ++ exec with-lock-ex -w /export/home/osstest/repos/lock ./ap-push linux-3.4 0758142f8a850928b886978753b1d8c473d6eee2 + branch=3Dlinux-3.4 + revision=3D0758142f8a850928b886978753b1d8c473d6eee2 + . cri-lock-repos ++ . cri-common +++ . cri-getconfig +++ umask 002 +++ getconfig Repos +++ perl -e ' use Osstest; readglobalconfig(); print $c{"Repos"} or die $!; ' ++ repos=3D/export/home/osstest/repos ++ repos_lock=3D/export/home/osstest/repos/lock ++ '[' x/export/home/osstest/repos/lock '!=3D' x/export/home/osstest/repos/lock ']' + . cri-common ++ . cri-getconfig ++ umask 002 + select_xenbranch + case "$branch" in + tree=3Dlinux + xenbranch=3Dxen-unstable + '[' xlinux =3D xlinux ']' + linuxbranch=3Dlinux-3.4 + '[' x =3D x ']' + qemuubranch=3Dqemu-upstream-unstable + : tested/2.6.39.x + . ap-common ++ : osstest@xenbits.xensource.com ++ : git://xenbits.xen.org/xen.git ++ : osstest@xenbits.xensource.com:/home/xen/git/xen.git ++ : git://xenbits.xen.org/staging/qemu-xen-unstable.git ++ : git://git.kernel.org ++ : git://git.kernel.org/pub/scm/linux/kernel/git ++ : git ++ : git://xenbits.xen.org/libvirt.git ++ : osstest@xenbits.xensource.com:/home/xen/git/libvirt.git ++ : git://xenbits.xen.org/libvirt.git +++ besteffort_repo git://git.sv.gnu.org/gnulib.git +++ local repo=3Dgit://git.sv.gnu.org/gnulib.git +++ cached_repo git://git.sv.gnu.org/gnulib.git '[fetch=3Dtry]' +++ local repo=3Dgit://git.sv.gnu.org/gnulib.git +++ local 'options=3D[fetch=3Dtry]' ++++ getconfig GitCacheProxy ++++ perl -e ' use Osstest; readglobalconfig(); print $c{"GitCacheProxy"} or die $!; ' +++ local cache=3Dgit://drall.uk.xensource.com:9419/ +++ '[' xgit://drall.uk.xensource.com:9419/ '!=3D' x ']' +++ echo 'git://drall.uk.xensource.com:9419/git://git.sv.gnu.org/gnulib.git%20[fetch=3Dtry]' ++ : 'git://drall.uk.xensource.com:9419/git://git.sv.gnu.org/gnulib.git%20[fetch=3Dtry]' ++ : git://xenbits.xen.org/rumpuser-xen.git ++ : git ++ : git://xenbits.xen.org/rumpuser-xen.git ++ : osstest@xenbits.xensource.com:/home/xen/git/rumpuser-xen.git +++ besteffort_repo https://github.com/rumpkernel/rumpkernel-netbsd-src +++ local repo=3Dhttps://github.com/rumpkernel/rumpkernel-netbsd-src +++ cached_repo https://github.com/rumpkernel/rumpkernel-netbsd-src '[fetch=3Dtry]' +++ local repo=3Dhttps://github.com/rumpkernel/rumpkernel-netbsd-src +++ local 'options=3D[fetch=3Dtry]' ++++ getconfig GitCacheProxy ++++ perl -e ' use Osstest; readglobalconfig(); print $c{"GitCacheProxy"} or die $!; ' +++ local cache=3Dgit://drall.uk.xensource.com:9419/ +++ '[' xgit://drall.uk.xensource.com:9419/ '!=3D' x ']' +++ echo 'git://drall.uk.xensource.com:9419/https://github.com/rumpkernel/rumpkernel-netbsd-src%20[fetch=3Dtry]' ++ : 'git://drall.uk.xensource.com:9419/https://github.com/rumpkernel/rumpkernel-netbsd-src%20[fetch=3Dtry]' ++ : git ++ : git://git.seabios.org/seabios.git ++ : osstest@xenbits.xensource.com:/home/xen/git/osstest/seabios.git ++ : git://xenbits.xen.org/osstest/seabios.git ++ : git://xenbits.xen.org/osstest/linux-firmware.git ++ : osstest@xenbits.xensource.com:/home/osstest/ext/linux-firmware.git ++ : git://git.kernel.org/pub/scm/linux/kernel/git/firmware/linux-firmware.git ++ : osstest@xenbits.xensource.com:/home/xen/git/linux-pvops.git ++ : git://xenbits.xen.org/linux-pvops.git ++ : tested/linux-3.4 ++ : tested/linux-arm-xen ++ '[' xgit://git.kernel.org/pub/scm/linux/kernel/git/stable/linux-stable.git =3D x ']' ++ '[' xgit://git.kernel.org/pub/scm/linux/kernel/git/stable/linux-stable.git =3D x ']' ++ : git://git.kernel.org/pub/scm/linux/kernel/git/konrad/xen.git ++ : tested/2.6.39.x ++ : daily-cron.linux-3.4 ++ : daily-cron.linux-3.4 ++ : daily-cron.linux-3.4 ++ : daily-cron.linux-3.4 ++ : daily-cron.linux-3.4 ++ : daily-cron.linux-3.4 ++ : http://hg.uk.xensource.com/carbon/trunk/linux-2.6.27 ++ : git://xenbits.xen.org/staging/qemu-upstream-unstable.git ++ : daily-cron.linux-3.4 ++ : git://git.qemu.org/qemu.git ++ : git://xenbits.xen.org/osstest/qemu.git ++ : osstest@xenbits.xensource.com:/home/xen/git/osstest/qemu.git ++ : daily-cron.linux-3.4 + TREE_LINUX=3Dosstest@xenbits.xensource.com:/home/xen/git/linux-pvops.git + TREE_QEMU_MAINLINE=3Dosstest@xenbits.xensource.com:/home/xen/git/osstest/qemu.git + TREE_QEMU_UPSTREAM=3Dosstest@xenbits.xensource.com:/home/xen/git/qemu-upstream-unstable.git + TREE_XEN=3Dosstest@xenbits.xensource.com:/home/xen/git/xen.git + TREE_LIBVIRT=3Dosstest@xenbits.xensource.com:/home/xen/git/libvirt.git + TREE_RUMPUSERXEN=3Dosstest@xenbits.xensource.com:/home/xen/git/rumpuser-xen.git + TREE_SEABIOS=3Dosstest@xenbits.xensource.com:/home/xen/git/osstest/seabios.git + info_linux_tree linux-3.4 + case $1 in + : git://git.kernel.org/pub/scm/linux/kernel/git/stable/linux-stable.git + : linux-3.4.y + : linux-3.4.y + : git + : git + : git://xenbits.xen.org/linux-pvops.git + : osstest@xenbits.xensource.com:/home/xen/git/linux-pvops.git + : tested/linux-3.4 + : tested/linux-3.4 + return 0 + cd /export/home/osstest/repos/linux + git push osstest@xenbits.xensource.com:/home/xen/git/linux-pvops.git 0758142f8a850928b886978753b1d8c473d6eee2:tested/linux-3.4 To osstest@xenbits.xensource.com:/home/xen/git/linux-pvops.git 0bbbf93..0758142 0758142f8a850928b886978753b1d8c473d6eee2 -> tested/linux-3.4 + exit 0 --===============5002860006896083488== Content-Type: text/plain; charset="us-ascii" MIME-Version: 1.0 Content-Transfer-Encoding: 7bit Content-Disposition: inline _______________________________________________ Xen-devel mailing list Xen-devel@lists.xen.org http://lists.xen.org/xen-devel --===============5002860006896083488==--