* [qemu-upstream-unstable test] 29394: regressions - FAIL
@ 2014-07-19 13:24 xen.org
0 siblings, 0 replies; only message in thread
From: xen.org @ 2014-07-19 13:24 UTC (permalink / raw)
To: xen-devel; +Cc: ian.jackson
flight 29394 qemu-upstream-unstable real [real]
http://www.chiark.greenend.org.uk/~xensrcts/logs/29394/
Regressions :-(
Tests which did not succeed and are blocking,
including tests which could not be run:
test-amd64-i386-xl-qemut-winxpsp3-vcpus1 10 guest-localmigrate fail REGR. vs. 29210
Regressions which are regarded as allowable (not blocking):
test-amd64-amd64-xl-winxpsp3 7 windows-install fail like 29210
test-amd64-amd64-xl-qemuu-winxpsp3 7 windows-install fail like 29210
Tests which did not succeed, but are not blocking:
test-armhf-armhf-libvirt 9 guest-start fail never pass
test-amd64-amd64-libvirt 9 guest-start fail never pass
test-armhf-armhf-xl 10 migrate-support-check fail never pass
test-amd64-amd64-xl-pcipt-intel 9 guest-start fail never pass
test-amd64-i386-libvirt 9 guest-start fail never pass
test-amd64-i386-xl-qemut-winxpsp3 14 guest-stop fail never pass
test-amd64-amd64-xl-qemuu-win7-amd64 14 guest-stop fail never pass
test-amd64-i386-xl-qemuu-win7-amd64 14 guest-stop fail never pass
test-amd64-amd64-xl-qemut-win7-amd64 14 guest-stop fail never pass
test-amd64-i386-xl-win7-amd64 14 guest-stop fail never pass
test-amd64-i386-xl-winxpsp3-vcpus1 14 guest-stop fail never pass
test-amd64-i386-xl-winxpsp3 14 guest-stop fail never pass
test-amd64-i386-xl-qemuu-winxpsp3-vcpus1 14 guest-stop fail never pass
test-amd64-amd64-xl-win7-amd64 14 guest-stop fail never pass
test-amd64-i386-xl-qemuu-winxpsp3 14 guest-stop fail never pass
test-amd64-i386-xl-qemut-win7-amd64 14 guest-stop fail never pass
test-amd64-amd64-xl-qemut-winxpsp3 14 guest-stop fail never pass
version targeted for testing:
qemuu 779640a3f4f58633e8575a534838ec79b4982107
baseline version:
qemuu 978c62ba67704c6b93070aa467c8b31c0d07d1f9
------------------------------------------------------------
People who touched revisions under test:
Luiz Capitulino <lcapitulino@redhat.com>
------------------------------------------------------------
jobs:
build-amd64 pass
build-armhf pass
build-i386 pass
build-amd64-libvirt pass
build-armhf-libvirt pass
build-i386-libvirt pass
build-amd64-pvops pass
build-armhf-pvops pass
build-i386-pvops pass
test-amd64-amd64-xl pass
test-armhf-armhf-xl pass
test-amd64-i386-xl pass
test-amd64-i386-rhel6hvm-amd pass
test-amd64-i386-qemut-rhel6hvm-amd pass
test-amd64-i386-qemuu-rhel6hvm-amd pass
test-amd64-amd64-xl-qemut-debianhvm-amd64 pass
test-amd64-i386-xl-qemut-debianhvm-amd64 pass
test-amd64-amd64-xl-qemuu-debianhvm-amd64 pass
test-amd64-i386-xl-qemuu-debianhvm-amd64 pass
test-amd64-i386-freebsd10-amd64 pass
test-amd64-amd64-xl-qemuu-ovmf-amd64 pass
test-amd64-i386-xl-qemuu-ovmf-amd64 pass
test-amd64-amd64-xl-qemut-win7-amd64 fail
test-amd64-i386-xl-qemut-win7-amd64 fail
test-amd64-amd64-xl-qemuu-win7-amd64 fail
test-amd64-i386-xl-qemuu-win7-amd64 fail
test-amd64-amd64-xl-win7-amd64 fail
test-amd64-i386-xl-win7-amd64 fail
test-amd64-i386-xl-credit2 pass
test-amd64-i386-freebsd10-i386 pass
test-amd64-amd64-xl-pcipt-intel fail
test-amd64-i386-rhel6hvm-intel pass
test-amd64-i386-qemut-rhel6hvm-intel pass
test-amd64-i386-qemuu-rhel6hvm-intel pass
test-amd64-amd64-libvirt fail
test-armhf-armhf-libvirt fail
test-amd64-i386-libvirt fail
test-amd64-i386-xl-multivcpu pass
test-amd64-amd64-pair pass
test-amd64-i386-pair pass
test-amd64-amd64-xl-sedf-pin pass
test-amd64-amd64-xl-sedf pass
test-amd64-i386-xl-qemut-winxpsp3-vcpus1 fail
test-amd64-i386-xl-qemuu-winxpsp3-vcpus1 fail
test-amd64-i386-xl-winxpsp3-vcpus1 fail
test-amd64-amd64-xl-qemut-winxpsp3 fail
test-amd64-i386-xl-qemut-winxpsp3 fail
test-amd64-amd64-xl-qemuu-winxpsp3 fail
test-amd64-i386-xl-qemuu-winxpsp3 fail
test-amd64-amd64-xl-winxpsp3 fail
test-amd64-i386-xl-winxpsp3 fail
------------------------------------------------------------
sg-report-flight on osstest.cam.xci-test.com
logs: /home/xc_osstest/logs
images: /home/xc_osstest/images
Logs, config files, etc. are available at
http://www.chiark.greenend.org.uk/~xensrcts/logs
Test harness code can be found at
http://xenbits.xensource.com/gitweb?p=osstest.git;a=summary
Not pushing.
------------------------------------------------------------
commit 779640a3f4f58633e8575a534838ec79b4982107
Author: Luiz Capitulino <lcapitulino@redhat.com>
Date: Thu Jun 19 10:13:43 2014 -0400
fpu: softfloat: drop INLINE macro
This commit expands all uses of the INLINE macro and drop it.
The reason for this is to avoid clashes with external libraries with
bad name conventions and also because renaming keywords is not a good
practice.
PS: I'm fine with this change to be licensed under softfloat-2a or
softfloat-2b.
Signed-off-by: Luiz Capitulino <lcapitulino@redhat.com>
commit d74195688298b0550f4515a4e502232ae8312a88
Author: Luiz Capitulino <lcapitulino@redhat.com>
Date: Thu Jun 19 10:19:32 2014 -0400
audio: fmopl: drop INLINE macro
This commit expands all uses of the INLINE macro and drop it.
The reason for this is to avoid clashes with external libraries with
bad name conventions and also because renaming keywords is not a good
practice.
Signed-off-by: Luiz Capitulino <lcapitulino@redhat.com>
^ permalink raw reply [flat|nested] only message in thread
only message in thread, other threads:[~2014-07-19 13:24 UTC | newest]
Thread overview: (only message) (download: mbox.gz follow: Atom feed
-- links below jump to the message on this page --
2014-07-19 13:24 [qemu-upstream-unstable test] 29394: regressions - FAIL xen.org
This is a public inbox, see mirroring instructions
for how to clone and mirror all data and code used for this inbox;
as well as URLs for NNTP newsgroup(s).